--
-- Host: localhost    Database: vinhostm_boxb374
-- ------------------------------------------------------


--
-- Table structure for table `activity_admin_history`
--

CREATE TABLE `activity_admin_history` (
  `id` bigint(20) NOT NULL AUTO_INCREMENT,
  `admin_id` bigint(20) DEFAULT NULL,
  `ip` varchar(45) DEFAULT NULL,
  `created_at` varchar(35) DEFAULT NULL,
  `updated_at` varchar(35) DEFAULT NULL,
  PRIMARY KEY (`id`),
  KEY `admin_id_idx` (`admin_id`)
) ENGINE=MyISAM AUTO_INCREMENT=7 DEFAULT CHARSET=utf8;

--
-- Dumping data for table `activity_admin_history`
--

INSERT INTO `activity_admin_history` (`id`, `admin_id`, `ip`, `created_at`, `updated_at`) VALUES (1,1,'114.79.12.106','2013-03-19T03:57:02-04:00','2013-03-19T03:57:02-04:00'),(2,1,'114.79.12.106','2013-03-19T03:57:02-04:00','2013-03-19T03:57:02-04:00'),(3,1,'114.79.13.71','2013-03-20T06:27:01-04:00','2013-03-20T06:27:01-04:00'),(4,1,'114.79.13.71','2013-03-20T06:27:02-04:00','2013-03-20T06:27:02-04:00'),(5,1,'114.79.13.71','2013-03-20T06:28:10-04:00','2013-03-20T06:28:10-04:00'),(6,1,'206.53.152.167','2013-03-20T14:26:55-04:00','2013-03-20T14:26:55-04:00');

--
-- Table structure for table `activity_client_email`
--

CREATE TABLE `activity_client_email` (
  `id` bigint(20) NOT NULL AUTO_INCREMENT,
  `client_id` bigint(20) DEFAULT NULL,
  `sender` varchar(255) DEFAULT NULL,
  `recipients` text,
  `subject` varchar(255) DEFAULT NULL,
  `content_html` text,
  `content_text` text,
  `created_at` varchar(35) DEFAULT NULL,
  `updated_at` varchar(35) DEFAULT NULL,
  PRIMARY KEY (`id`),
  KEY `client_id_idx` (`client_id`)
) ENGINE=MyISAM AUTO_INCREMENT=73 DEFAULT CHARSET=utf8;

--
-- Dumping data for table `activity_client_email`
--

INSERT INTO `activity_client_email` (`id`, `client_id`, `sender`, `recipients`, `subject`, `content_html`, `content_text`, `created_at`, `updated_at`) VALUES (1,1,'sales@vinhostmedia.com','support@vin-fm.com','[vinhostmedia] Welcome Vincent','\n<p>Hello Vincent ,</p>\n\n<p>Thank you for signing up with us. Your new account has been setup and you can now login to our client area using the details below.</p>\n\n<p>Email: support@vin-fm.com<br />\nPassword: vin123456</p>\n\n<p>To login, visit http://www.client.vinhostmedia.com/index.php/login?email=support@vin-fm.com<br />\nEdit your profile at http://www.client.vinhostmedia.com/index.php/me</p>\n\n<p>vinhost media solusi web hosting anda</p>\n\nPowered by BoxBilling. Client management, invoicing and support software. http://www.boxbilling.com/\n',NULL,'2013-03-19T04:30:17-04:00','2013-03-19T04:30:17-04:00'),(2,NULL,'sales@vinhostmedia.com','domain@client.vinhostmedia.com','[vinhostmedia] New Client Signed Up','\n<p>Hi vinhostmedia,</p>\n\n<p>*Vincent * has just signed up with vinhostmedia</p>\n\n<p>Manage client at http://www.client.vinhostmedia.com/bb-admin.php/client/manage/1</p>\n\n<p>vinhost media solusi web hosting anda</p>\n\nPowered by BoxBilling. Client management, invoicing and support software. http://www.boxbilling.com/\n',NULL,'2013-03-19T04:30:17-04:00','2013-03-19T04:30:17-04:00'),(3,1,'sales@vinhostmedia.com','support@vin-fm.com','[vinhostmedia] Invoice Created','\n<p>Hello Vincent ,</p>\n\n<p>This is to notify that proforma invoice 1 was generated on Tuesday, 19 March 2013.<br />\nAmount Due: IDR8,000.00\nDue Date: Sunday, 24 March 2013</p>\n\n<p>You can view and pay the invoice at: http://www.client.vinhostmedia.com/index.php/invoice/58421f0b4dbbf0d4146ba3de4dd89795242a8b81</p>\n\n<p>Login to members area: http://www.client.vinhostmedia.com/index.php/login?email=support@vin-fm.com</p>\n\n<p>vinhost media solusi web hosting anda</p>\n\nPowered by BoxBilling. Client management, invoicing and support software. http://www.boxbilling.com/\n',NULL,'2013-03-19T04:30:29-04:00','2013-03-19T04:30:29-04:00'),(4,NULL,'sales@vinhostmedia.com','domain@client.vinhostmedia.com','[vinhostmedia] New Order Placed','\n<p>Hi vinhostmedia,</p>\n\n<p>Client <strong>Vincent ** placed a new order for **VH-WEBHOST-100 for rs3fm.com</strong> on Tuesday, 19 March 2013</p>\n\n<p>Manage order http://www.client.vinhostmedia.com/bb-admin.php/order/manage/1</p>\n\n<p>vinhost media solusi web hosting anda</p>\n\nPowered by BoxBilling. Client management, invoicing and support software. http://www.boxbilling.com/\n',NULL,'2013-03-19T04:30:30-04:00','2013-03-19T04:30:30-04:00'),(5,1,'sales@vinhostmedia.com','support@vin-fm.com','[vinhostmedia] Invoice Created','\n<p>Hello Vincent ,</p>\n\n<p>This is to notify that proforma invoice 2 was generated on Tuesday, 19 March 2013.<br />\nAmount Due: IDR8,000.00\nDue Date: Sunday, 24 March 2013</p>\n\n<p>You can view and pay the invoice at: http://www.client.vinhostmedia.com/index.php/invoice/a73b5d0a18f7d3caf53a895648ffabe6a682c7f1</p>\n\n<p>Login to members area: http://www.client.vinhostmedia.com/index.php/login?email=support@vin-fm.com</p>\n\n<p>vinhost media solusi web hosting anda</p>\n\nPowered by BoxBilling. Client management, invoicing and support software. http://www.boxbilling.com/\n',NULL,'2013-03-19T04:31:09-04:00','2013-03-19T04:31:09-04:00'),(6,NULL,'sales@vinhostmedia.com','domain@client.vinhostmedia.com','[vinhostmedia] New Order Placed','\n<p>Hi vinhostmedia,</p>\n\n<p>Client <strong>Vincent ** placed a new order for **VH-WEBHOST-100 for ferdihostmedia.com</strong> on Tuesday, 19 March 2013</p>\n\n<p>Manage order http://www.client.vinhostmedia.com/bb-admin.php/order/manage/2</p>\n\n<p>vinhost media solusi web hosting anda</p>\n\nPowered by BoxBilling. Client management, invoicing and support software. http://www.boxbilling.com/\n',NULL,'2013-03-19T04:31:09-04:00','2013-03-19T04:31:09-04:00'),(7,1,'sales@vinhostmedia.com','support@vin-fm.com','[vinhostmedia] Payment Received','\n<p>Hello Vincent ,</p>\n\n<p>This is a payment receipt for Invoice BOX3 issued on \n2013-03-19</p>\n\n<p>Total Paid: IDR8,000.00</p>\n\n<p>You may review your invoice history at any time by logging in to your client area.\nNote: This email serves as an official receipt for this payment.</p>\n\n<p>Login to members area: http://www.client.vinhostmedia.com/index.php/login?email=support@vin-fm.com<br />\nView invoice: http://www.client.vinhostmedia.com/index.php/invoice/a73b5d0a18f7d3caf53a895648ffabe6a682c7f1</p>\n\n<p>vinhost media solusi web hosting anda</p>\n\nPowered by BoxBilling. Client management, invoicing and support software. http://www.boxbilling.com/\n',NULL,'2013-03-19T04:34:51-04:00','2013-03-19T04:34:51-04:00'),(8,2,'sales@vinhostmedia.com','support@vinradio.net','[vinhostmedia] Welcome Salimvincent','\n<p>Hello Salimvincent ,</p>\n\n<p>Thank you for signing up with us. Your new account has been setup and you can now login to our client area using the details below.</p>\n\n<p>Email: support@vinradio.net<br />\nPassword: vin123456</p>\n\n<p>To login, visit http://www.client.vinhostmedia.com/index.php/login?email=support@vinradio.net<br />\nEdit your profile at http://www.client.vinhostmedia.com/index.php/me</p>\n\n<p>vinhost media solusi web hosting anda</p>\n\nPowered by BoxBilling. Client management, invoicing and support software. http://www.boxbilling.com/\n',NULL,'2013-03-19T10:07:00-04:00','2013-03-19T10:07:00-04:00'),(9,NULL,'sales@vinhostmedia.com','domain@client.vinhostmedia.com','[vinhostmedia] New Client Signed Up','\n<p>Hi vinhostmedia,</p>\n\n<p>*Salimvincent * has just signed up with vinhostmedia</p>\n\n<p>Manage client at http://www.client.vinhostmedia.com/bb-admin.php/client/manage/2</p>\n\n<p>vinhost media solusi web hosting anda</p>\n\nPowered by BoxBilling. Client management, invoicing and support software. http://www.boxbilling.com/\n',NULL,'2013-03-19T10:07:00-04:00','2013-03-19T10:07:00-04:00'),(10,2,'sales@vinhostmedia.com','support@vinradio.net','[vinhostmedia] Invoice Created','\n<p>Hello Salimvincent ,</p>\n\n<p>This is to notify that proforma invoice 3 was generated on Tuesday, 19 March 2013.<br />\nAmount Due: IDR8,000.00\nDue Date: Sunday, 24 March 2013</p>\n\n<p>You can view and pay the invoice at: http://www.client.vinhostmedia.com/index.php/invoice/cf7330df8e896cc2e8bf1c91536a7cd976b924bd</p>\n\n<p>Login to members area: http://www.client.vinhostmedia.com/index.php/login?email=support@vinradio.net</p>\n\n<p>vinhost media solusi web hosting anda</p>\n\nPowered by BoxBilling. Client management, invoicing and support software. http://www.boxbilling.com/\n',NULL,'2013-03-19T10:07:05-04:00','2013-03-19T10:07:05-04:00'),(11,NULL,'sales@vinhostmedia.com','domain@client.vinhostmedia.com','[vinhostmedia] New Order Placed','\n<p>Hi vinhostmedia,</p>\n\n<p>Client <strong>Salimvincent ** placed a new order for **VH-WEBHOST-100 for vinradio.com</strong> on Tuesday, 19 March 2013</p>\n\n<p>Manage order http://www.client.vinhostmedia.com/bb-admin.php/order/manage/3</p>\n\n<p>vinhost media solusi web hosting anda</p>\n\nPowered by BoxBilling. Client management, invoicing and support software. http://www.boxbilling.com/\n',NULL,'2013-03-19T10:07:05-04:00','2013-03-19T10:07:05-04:00'),(12,3,'sales@vinhostmedia.com','domain@vinhostmedia.com','[vinhostmedia] Welcome Indra','\n<p>Hello Indra ,</p>\n\n<p>Thank you for signing up with us. Your new account has been setup and you can now login to our client area using the details below.</p>\n\n<p>Email: domain@vinhostmedia.com<br />\nPassword: vin123456</p>\n\n<p>To login, visit http://www.client.vinhostmedia.com/index.php/login?email=domain@vinhostmedia.com<br />\nEdit your profile at http://www.client.vinhostmedia.com/index.php/me</p>\n\n<p>vinhost media solusi web hosting anda</p>\n',NULL,'2013-03-20T04:58:39-04:00','2013-03-20T04:58:39-04:00'),(13,NULL,'sales@vinhostmedia.com','domain@client.vinhostmedia.com','[vinhostmedia] New Client Signed Up','\n<p>Hi vinhostmedia,</p>\n\n<p>*Indra * has just signed up with vinhostmedia</p>\n\n<p>Manage client at http://www.client.vinhostmedia.com/bb-admin.php/client/manage/3</p>\n\n<p>vinhost media solusi web hosting anda</p>\n',NULL,'2013-03-20T04:58:40-04:00','2013-03-20T04:58:40-04:00'),(14,3,'sales@vinhostmedia.com','domain@vinhostmedia.com','[vinhostmedia] Invoice Created','\n<p>Hello Indra ,</p>\n\n<p>This is to notify that proforma invoice 4 was generated on Wednesday, 20 March 2013.<br />\nAmount Due: IDR30,000.00\nDue Date: Monday, 25 March 2013</p>\n\n<p>You can view and pay the invoice at: http://www.client.vinhostmedia.com/index.php/invoice/8a93c794e9266bb396d31ad9167996c7aeed172a</p>\n\n<p>Login to members area: http://www.client.vinhostmedia.com/index.php/login?email=domain@vinhostmedia.com</p>\n\n<p>vinhost media solusi web hosting anda</p>\n',NULL,'2013-03-20T04:58:48-04:00','2013-03-20T04:58:48-04:00'),(15,NULL,'sales@vinhostmedia.com','domain@client.vinhostmedia.com','[vinhostmedia] New Order Placed','\n<p>Hi vinhostmedia,</p>\n\n<p>Client <strong>Indra ** placed a new order for **AUTO DJ 1</strong> on Wednesday, 20 March 2013</p>\n\n<p>Manage order http://www.client.vinhostmedia.com/bb-admin.php/order/manage/4</p>\n\n<p>vinhost media solusi web hosting anda</p>\n',NULL,'2013-03-20T04:58:49-04:00','2013-03-20T04:58:49-04:00'),(16,3,'sales@vinhostmedia.com','domain@vinhostmedia.com','[vinhostmedia] Invoice Created','\n<p>Hello Indra ,</p>\n\n<p>This is to notify that proforma invoice 5 was generated on Wednesday, 20 March 2013.<br />\nAmount Due: IDR30,000.00\nDue Date: Monday, 25 March 2013</p>\n\n<p>You can view and pay the invoice at: http://www.client.vinhostmedia.com/index.php/invoice/644fd444ff393e356cd9acb6da32c58698fbf3f6</p>\n\n<p>Login to members area: http://www.client.vinhostmedia.com/index.php/login?email=domain@vinhostmedia.com</p>\n\n<p>vinhost media solusi web hosting anda</p>\n',NULL,'2013-03-20T04:59:21-04:00','2013-03-20T04:59:21-04:00'),(17,NULL,'sales@vinhostmedia.com','domain@client.vinhostmedia.com','[vinhostmedia] New Order Placed','\n<p>Hi vinhostmedia,</p>\n\n<p>Client <strong>Indra ** placed a new order for **AUTO DJ 1</strong> on Wednesday, 20 March 2013</p>\n\n<p>Manage order http://www.client.vinhostmedia.com/bb-admin.php/order/manage/5</p>\n\n<p>vinhost media solusi web hosting anda</p>\n',NULL,'2013-03-20T04:59:22-04:00','2013-03-20T04:59:22-04:00'),(18,3,'sales@vinhostmedia.com','domain@vinhostmedia.com','[vinhostmedia] Payment Reminder','\n<p>Hello Indra ,</p>\n\n<p>This is to remind that your proforma invoice <strong>5</strong> is due \nin 4 days.</p>\n\n<p>Amount due: IDR30,000.00\nDue Date: Monday, 25 March 2013</p>\n\n<p>You can view and pay the invoice at: http://www.client.vinhostmedia.com/index.php/invoice/644fd444ff393e356cd9acb6da32c58698fbf3f6</p>\n\n<p>You may review your invoice history at any time by logging in to your client area.</p>\n\n<p>Login to members area: http://www.client.vinhostmedia.com/index.php/login?email=domain@vinhostmedia.com<br />\nView and manage invoices: http://www.client.vinhostmedia.com/index.php/invoice</p>\n\n<p>vinhost media solusi web hosting anda</p>\n',NULL,'2013-03-20T05:02:57-04:00','2013-03-20T05:02:57-04:00'),(19,3,'sales@vinhostmedia.com','domain@vinhostmedia.com','[vinhostmedia] Payment Received','\n<p>Hello Indra ,</p>\n\n<p>This is a payment receipt for Invoice 4 issued on \n2013-03-20</p>\n\n<p>Total Paid: IDR30,000.00</p>\n\n<p>You may review your invoice history at any time by logging in to your client area.\nNote: This email serves as an official receipt for this payment.</p>\n\n<p>Login to members area: http://www.client.vinhostmedia.com/index.php/login?email=domain@vinhostmedia.com<br />\nView invoice: http://www.client.vinhostmedia.com/index.php/invoice/644fd444ff393e356cd9acb6da32c58698fbf3f6</p>\n\n<p>vinhost media solusi web hosting anda</p>\n',NULL,'2013-03-20T05:03:17-04:00','2013-03-20T05:03:17-04:00'),(20,3,'sales@vinhostmedia.com','domain@vinhostmedia.com','[vinhostmedia] AUTO DJ 1 Activated','\n<p>Hello Indra ,</p>\n\n<p>Your <strong>AUTO DJ 1</strong> is now active.</p>\n\n<p>Login to members area: http://www.client.vinhostmedia.com/index.php/login?email=domain@vinhostmedia.com<br />\nManage order: http://www.client.vinhostmedia.com/index.php/service/manage/5</p>\n\n<p>vinhost media solusi web hosting anda</p>\n',NULL,'2013-03-20T05:03:18-04:00','2013-03-20T05:03:18-04:00'),(21,4,'sales@vinhostmedia.com','edydhj@yahoo.com.au','[vinhostmedia] Welcome Edy','\n<p>Hello Edy ,</p>\n\n<p>Thank you for signing up with us. Your new account has been setup and you can now login to our client area using the details below.</p>\n\n<p>Email: edydhj@yahoo.com.au<br />\nPassword: papapemamame2013</p>\n\n<p>To login, visit http://www.client.vinhostmedia.com/index.php/login?email=edydhj@yahoo.com.au<br />\nEdit your profile at http://www.client.vinhostmedia.com/index.php/me</p>\n\n<p>vinhost media solusi web hosting anda</p>\n',NULL,'2013-03-20T06:00:56-04:00','2013-03-20T06:00:56-04:00'),(22,NULL,'sales@vinhostmedia.com','domain@client.vinhostmedia.com','[vinhostmedia] New Client Signed Up','\n<p>Hi vinhostmedia,</p>\n\n<p>*Edy * has just signed up with vinhostmedia</p>\n\n<p>Manage client at http://www.client.vinhostmedia.com/bb-admin.php/client/manage/4</p>\n\n<p>vinhost media solusi web hosting anda</p>\n',NULL,'2013-03-20T06:00:57-04:00','2013-03-20T06:00:57-04:00'),(23,4,'sales@vinhostmedia.com','edydhj@yahoo.com.au','[vinhostmedia] Invoice Created','\n<p>Hello Edy ,</p>\n\n<p>This is to notify that proforma invoice 6 was generated on Wednesday, 20 March 2013.<br />\nAmount Due: IDR450,000.00\nDue Date: Monday, 25 March 2013</p>\n\n<p>You can view and pay the invoice at: http://www.client.vinhostmedia.com/index.php/invoice/11cecac2a3e11cf62f37100dad3670bfa03c716c</p>\n\n<p>Login to members area: http://www.client.vinhostmedia.com/index.php/login?email=edydhj@yahoo.com.au</p>\n\n<p>vinhost media solusi web hosting anda</p>\n',NULL,'2013-03-20T07:46:01-04:00','2013-03-20T07:46:01-04:00'),(24,NULL,'sales@vinhostmedia.com','domain@client.vinhostmedia.com','[vinhostmedia] New Order Placed','\n<p>Hi vinhostmedia,</p>\n\n<p>Client <strong>Edy ** placed a new order for **paket 1</strong> on Wednesday, 20 March 2013</p>\n\n<p>Manage order http://www.client.vinhostmedia.com/bb-admin.php/order/manage/6</p>\n\n<p>vinhost media solusi web hosting anda</p>\n',NULL,'2013-03-20T07:46:02-04:00','2013-03-20T07:46:02-04:00'),(25,4,'sales@vinhostmedia.com','edydhj@yahoo.com.au','[vinhostmedia] Invoice Created','\n<p>Hello Edy ,</p>\n\n<p>This is to notify that proforma invoice 7 was generated on Wednesday, 20 March 2013.<br />\nAmount Due: IDR450,000.00\nDue Date: Monday, 25 March 2013</p>\n\n<p>You can view and pay the invoice at: http://www.client.vinhostmedia.com/index.php/invoice/1dfa52ffea57fb5cd2cb2df30ee6881230ced3f5</p>\n\n<p>Login to members area: http://www.client.vinhostmedia.com/index.php/login?email=edydhj@yahoo.com.au</p>\n\n<p>vinhost media solusi web hosting anda</p>\n',NULL,'2013-03-20T07:48:17-04:00','2013-03-20T07:48:17-04:00'),(26,NULL,'sales@vinhostmedia.com','domain@client.vinhostmedia.com','[vinhostmedia] New Order Placed','\n<p>Hi vinhostmedia,</p>\n\n<p>Client <strong>Edy ** placed a new order for **paket 1</strong> on Wednesday, 20 March 2013</p>\n\n<p>Manage order http://www.client.vinhostmedia.com/bb-admin.php/order/manage/7</p>\n\n<p>vinhost media solusi web hosting anda</p>\n',NULL,'2013-03-20T07:48:18-04:00','2013-03-20T07:48:18-04:00'),(27,3,'sales@vinhostmedia.com','domain@vinhostmedia.com','[vinhostmedia] Invoice Created','\n<p>Hello Indra ,</p>\n\n<p>This is to notify that proforma invoice 8 was generated on Wednesday, 20 March 2013.<br />\nAmount Due: IDR8,000.00\nDue Date: Monday, 25 March 2013</p>\n\n<p>You can view and pay the invoice at: http://www.client.vinhostmedia.com/index.php/invoice/381d2a635d0f93cb7207cda01dd8726c4afe0c28</p>\n\n<p>Login to members area: http://www.client.vinhostmedia.com/index.php/login?email=domain@vinhostmedia.com</p>\n\n<p>vinhost media solusi web hosting anda</p>\n',NULL,'2013-03-20T11:52:32-04:00','2013-03-20T11:52:32-04:00'),(28,NULL,'sales@vinhostmedia.com','domain@client.vinhostmedia.com','[vinhostmedia] New Order Placed','\n<p>Hi vinhostmedia,</p>\n\n<p>Client <strong>Indra ** placed a new order for **VH-WEBHOST-100 for indonetid.com</strong> on Wednesday, 20 March 2013</p>\n\n<p>Manage order http://www.client.vinhostmedia.com/bb-admin.php/order/manage/8</p>\n\n<p>vinhost media solusi web hosting anda</p>\n',NULL,'2013-03-20T11:52:32-04:00','2013-03-20T11:52:32-04:00'),(29,3,'sales@vinhostmedia.com','domain@vinhostmedia.com','[vinhostmedia] Payment Received','\n<p>Hello Indra ,</p>\n\n<p>This is a payment receipt for Invoice 6 issued on \n2013-03-20</p>\n\n<p>Total Paid: IDR8,000.00</p>\n\n<p>You may review your invoice history at any time by logging in to your client area.\nNote: This email serves as an official receipt for this payment.</p>\n\n<p>Login to members area: http://www.client.vinhostmedia.com/index.php/login?email=domain@vinhostmedia.com<br />\nView invoice: http://www.client.vinhostmedia.com/index.php/invoice/381d2a635d0f93cb7207cda01dd8726c4afe0c28</p>\n\n<p>vinhost media solusi web hosting anda</p>\n',NULL,'2013-03-20T11:52:53-04:00','2013-03-20T11:52:53-04:00'),(30,3,'sales@vinhostmedia.com','domain@vinhostmedia.com','[vinhostmedia] VH-WEBHOST-100 for indonetid.com Activated','\n<p>Hello Indra ,</p>\n\n<p>Thank you for ordering with us! Your hosting account has now been set up. This email contains all the information you will need in order to begin using your service.</p>\n\n<p>If you have requested a domain name during the signup, please keep in mind that \nyour domain name will not be visible  on the internet instantly. \nThis process is called propagation and can take up to 48 hours. \nYour website and email will not function until your domain has propagated.</p>\n\n<p><strong>VH-WEBHOST-100 for indonetid.com</strong></p>\n\n<p>Activated: Wednesday, 20 March 2013<br />\nExpires: Saturday, 20 April 2013<br />\nBilling period:</p>\n\n<p>IDR8,000.00\nEvery month</p>\n\n<p><strong>New Account Information</strong></p>\n\n<p>Hosting Package: VH-WEBHOST-100<br />\nDomain: indonetid.com<br />\nIP Address: 117.103.67.22</p>\n\n<p><strong>Control Panel Login Details</strong></p>\n\n<p>Username: u2706598<br />\nPassword: bwrxx7#Ilg<br />\nControl Panel URL: http://www.google.com?q=cpanel</p>\n\n<p><strong>Server Information</strong></p>\n\n<p>Server Name: iix host<br />\nServer IP: 117.103.67.22</p>\n\n<p>If you are using an existing domain with your new hosting account, you  will \nneed to update the domain settings to point it to the nameservers listed below.</p>\n\n<p>Nameserver 1: id1.vinhostmedia.com<br />\nNameserver 2: id2.vinhostmedia.com</p>\n\n<p><strong>Uploading Your Website</strong></p>\n\n<p>You may use one of the addresses given below to manage your web site:</p>\n\n<p>Temporary FTP Hostname: 117.103.67.22<br />\nFull FTP Hostname: indonetid.com<br />\nFTP Username: u2706598<br />\nFTP Password: bwrxx7#Ilg</p>\n\n<p>You must upload files to the <strong>public_html</strong> folder!\nThank you for choosing us.</p>\n\n<p>Login to members area: http://www.client.vinhostmedia.com/index.php/login?email=domain@vinhostmedia.com<br />\nManage order: http://www.client.vinhostmedia.com/index.php/service/manage/8</p>\n\n<p>vinhost media solusi web hosting anda</p>\n',NULL,'2013-03-20T12:03:03-04:00','2013-03-20T12:03:03-04:00'),(31,1,'sales@vinhostmedia.com','support@vin-fm.com','[vinhostmedia] VH-WEBHOST-100 for ferdihostmedia.com Activated','\n<p>Hello Vincent ,</p>\n\n<p>Thank you for ordering with us! Your hosting account has now been set up. This email contains all the information you will need in order to begin using your service.</p>\n\n<p>If you have requested a domain name during the signup, please keep in mind that \nyour domain name will not be visible  on the internet instantly. \nThis process is called propagation and can take up to 48 hours. \nYour website and email will not function until your domain has propagated.</p>\n\n<p><strong>VH-WEBHOST-100 for ferdihostmedia.com</strong></p>\n\n<p>Activated: Wednesday, 20 March 2013<br />\nExpires: Saturday, 20 April 2013<br />\nBilling period:</p>\n\n<p>IDR8,000.00\nEvery month</p>\n\n<p><strong>New Account Information</strong></p>\n\n<p>Hosting Package: VH-WEBHOST-100<br />\nDomain: ferdihostmedia.com<br />\nIP Address: 117.103.67.22</p>\n\n<p><strong>Control Panel Login Details</strong></p>\n\n<p>Username: u5850454<br />\nPassword: b96J-4&amp;@4$<br />\nControl Panel URL: http://vinhostmedia.com/cpanel</p>\n\n<p><strong>Server Information</strong></p>\n\n<p>Server Name: iix host<br />\nServer IP: 117.103.67.22</p>\n\n<p>If you are using an existing domain with your new hosting account, you  will \nneed to update the domain settings to point it to the nameservers listed below.</p>\n\n<p>Nameserver 1: id1.vinhostmedia.com<br />\nNameserver 2: id2.vinhostmedia.com</p>\n\n<p><strong>Uploading Your Website</strong></p>\n\n<p>You may use one of the addresses given below to manage your web site:</p>\n\n<p>Temporary FTP Hostname: 117.103.67.22<br />\nFull FTP Hostname: ferdihostmedia.com<br />\nFTP Username: u5850454<br />\nFTP Password: b96J-4&amp;@4$</p>\n\n<p>You must upload files to the <strong>public_html</strong> folder!\nThank you for choosing us.</p>\n\n<p>Login to members area: http://www.client.vinhostmedia.com/index.php/login?email=support@vin-fm.com<br />\nManage order: http://www.client.vinhostmedia.com/index.php/service/manage/2</p>\n\n<p>vinhost media solusi web hosting anda</p>\n',NULL,'2013-03-20T12:30:12-04:00','2013-03-20T12:30:12-04:00'),(32,NULL,'sales@vinhostmedia.com','domain@client.vinhostmedia.com','[vinhostmedia] I would like to cancel VH-WEBHOST-100 for ferdihostmedia.com','\n<p>Hi vinhostmedia,</p>\n\n<p>**Vincent ** opened a new support ticket #1</p>\n\n<hr />\n\n<p>iwan canceld</p>\n\n<hr />\n\n<p>Ticket ID: #1<br />\nDepartment: General<br />\nStatus: Open</p>\n\n<p>Reply at http://www.client.vinhostmedia.com/bb-admin.php/support/ticket/1</p>\n\n<p>vinhost media solusi web hosting anda</p>\n',NULL,'2013-03-20T12:38:09-04:00','2013-03-20T12:38:09-04:00'),(33,1,'sales@vinhostmedia.com','support@vin-fm.com','[vinhostmedia] I would like to cancel VH-WEBHOST-100 for ferdihostmedia.com','\n<p>Hi Vincent ,</p>\n\n<p>Thank you for contacting our support team. \nA support ticket has now been opened for your request. You will be notified when \na response is made by email. The details of your ticket are shown below.</p>\n\n<p>Ticket ID: #1<br />\nDepartment: General<br />\nStatus: Open</p>\n\n<p>Login to members area: http://www.client.vinhostmedia.com/index.php/login?email=support@vin-fm.com<br />\nReply Ticket at: http://www.client.vinhostmedia.com/index.php/support/ticket/1</p>\n\n<p>Please do not reply to this email directly.</p>\n\n<p>vinhost media solusi web hosting anda</p>\n',NULL,'2013-03-20T12:38:09-04:00','2013-03-20T12:38:09-04:00'),(34,1,'sales@vinhostmedia.com','support@vin-fm.com','[vinhostmedia] VH-WEBHOST-100 for ferdihostmedia.com Canceled','\n<p>Hello Vincent ,</p>\n\n<p>Your <em>VH-WEBHOST-100 for ferdihostmedia.com</em> that was issued on <em>Wednesday, 20 March 2013</em> is now canceled. \n Reason:</p>\n\n<p><strong>request</strong></p>\n\n<p>If you have any questions regarding this message please login to the members area and submit a support ticket.</p>\n\n<p>Login to members area: http://www.client.vinhostmedia.com/index.php/login?email=support@vin-fm.com<br />\nSubmit support ticket: http://www.client.vinhostmedia.com/index.php/support?ticket=1</p>\n\n<p>vinhost media solusi web hosting anda</p>\n',NULL,'2013-03-20T12:39:55-04:00','2013-03-20T12:39:55-04:00'),(35,1,'sales@vinhostmedia.com','support@vin-fm.com','[vinhostmedia] I would like to cancel VH-WEBHOST-100 for ferdihostmedia.com','\n<p>Hi Vincent ,</p>\n\n<p>This a notification message to inform you that ticket <strong>I would like to cancel VH-WEBHOST-100 for ferdihostmedia.com</strong>\nis now closed.</p>\n\n<p>Ticket ID: #1<br />\nDepartment: General<br />\nStatus: Closed</p>\n\n<p>Login to members area: http://www.client.vinhostmedia.com/index.php/login?email=support@vin-fm.com<br />\nReply Ticket at: http://www.client.vinhostmedia.com/index.php/support/ticket/1</p>\n\n<p>Please do not reply to this email directly. Use the link provided above.</p>\n\n<p>vinhost media solusi web hosting anda</p>\n',NULL,'2013-03-20T12:40:53-04:00','2013-03-20T12:40:53-04:00'),(36,5,'sales@vinhostmedia.com','support@vinhostmedia.com','[vinhostmedia] Welcome Salim','\n<p>Hello Salim ,</p>\n\n<p>Thank you for signing up with us. Your new account has been setup and you can now login to our client area using the details below.</p>\n\n<p>Email: support@vinhostmedia.com<br />\nPassword: vin123456</p>\n\n<p>To login, visit http://www.client.vinhostmedia.com/index.php/login?email=support@vinhostmedia.com<br />\nEdit your profile at http://www.client.vinhostmedia.com/index.php/me</p>\n\n<p>vinhost media solusi web hosting anda</p>\n',NULL,'2013-03-20T13:15:17-04:00','2013-03-20T13:15:17-04:00'),(37,NULL,'sales@vinhostmedia.com','domain@client.vinhostmedia.com','[vinhostmedia] New Client Signed Up','\n<p>Hi vinhostmedia,</p>\n\n<p>*Salim * has just signed up with vinhostmedia</p>\n\n<p>Manage client at http://www.client.vinhostmedia.com/bb-admin.php/client/manage/5</p>\n\n<p>vinhost media solusi web hosting anda</p>\n',NULL,'2013-03-20T13:15:17-04:00','2013-03-20T13:15:17-04:00'),(38,6,'sales@vinhostmedia.com','yan_chriestiano@rocketmail.com','[vinhostmedia] Welcome Yanchriestiano','\n<p>Hello Yanchriestiano ,</p>\n\n<p>Thank you for signing up with us. Your new account has been setup and you can now login to our client area using the details below.</p>\n\n<p>Email: yan_chriestiano@rocketmail.com<br />\nPassword: ssempurna86</p>\n\n<p>To login, visit http://www.client.vinhostmedia.com/index.php/login?email=yan_chriestiano@rocketmail.com<br />\nEdit your profile at http://www.client.vinhostmedia.com/index.php/me</p>\n\n<p>vinhost media solusi web hosting anda</p>\n',NULL,'2013-03-20T13:40:09-04:00','2013-03-20T13:40:09-04:00'),(39,NULL,'sales@vinhostmedia.com','domain@client.vinhostmedia.com','[vinhostmedia] New Client Signed Up','\n<p>Hi vinhostmedia,</p>\n\n<p>*Yanchriestiano * has just signed up with vinhostmedia</p>\n\n<p>Manage client at http://www.client.vinhostmedia.com/bb-admin.php/client/manage/6</p>\n\n<p>vinhost media solusi web hosting anda</p>\n',NULL,'2013-03-20T13:40:09-04:00','2013-03-20T13:40:09-04:00'),(40,6,'sales@vinhostmedia.com','yan_chriestiano@rocketmail.com','[vinhostmedia] Payment Received','\n<p>Hello Yanchriestiano ,</p>\n\n<p>This is a payment receipt for Invoice 7 issued on \n2013-03-20</p>\n\n<p>Total Paid: IDR10,000.00</p>\n\n<p>You may review your invoice history at any time by logging in to your client area.\nNote: This email serves as an official receipt for this payment.</p>\n\n<p>Login to members area: http://www.client.vinhostmedia.com/index.php/login?email=yan_chriestiano@rocketmail.com<br />\nView invoice: http://www.client.vinhostmedia.com/index.php/invoice/8116aec4b5faf9844d25b762c7d351128dd94a1a</p>\n\n<p>vinhost media solusi web hosting anda</p>\n',NULL,'2013-03-20T13:47:02-04:00','2013-03-20T13:47:02-04:00'),(41,6,'sales@vinhostmedia.com','yan_chriestiano@rocketmail.com','[vinhostmedia] Invoice Created','\n<p>Hello Yanchriestiano ,</p>\n\n<p>This is to notify that proforma invoice 9 was generated on Wednesday, 20 March 2013.<br />\nAmount Due: IDR10,000.00\nDue Date: Monday, 25 March 2013</p>\n\n<p>You can view and pay the invoice at: http://www.client.vinhostmedia.com/index.php/invoice/8116aec4b5faf9844d25b762c7d351128dd94a1a</p>\n\n<p>Login to members area: http://www.client.vinhostmedia.com/index.php/login?email=yan_chriestiano@rocketmail.com</p>\n\n<p>vinhost media solusi web hosting anda</p>\n',NULL,'2013-03-20T13:47:02-04:00','2013-03-20T13:47:02-04:00'),(42,6,'sales@vinhostmedia.com','yan_chriestiano@rocketmail.com','[vinhostmedia] RADIO US 25 Activated','\n<p>Hello Yanchriestiano ,</p>\n\n<p>Your <strong>RADIO US 25</strong> is now active.</p>\n\n<p>Login to members area: http://www.client.vinhostmedia.com/index.php/login?email=yan_chriestiano@rocketmail.com<br />\nManage order: http://www.client.vinhostmedia.com/index.php/service/manage/9</p>\n\n<p>vinhost media solusi web hosting anda</p>\n',NULL,'2013-03-20T13:47:03-04:00','2013-03-20T13:47:03-04:00'),(43,NULL,'sales@vinhostmedia.com','domain@client.vinhostmedia.com','[vinhostmedia] New Order Placed','\n<p>Hi vinhostmedia,</p>\n\n<p>Client <strong>Yanchriestiano ** placed a new order for **RADIO US 25</strong> on Wednesday, 20 March 2013</p>\n\n<p>Manage order http://www.client.vinhostmedia.com/bb-admin.php/order/manage/9</p>\n\n<p>vinhost media solusi web hosting anda</p>\n',NULL,'2013-03-20T13:47:03-04:00','2013-03-20T13:47:03-04:00'),(44,4,'sales@vinhostmedia.com','edydhj@yahoo.com.au','[vinhostmedia] Payment Reminder','\n<p>Hello Edy ,</p>\n\n<p>This is to remind that your proforma invoice <strong>7</strong> is due \nin 4 days.</p>\n\n<p>Amount due: IDR450,000.00\nDue Date: Monday, 25 March 2013</p>\n\n<p>You can view and pay the invoice at: http://www.client.vinhostmedia.com/index.php/invoice/1dfa52ffea57fb5cd2cb2df30ee6881230ced3f5</p>\n\n<p>You may review your invoice history at any time by logging in to your client area.</p>\n\n<p>Login to members area: http://www.client.vinhostmedia.com/index.php/login?email=edydhj@yahoo.com.au<br />\nView and manage invoices: http://www.client.vinhostmedia.com/index.php/invoice</p>\n\n<p>vinhost media solusi web hosting anda</p>\n',NULL,'2013-03-20T22:46:27-04:00','2013-03-20T22:46:27-04:00'),(45,1,'sales@vinhostmedia.com','support@vin-fm.com','[vinhostmedia] Invoice Created','\n<p>Hello Vincent ,</p>\n\n<p>This is to notify that proforma invoice 10 was generated on Thursday, 21 March 2013.<br />\nAmount Due: IDR8,000.00\nDue Date: Tuesday, 26 March 2013</p>\n\n<p>You can view and pay the invoice at: http://www.client.vinhostmedia.com/index.php/invoice/93e4be2998dff2f502cc7a1dcd3e8cc2efe3c49f</p>\n\n<p>Login to members area: http://www.client.vinhostmedia.com/index.php/login?email=support@vin-fm.com</p>\n\n<p>vinhost media solusi web hosting anda</p>\n',NULL,'2013-03-21T00:26:07-04:00','2013-03-21T00:26:07-04:00'),(46,1,'sales@vinhostmedia.com','support@vin-fm.com','[vinhostmedia] Payment Received','\n<p>Hello Vincent ,</p>\n\n<p>This is a payment receipt for Invoice 8 issued on \n2013-03-21</p>\n\n<p>Total Paid: IDR8,000.00</p>\n\n<p>You may review your invoice history at any time by logging in to your client area.\nNote: This email serves as an official receipt for this payment.</p>\n\n<p>Login to members area: http://www.client.vinhostmedia.com/index.php/login?email=support@vin-fm.com<br />\nView invoice: http://www.client.vinhostmedia.com/index.php/invoice/93e4be2998dff2f502cc7a1dcd3e8cc2efe3c49f</p>\n\n<p>vinhost media solusi web hosting anda</p>\n',NULL,'2013-03-21T00:26:07-04:00','2013-03-21T00:26:07-04:00'),(47,NULL,'sales@vinhostmedia.com','domain@client.vinhostmedia.com','[vinhostmedia] New Order Placed','\n<p>Hi vinhostmedia,</p>\n\n<p>Client <strong>Vincent ** placed a new order for **VH-WEBHOST-100 for indovinmedia.com</strong> on Thursday, 21 March 2013</p>\n\n<p>Manage order http://www.client.vinhostmedia.com/bb-admin.php/order/manage/10</p>\n\n<p>vinhost media solusi web hosting anda</p>\n',NULL,'2013-03-21T00:26:08-04:00','2013-03-21T00:26:08-04:00'),(48,1,'sales@vinhostmedia.com','support@vin-fm.com','[vinhostmedia] VH-WEBHOST-100 for indovinmedia.com Activated','\n<p>Hello Vincent ,</p>\n\n<p>Thank you for ordering with us! Your hosting account has now been set up. This email contains all the information you will need in order to begin using your service.</p>\n\n<p>If you have requested a domain name during the signup, please keep in mind that \nyour domain name will not be visible  on the internet instantly. \nThis process is called propagation and can take up to 48 hours. \nYour website and email will not function until your domain has propagated.</p>\n\n<p><strong>VH-WEBHOST-100 for indovinmedia.com</strong></p>\n\n<p>Activated: Thursday, 21 March 2013<br />\nExpires: Sunday, 21 April 2013<br />\nBilling period:</p>\n\n<p>IDR8,000.00\nEvery month</p>\n\n<p><strong>New Account Information</strong></p>\n\n<p>Hosting Package: VH-WEBHOST-100<br />\nDomain: indovinmedia.com<br />\nIP Address: 117.103.67.22</p>\n\n<p><strong>Control Panel Login Details</strong></p>\n\n<p>Username: u8469569<br />\nPassword: _i3iouCwXx<br />\nControl Panel URL: http://vinhostmedia.com/cpanel</p>\n\n<p><strong>Server Information</strong></p>\n\n<p>Server Name: iix host<br />\nServer IP: 117.103.67.22</p>\n\n<p>If you are using an existing domain with your new hosting account, you  will \nneed to update the domain settings to point it to the nameservers listed below.</p>\n\n<p>Nameserver 1: id1.vinhostmedia.com<br />\nNameserver 2: id2.vinhostmedia.com</p>\n\n<p><strong>Uploading Your Website</strong></p>\n\n<p>You may use one of the addresses given below to manage your web site:</p>\n\n<p>Temporary FTP Hostname: 117.103.67.22<br />\nFull FTP Hostname: indovinmedia.com<br />\nFTP Username: u8469569<br />\nFTP Password: _i3iouCwXx</p>\n\n<p>You must upload files to the <strong>public_html</strong> folder!\nThank you for choosing us.</p>\n\n<p>Login to members area: http://www.client.vinhostmedia.com/index.php/login?email=support@vin-fm.com<br />\nManage order: http://www.client.vinhostmedia.com/index.php/service/manage/10</p>\n\n<p>vinhost media solusi web hosting anda</p>\n',NULL,'2013-03-21T00:27:58-04:00','2013-03-21T00:27:58-04:00'),(49,3,'sales@vinhostmedia.com','domain@vinhostmedia.com','[vinhostmedia] AUTO DJ 1 Activated','\n<p>Hello Indra ,</p>\n\n<p>Your <strong>AUTO DJ 1</strong> is now active.</p>\n\n<p>Login to members area: http://www.client.vinhostmedia.com/index.php/login?email=domain@vinhostmedia.com<br />\nManage order: http://www.client.vinhostmedia.com/index.php/service/manage/4</p>\n\n<p>vinhost media solusi web hosting anda</p>\n',NULL,'2013-03-21T02:01:05-04:00','2013-03-21T02:01:05-04:00'),(50,4,'sales@vinhostmedia.com','edydhj@yahoo.com.au','[vinhostmedia] Invoice Created','\n<p>Hello Edy ,</p>\n\n<p>This is to notify that proforma invoice 11 was generated on Thursday, 21 March 2013.<br />\nAmount Due: IDR80,000.00\nDue Date: Tuesday, 26 March 2013</p>\n\n<p>You can view and pay the invoice at: http://www.client.vinhostmedia.com/index.php/invoice/72e5380262c58a217102089fac63c65418b36a5b</p>\n\n<p>Login to members area: http://www.client.vinhostmedia.com/index.php/login?email=edydhj@yahoo.com.au</p>\n\n<p>vinhost media solusi web hosting anda</p>\n',NULL,'2013-03-21T02:49:38-04:00','2013-03-21T02:49:38-04:00'),(51,4,'sales@vinhostmedia.com','edydhj@yahoo.com.au','[vinhostmedia] Payment Received','\n<p>Hello Edy ,</p>\n\n<p>This is a payment receipt for Invoice 9 issued on \n2013-03-21</p>\n\n<p>Total Paid: IDR80,000.00</p>\n\n<p>You may review your invoice history at any time by logging in to your client area.\nNote: This email serves as an official receipt for this payment.</p>\n\n<p>Login to members area: http://www.client.vinhostmedia.com/index.php/login?email=edydhj@yahoo.com.au<br />\nView invoice: http://www.client.vinhostmedia.com/index.php/invoice/72e5380262c58a217102089fac63c65418b36a5b</p>\n\n<p>vinhost media solusi web hosting anda</p>\n',NULL,'2013-03-21T02:49:39-04:00','2013-03-21T02:49:39-04:00'),(52,NULL,'sales@vinhostmedia.com','domain@client.vinhostmedia.com','[vinhostmedia] New Order Placed','\n<p>Hi vinhostmedia,</p>\n\n<p>Client <strong>Edy ** placed a new order for **VH-WEBHOST-100 for pasandafm.com</strong> on Thursday, 21 March 2013</p>\n\n<p>Manage order http://www.client.vinhostmedia.com/bb-admin.php/order/manage/11</p>\n\n<p>vinhost media solusi web hosting anda</p>\n',NULL,'2013-03-21T02:49:39-04:00','2013-03-21T02:49:39-04:00'),(53,4,'sales@vinhostmedia.com','edydhj@yahoo.com.au','[vinhostmedia] VH-WEBHOST-100 for pasandafm.com Activated','\n<p>Hello Edy ,</p>\n\n<p>Thank you for ordering with us! Your hosting account has now been set up. This email contains all the information you will need in order to begin using your service.</p>\n\n<p>If you have requested a domain name during the signup, please keep in mind that \nyour domain name will not be visible  on the internet instantly. \nThis process is called propagation and can take up to 48 hours. \nYour website and email will not function until your domain has propagated.</p>\n\n<p><strong>VH-WEBHOST-100 for pasandafm.com</strong></p>\n\n<p>Activated: Thursday, 21 March 2013<br />\nExpires: Friday, 21 March 2014<br />\nBilling period:</p>\n\n<p>IDR80,000.00\nEvery year</p>\n\n<p><strong>New Account Information</strong></p>\n\n<p>Hosting Package: VH-WEBHOST-100<br />\nDomain: pasandafm.com<br />\nIP Address: 117.103.67.22</p>\n\n<p><strong>Control Panel Login Details</strong></p>\n\n<p>Username: u2212604<br />\nPassword: ZbR2!Tp2Js<br />\nControl Panel URL: http://vinhostmedia.com/cpanel</p>\n\n<p><strong>Server Information</strong></p>\n\n<p>Server Name: iix host<br />\nServer IP: 117.103.67.22</p>\n\n<p>If you are using an existing domain with your new hosting account, you  will \nneed to update the domain settings to point it to the nameservers listed below.</p>\n\n<p>Nameserver 1: id1.vinhostmedia.com<br />\nNameserver 2: id2.vinhostmedia.com</p>\n\n<p><strong>Uploading Your Website</strong></p>\n\n<p>You may use one of the addresses given below to manage your web site:</p>\n\n<p>Temporary FTP Hostname: 117.103.67.22<br />\nFull FTP Hostname: pasandafm.com<br />\nFTP Username: u2212604<br />\nFTP Password: ZbR2!Tp2Js</p>\n\n<p>You must upload files to the <strong>public_html</strong> folder!\nThank you for choosing us.</p>\n\n<p>Login to members area: http://www.client.vinhostmedia.com/index.php/login?email=edydhj@yahoo.com.au<br />\nManage order: http://www.client.vinhostmedia.com/index.php/service/manage/11</p>\n\n<p>vinhost media solusi web hosting anda</p>\n',NULL,'2013-03-21T02:52:12-04:00','2013-03-21T02:52:12-04:00'),(54,4,'sales@vinhostmedia.com','edydhj@yahoo.com.au','[vinhostmedia] Invoice Created','\n<p>Hello Edy ,</p>\n\n<p>This is to notify that proforma invoice 12 was generated on Thursday, 21 March 2013.<br />\nAmount Due: IDR300,000.00\nDue Date: Tuesday, 26 March 2013</p>\n\n<p>You can view and pay the invoice at: http://www.client.vinhostmedia.com/index.php/invoice/d340a710692059ccb5b78ec2ca6751c59aa98b25</p>\n\n<p>Login to members area: http://www.client.vinhostmedia.com/index.php/login?email=edydhj@yahoo.com.au</p>\n\n<p>vinhost media solusi web hosting anda</p>\n',NULL,'2013-03-21T04:08:45-04:00','2013-03-21T04:08:45-04:00'),(55,NULL,'sales@vinhostmedia.com','domain@client.vinhostmedia.com','[vinhostmedia] New Order Placed','\n<p>Hi vinhostmedia,</p>\n\n<p>Client <strong>Edy ** placed a new order for **RADIO US 150</strong> on Thursday, 21 March 2013</p>\n\n<p>Manage order http://www.client.vinhostmedia.com/bb-admin.php/order/manage/12</p>\n\n<p>vinhost media solusi web hosting anda</p>\n',NULL,'2013-03-21T04:08:45-04:00','2013-03-21T04:08:45-04:00'),(56,4,'sales@vinhostmedia.com','edydhj@yahoo.com.au','[vinhostmedia] Payment Received','\n<p>Hello Edy ,</p>\n\n<p>This is a payment receipt for Invoice 10 issued on \n2013-03-21</p>\n\n<p>Total Paid: IDR300,000.00</p>\n\n<p>You may review your invoice history at any time by logging in to your client area.\nNote: This email serves as an official receipt for this payment.</p>\n\n<p>Login to members area: http://www.client.vinhostmedia.com/index.php/login?email=edydhj@yahoo.com.au<br />\nView invoice: http://www.client.vinhostmedia.com/index.php/invoice/d340a710692059ccb5b78ec2ca6751c59aa98b25</p>\n\n<p>vinhost media solusi web hosting anda</p>\n',NULL,'2013-03-21T04:09:23-04:00','2013-03-21T04:09:23-04:00'),(57,4,'sales@vinhostmedia.com','edydhj@yahoo.com.au','[vinhostmedia] RADIO US 150 Activated','\n<p>Hello Edy ,</p>\n\n<p>Your <strong>RADIO US 150</strong> is now active.</p>\n\n<p>Login to members area: http://www.client.vinhostmedia.com/index.php/login?email=edydhj@yahoo.com.au<br />\nManage order: http://www.client.vinhostmedia.com/index.php/service/manage/12</p>\n\n<p>vinhost media solusi web hosting anda</p>\n',NULL,'2013-03-21T04:09:23-04:00','2013-03-21T04:09:23-04:00'),(58,7,'sales@vinhostmedia.com','radionasyid@yahoo.com','[vinhostmedia] Welcome Ahmad','\n<p>Hello Ahmad ,</p>\n\n<p>Thank you for signing up with us. Your new account has been setup and you can now login to our client area using the details below.</p>\n\n<p>Email: radionasyid@yahoo.com<br />\nPassword: masAhmad1</p>\n\n<p>To login, visit http://www.client.vinhostmedia.com/index.php/login?email=radionasyid@yahoo.com<br />\nEdit your profile at http://www.client.vinhostmedia.com/index.php/me</p>\n\n<p>vinhost media solusi web hosting anda</p>\n',NULL,'2013-03-21T12:14:30-04:00','2013-03-21T12:14:30-04:00'),(59,NULL,'sales@vinhostmedia.com','domain@client.vinhostmedia.com','[vinhostmedia] New Client Signed Up','\n<p>Hi vinhostmedia,</p>\n\n<p>*Ahmad * has just signed up with vinhostmedia</p>\n\n<p>Manage client at http://www.client.vinhostmedia.com/bb-admin.php/client/manage/7</p>\n\n<p>vinhost media solusi web hosting anda</p>\n',NULL,'2013-03-21T12:14:30-04:00','2013-03-21T12:14:30-04:00'),(60,7,'sales@vinhostmedia.com','radionasyid@yahoo.com','[vinhostmedia] Invoice Created','\n<p>Hello Ahmad ,</p>\n\n<p>This is to notify that proforma invoice 13 was generated on Thursday, 21 March 2013.<br />\nAmount Due: IDR10,000.00\nDue Date: Sunday, 31 March 2013</p>\n\n<p>You can view and pay the invoice at: http://www.client.vinhostmedia.com/index.php/invoice/4182fb3b1a79234afbeb829a10866cb9f9e1cea8</p>\n\n<p>Login to members area: http://www.client.vinhostmedia.com/index.php/login?email=radionasyid@yahoo.com</p>\n\n<p>vinhost media solusi web hosting anda</p>\n',NULL,'2013-03-21T12:46:12-04:00','2013-03-21T12:46:12-04:00'),(61,NULL,'sales@vinhostmedia.com','domain@client.vinhostmedia.com','[vinhostmedia] New Order Placed','\n<p>Hi vinhostmedia,</p>\n\n<p>Client <strong>Ahmad ** placed a new order for **RADIO US 25</strong> on Thursday, 21 March 2013</p>\n\n<p>Manage order http://www.client.vinhostmedia.com/bb-admin.php/order/manage/13</p>\n\n<p>vinhost media solusi web hosting anda</p>\n',NULL,'2013-03-21T12:46:13-04:00','2013-03-21T12:46:13-04:00'),(62,7,'sales@vinhostmedia.com','radionasyid@yahoo.com','[vinhostmedia] Payment Reminder','\n<p>Hello Ahmad ,</p>\n\n<p>This is to remind that your proforma invoice <strong>13</strong> is due \nin 7 days.</p>\n\n<p>Amount due: IDR10,000.00\nDue Date: Sunday, 31 March 2013</p>\n\n<p>You can view and pay the invoice at: http://www.client.vinhostmedia.com/index.php/invoice/4182fb3b1a79234afbeb829a10866cb9f9e1cea8</p>\n\n<p>You may review your invoice history at any time by logging in to your client area.</p>\n\n<p>Login to members area: http://www.client.vinhostmedia.com/index.php/login?email=radionasyid@yahoo.com<br />\nView and manage invoices: http://www.client.vinhostmedia.com/index.php/invoice</p>\n\n<p>vinhost media solusi web hosting anda</p>\n',NULL,'2013-03-23T13:00:28-04:00','2013-03-23T13:00:28-04:00'),(63,7,'sales@vinhostmedia.com','radionasyid@yahoo.com','[vinhostmedia] Invoice Due','\n<p>Hello Ahmad ,</p>\n\n<p>This is a payment reminder that your proforma invoice <strong>13</strong> is already \ndue for 5 days.</p>\n\n<p>Amount due: IDR10,000.00\nDue Date: Sunday, 31 March 2013</p>\n\n<p>You can view and pay the invoice at: http://www.client.vinhostmedia.com/index.php/invoice/4182fb3b1a79234afbeb829a10866cb9f9e1cea8</p>\n\n<p>You may review your invoice history at any time by logging in to your client area.</p>\n\n<p>Login to members area: http://www.client.vinhostmedia.com/index.php/login?email=radionasyid@yahoo.com<br />\nView and manage invoices: http://www.client.vinhostmedia.com/index.php/invoice</p>\n\n<p>vinhost media solusi web hosting anda</p>\n',NULL,'2013-04-04T13:00:29-04:00','2013-04-04T13:00:29-04:00'),(64,3,'sales@vinhostmedia.com','domain@vinhostmedia.com','[vinhostmedia] Invoice Created','\n<p>Hello Indra ,</p>\n\n<p>This is to notify that proforma invoice 14 was generated on Friday, 05 April 2013.<br />\nAmount Due: IDR30,000.00\nDue Date: Saturday, 20 April 2013</p>\n\n<p>You can view and pay the invoice at: http://www.client.vinhostmedia.com/index.php/invoice/bdc02502b02f8bdf6a7db86d6b88eed5921f3c91</p>\n\n<p>Login to members area: http://www.client.vinhostmedia.com/index.php/login?email=domain@vinhostmedia.com</p>\n\n<p>vinhost media solusi web hosting anda</p>\n',NULL,'2013-04-05T13:00:21-04:00','2013-04-05T13:00:21-04:00'),(65,3,'sales@vinhostmedia.com','domain@vinhostmedia.com','[vinhostmedia] Invoice Created','\n<p>Hello Indra ,</p>\n\n<p>This is to notify that proforma invoice 15 was generated on Friday, 05 April 2013.<br />\nAmount Due: IDR8,000.00\nDue Date: Saturday, 20 April 2013</p>\n\n<p>You can view and pay the invoice at: http://www.client.vinhostmedia.com/index.php/invoice/0a4f16cc979f204688f9f327e9829ff79d6b6f16</p>\n\n<p>Login to members area: http://www.client.vinhostmedia.com/index.php/login?email=domain@vinhostmedia.com</p>\n\n<p>vinhost media solusi web hosting anda</p>\n',NULL,'2013-04-05T13:00:22-04:00','2013-04-05T13:00:22-04:00'),(66,3,'sales@vinhostmedia.com','domain@vinhostmedia.com','[vinhostmedia] Payment Reminder','\n<p>Hello Indra ,</p>\n\n<p>This is to remind that your proforma invoice <strong>14</strong> is due \nin 12 days.</p>\n\n<p>Amount due: IDR30,000.00\nDue Date: Saturday, 20 April 2013</p>\n\n<p>You can view and pay the invoice at: http://www.client.vinhostmedia.com/index.php/invoice/bdc02502b02f8bdf6a7db86d6b88eed5921f3c91</p>\n\n<p>You may review your invoice history at any time by logging in to your client area.</p>\n\n<p>Login to members area: http://www.client.vinhostmedia.com/index.php/login?email=domain@vinhostmedia.com<br />\nView and manage invoices: http://www.client.vinhostmedia.com/index.php/invoice</p>\n\n<p>vinhost media solusi web hosting anda</p>\n',NULL,'2013-04-07T13:00:54-04:00','2013-04-07T13:00:54-04:00'),(67,3,'sales@vinhostmedia.com','domain@vinhostmedia.com','[vinhostmedia] Payment Reminder','\n<p>Hello Indra ,</p>\n\n<p>This is to remind that your proforma invoice <strong>15</strong> is due \nin 12 days.</p>\n\n<p>Amount due: IDR8,000.00\nDue Date: Saturday, 20 April 2013</p>\n\n<p>You can view and pay the invoice at: http://www.client.vinhostmedia.com/index.php/invoice/0a4f16cc979f204688f9f327e9829ff79d6b6f16</p>\n\n<p>You may review your invoice history at any time by logging in to your client area.</p>\n\n<p>Login to members area: http://www.client.vinhostmedia.com/index.php/login?email=domain@vinhostmedia.com<br />\nView and manage invoices: http://www.client.vinhostmedia.com/index.php/invoice</p>\n\n<p>vinhost media solusi web hosting anda</p>\n',NULL,'2013-04-07T13:00:55-04:00','2013-04-07T13:00:55-04:00'),(68,3,'sales@vinhostmedia.com','domain@vinhostmedia.com','[vinhostmedia] AUTO DJ 1 Suspended','\n<p>Hello Indra ,</p>\n\n<p>Your <em>AUTO DJ 1</em> that was activated at <em>Wednesday, 20 March 2013</em> is now suspended</p>\n\n<p>If you have any questions regarding this message please login to the members area and submit a support ticket.</p>\n\n<p>Login to members area: http://www.client.vinhostmedia.com/index.php/login?email=domain@vinhostmedia.com<br />\nSubmit support ticket: http://www.client.vinhostmedia.com/index.php/support?ticket=1</p>\n\n<p>vinhost media solusi web hosting anda</p>\n',NULL,'2013-04-20T13:01:09-04:00','2013-04-20T13:01:09-04:00'),(69,6,'sales@vinhostmedia.com','yan_chriestiano@rocketmail.com','[vinhostmedia] RADIO US 25 Suspended','\n<p>Hello YAN CHRIESTIANO,</p>\n\n<p>Your <em>RADIO US 25</em> that was activated at <em>Wednesday, 20 March 2013</em> is now suspended</p>\n\n<p>If you have any questions regarding this message please login to the members area and submit a support ticket.</p>\n\n<p>Login to members area: http://www.client.vinhostmedia.com/index.php/login?email=yan_chriestiano@rocketmail.com<br />\nSubmit support ticket: http://www.client.vinhostmedia.com/index.php/support?ticket=1</p>\n\n<p>vinhost media solusi web hosting anda</p>\n',NULL,'2013-04-20T13:01:21-04:00','2013-04-20T13:01:21-04:00'),(70,3,'sales@vinhostmedia.com','domain@vinhostmedia.com','[vinhostmedia] AUTO DJ 1 Suspended','\n<p>Hello Indra ,</p>\n\n<p>Your <em>AUTO DJ 1</em> that was activated at <em>Thursday, 21 March 2013</em> is now suspended</p>\n\n<p>If you have any questions regarding this message please login to the members area and submit a support ticket.</p>\n\n<p>Login to members area: http://www.client.vinhostmedia.com/index.php/login?email=domain@vinhostmedia.com<br />\nSubmit support ticket: http://www.client.vinhostmedia.com/index.php/support?ticket=1</p>\n\n<p>vinhost media solusi web hosting anda</p>\n',NULL,'2013-04-21T13:00:59-04:00','2013-04-21T13:00:59-04:00'),(71,3,'sales@vinhostmedia.com','domain@vinhostmedia.com','[vinhostmedia] Invoice Due','\n<p>Hello Indra ,</p>\n\n<p>This is a payment reminder that your proforma invoice <strong>14</strong> is already \ndue for 5 days.</p>\n\n<p>Amount due: IDR30,000.00\nDue Date: Saturday, 20 April 2013</p>\n\n<p>You can view and pay the invoice at: http://www.client.vinhostmedia.com/index.php/invoice/bdc02502b02f8bdf6a7db86d6b88eed5921f3c91</p>\n\n<p>You may review your invoice history at any time by logging in to your client area.</p>\n\n<p>Login to members area: http://www.client.vinhostmedia.com/index.php/login?email=domain@vinhostmedia.com<br />\nView and manage invoices: http://www.client.vinhostmedia.com/index.php/invoice</p>\n\n<p>vinhost media solusi web hosting anda</p>\n',NULL,'2013-04-24T13:00:55-04:00','2013-04-24T13:00:55-04:00'),(72,3,'sales@vinhostmedia.com','domain@vinhostmedia.com','[vinhostmedia] Invoice Due','\n<p>Hello Indra ,</p>\n\n<p>This is a payment reminder that your proforma invoice <strong>15</strong> is already \ndue for 5 days.</p>\n\n<p>Amount due: IDR8,000.00\nDue Date: Saturday, 20 April 2013</p>\n\n<p>You can view and pay the invoice at: http://www.client.vinhostmedia.com/index.php/invoice/0a4f16cc979f204688f9f327e9829ff79d6b6f16</p>\n\n<p>You may review your invoice history at any time by logging in to your client area.</p>\n\n<p>Login to members area: http://www.client.vinhostmedia.com/index.php/login?email=domain@vinhostmedia.com<br />\nView and manage invoices: http://www.client.vinhostmedia.com/index.php/invoice</p>\n\n<p>vinhost media solusi web hosting anda</p>\n',NULL,'2013-04-24T13:00:57-04:00','2013-04-24T13:00:57-04:00');

--
-- Table structure for table `activity_client_history`
--

CREATE TABLE `activity_client_history` (
  `id` bigint(20) NOT NULL AUTO_INCREMENT,
  `client_id` bigint(20) DEFAULT NULL,
  `ip` varchar(45) DEFAULT NULL,
  `created_at` varchar(35) DEFAULT NULL,
  `updated_at` varchar(35) DEFAULT NULL,
  PRIMARY KEY (`id`),
  KEY `client_id_idx` (`client_id`)
) ENGINE=MyISAM AUTO_INCREMENT=10 DEFAULT CHARSET=utf8;

--
-- Dumping data for table `activity_client_history`
--

INSERT INTO `activity_client_history` (`id`, `client_id`, `ip`, `created_at`, `updated_at`) VALUES (1,1,'114.79.12.106','2013-03-19T04:30:19-04:00','2013-03-19T04:30:19-04:00'),(2,2,'114.79.12.94','2013-03-19T10:07:01-04:00','2013-03-19T10:07:01-04:00'),(3,3,'114.79.13.71','2013-03-20T04:58:40-04:00','2013-03-20T04:58:40-04:00'),(4,4,'180.247.137.186','2013-03-20T06:00:57-04:00','2013-03-20T06:00:57-04:00'),(5,4,'180.247.137.186','2013-03-20T07:43:17-04:00','2013-03-20T07:43:17-04:00'),(6,3,'114.79.13.71','2013-03-20T11:52:25-04:00','2013-03-20T11:52:25-04:00'),(7,5,'114.79.13.71','2013-03-20T13:15:18-04:00','2013-03-20T13:15:18-04:00'),(8,6,'36.82.218.75','2013-03-20T13:40:11-04:00','2013-03-20T13:40:11-04:00'),(9,7,'114.79.19.49','2013-03-21T12:14:56-04:00','2013-03-21T12:14:56-04:00');

--
-- Table structure for table `activity_system`
--

CREATE TABLE `activity_system` (
  `id` bigint(20) NOT NULL AUTO_INCREMENT,
  `priority` tinyint(4) DEFAULT NULL,
  `admin_id` bigint(20) DEFAULT NULL,
  `client_id` bigint(20) DEFAULT NULL,
  `message` text,
  `ip` varchar(45) DEFAULT NULL,
  `created_at` varchar(35) DEFAULT NULL,
  `updated_at` varchar(35) DEFAULT NULL,
  PRIMARY KEY (`id`),
  KEY `admin_id_idx` (`admin_id`),
  KEY `client_id_idx` (`client_id`)
) ENGINE=MyISAM AUTO_INCREMENT=377 DEFAULT CHARSET=utf8;

--
-- Dumping data for table `activity_system`
--

INSERT INTO `activity_system` (`id`, `priority`, `admin_id`, `client_id`, `message`, `ip`, `created_at`, `updated_at`) VALUES (1,6,NULL,NULL,'Staff member 1 logged in','114.79.12.106','2013-03-19T03:57:02-04:00','2013-03-19T03:57:02-04:00'),(2,6,NULL,NULL,'Staff member 1 logged in','114.79.12.106','2013-03-19T03:57:02-04:00','2013-03-19T03:57:02-04:00'),(3,6,1,NULL,'Updated system general settings','114.79.12.106','2013-03-19T04:02:24-04:00','2013-03-19T04:02:24-04:00'),(4,6,1,NULL,'Updated system general settings','114.79.12.106','2013-03-19T04:02:30-04:00','2013-03-19T04:02:30-04:00'),(5,6,1,NULL,'Created new product category #2','114.79.12.106','2013-03-19T04:03:30-04:00','2013-03-19T04:03:30-04:00'),(6,6,1,NULL,'Created new product #2','114.79.12.106','2013-03-19T04:04:16-04:00','2013-03-19T04:04:16-04:00'),(7,6,1,NULL,'Updated product #2 configuration','114.79.12.106','2013-03-19T04:07:27-04:00','2013-03-19T04:07:27-04:00'),(8,6,1,NULL,'Updated product #2 configuration','114.79.12.106','2013-03-19T04:09:12-04:00','2013-03-19T04:09:12-04:00'),(9,6,1,NULL,'Updated currency USD','114.79.12.106','2013-03-19T04:12:39-04:00','2013-03-19T04:12:39-04:00'),(10,6,1,NULL,'Added new currency IDR','114.79.12.106','2013-03-19T04:13:32-04:00','2013-03-19T04:13:32-04:00'),(11,6,1,NULL,'Updated currency IDR','114.79.12.106','2013-03-19T04:13:49-04:00','2013-03-19T04:13:49-04:00'),(12,6,1,NULL,'Updated currency IDR','114.79.12.106','2013-03-19T04:14:03-04:00','2013-03-19T04:14:03-04:00'),(13,6,1,NULL,'Set currency IDR as default','114.79.12.106','2013-03-19T04:16:05-04:00','2013-03-19T04:16:05-04:00'),(14,6,1,NULL,'Updated product #2 configuration','114.79.12.106','2013-03-19T04:16:44-04:00','2013-03-19T04:16:44-04:00'),(15,6,NULL,NULL,'Changed shopping cart currency to IDR','114.79.12.106','2013-03-19T04:17:02-04:00','2013-03-19T04:17:02-04:00'),(16,6,1,NULL,'Updated product #2 configuration','114.79.12.106','2013-03-19T04:18:01-04:00','2013-03-19T04:18:01-04:00'),(17,6,1,NULL,'Created new product #3','114.79.12.106','2013-03-19T04:18:58-04:00','2013-03-19T04:18:58-04:00'),(18,6,1,NULL,'Deleted product #3','114.79.12.106','2013-03-19T04:19:26-04:00','2013-03-19T04:19:26-04:00'),(19,6,1,NULL,'Added new hosting server 1','114.79.12.106','2013-03-19T04:21:54-04:00','2013-03-19T04:21:54-04:00'),(20,7,NULL,NULL,'Requesting WHM server action \"version\" with params \"Array\n(\n)\n\" ',NULL,'2013-03-19T04:22:07-04:00','2013-03-19T04:22:07-04:00'),(21,7,NULL,NULL,'Response: {\"cpanelresult\":{\"apiversion\":\"2\",\"error\":\"Access denied\",\"data\":{\"reason\":\"Access denied\",\"result\":\"0\"},\"type\":\"text\"}}\r\n',NULL,'2013-03-19T04:22:07-04:00','2013-03-19T04:22:07-04:00'),(22,7,NULL,NULL,'Auth type: hash',NULL,'2013-03-19T04:22:07-04:00','2013-03-19T04:22:07-04:00'),(23,2,NULL,NULL,'WHM server response error calling action version: \"Access denied\"',NULL,'2013-03-19T04:22:07-04:00','2013-03-19T04:22:07-04:00'),(24,7,NULL,NULL,'Requesting WHM server action \"version\" with params \"Array\n(\n)\n\" ',NULL,'2013-03-19T04:23:29-04:00','2013-03-19T04:23:29-04:00'),(25,7,NULL,NULL,'Response: {\"cpanelresult\":{\"apiversion\":\"2\",\"error\":\"Access denied\",\"data\":{\"reason\":\"Access denied\",\"result\":\"0\"},\"type\":\"text\"}}\r\n',NULL,'2013-03-19T04:23:29-04:00','2013-03-19T04:23:29-04:00'),(26,7,NULL,NULL,'Auth type: hash',NULL,'2013-03-19T04:23:29-04:00','2013-03-19T04:23:29-04:00'),(27,2,NULL,NULL,'WHM server response error calling action version: \"Access denied\"',NULL,'2013-03-19T04:23:29-04:00','2013-03-19T04:23:29-04:00'),(28,6,1,NULL,'Update hosting server 1','114.79.12.106','2013-03-19T04:23:30-04:00','2013-03-19T04:23:30-04:00'),(29,6,1,NULL,'Update hosting server 1','114.79.12.106','2013-03-19T04:23:46-04:00','2013-03-19T04:23:46-04:00'),(30,6,1,NULL,'Updated product #2 configuration','114.79.12.106','2013-03-19T04:25:10-04:00','2013-03-19T04:25:10-04:00'),(31,6,1,NULL,'Added new hosting plan 1','114.79.12.106','2013-03-19T04:25:54-04:00','2013-03-19T04:25:54-04:00'),(32,6,1,NULL,'Updated hosting plan 1','114.79.12.106','2013-03-19T04:26:57-04:00','2013-03-19T04:26:57-04:00'),(33,6,1,NULL,'Updated hosting plan 1','114.79.12.106','2013-03-19T04:27:31-04:00','2013-03-19T04:27:31-04:00'),(34,6,1,NULL,'Updated product #2 configuration','114.79.12.106','2013-03-19T04:29:22-04:00','2013-03-19T04:29:22-04:00'),(35,6,NULL,NULL,'Added \"VH-WEBHOST-100\" to shopping cart','114.79.12.106','2013-03-19T04:29:43-04:00','2013-03-19T04:29:43-04:00'),(36,6,NULL,NULL,'Client #1 signed up','114.79.12.106','2013-03-19T04:30:19-04:00','2013-03-19T04:30:19-04:00'),(37,6,NULL,NULL,'Client #1 logged in','114.79.12.106','2013-03-19T04:30:19-04:00','2013-03-19T04:30:19-04:00'),(38,6,NULL,1,'Checked out shopping cart','114.79.12.106','2013-03-19T04:30:29-04:00','2013-03-19T04:30:29-04:00'),(39,6,NULL,NULL,'Added \"VH-WEBHOST-100\" to shopping cart','114.79.12.106','2013-03-19T04:31:04-04:00','2013-03-19T04:31:04-04:00'),(40,6,NULL,1,'Checked out shopping cart','114.79.12.106','2013-03-19T04:31:09-04:00','2013-03-19T04:31:09-04:00'),(41,6,NULL,NULL,'Updated invoice #2','114.79.12.106','2013-03-19T04:31:20-04:00','2013-03-19T04:31:20-04:00'),(42,6,NULL,NULL,'Updated invoice #2','114.79.12.106','2013-03-19T04:31:32-04:00','2013-03-19T04:31:32-04:00'),(43,6,1,NULL,'Updated product #2 configuration','114.79.12.106','2013-03-19T04:31:51-04:00','2013-03-19T04:31:51-04:00'),(44,6,1,NULL,'Marked invoice \"2\" as paid','114.79.12.106','2013-03-19T04:34:51-04:00','2013-03-19T04:34:51-04:00'),(45,6,1,NULL,'Created new product #4','114.79.12.106','2013-03-19T04:38:21-04:00','2013-03-19T04:38:21-04:00'),(46,6,1,NULL,'Added new hosting plan 2','114.79.12.106','2013-03-19T04:42:00-04:00','2013-03-19T04:42:00-04:00'),(47,6,1,NULL,'Updated hosting plan 2','114.79.12.106','2013-03-19T04:42:35-04:00','2013-03-19T04:42:35-04:00'),(48,6,1,NULL,'Updated product #4 configuration','114.79.12.106','2013-03-19T04:44:10-04:00','2013-03-19T04:44:10-04:00'),(49,6,1,NULL,'Updated product #4 configuration','114.79.12.106','2013-03-19T04:45:31-04:00','2013-03-19T04:45:31-04:00'),(50,6,NULL,NULL,'Added \"VH-WEBHOST-150\" to shopping cart','114.79.12.106','2013-03-19T04:45:36-04:00','2013-03-19T04:45:36-04:00'),(51,6,1,NULL,'Created new product #5','114.79.12.106','2013-03-19T04:46:56-04:00','2013-03-19T04:46:56-04:00'),(52,6,1,NULL,'Added new hosting plan 3','114.79.12.106','2013-03-19T04:47:26-04:00','2013-03-19T04:47:26-04:00'),(53,6,1,NULL,'Updated hosting plan 3','114.79.12.106','2013-03-19T04:48:09-04:00','2013-03-19T04:48:09-04:00'),(54,6,1,NULL,'Added new hosting plan 4','114.79.12.106','2013-03-19T04:49:40-04:00','2013-03-19T04:49:40-04:00'),(55,6,1,NULL,'Updated hosting plan 4','114.79.12.106','2013-03-19T04:50:23-04:00','2013-03-19T04:50:23-04:00'),(56,6,1,NULL,'Updated hosting plan 4','114.79.12.106','2013-03-19T04:52:09-04:00','2013-03-19T04:52:09-04:00'),(57,6,1,NULL,'Created new product #6','114.79.12.106','2013-03-19T04:53:20-04:00','2013-03-19T04:53:20-04:00'),(58,6,1,NULL,'Deleted product #6','114.79.12.106','2013-03-19T04:54:55-04:00','2013-03-19T04:54:55-04:00'),(59,6,1,NULL,'Updated product #5 configuration','114.79.12.106','2013-03-19T04:56:41-04:00','2013-03-19T04:56:41-04:00'),(60,6,1,NULL,'Created new product #7','114.79.12.106','2013-03-19T04:57:35-04:00','2013-03-19T04:57:35-04:00'),(61,6,1,NULL,'Updated product #7 configuration','114.79.12.106','2013-03-19T04:59:55-04:00','2013-03-19T04:59:55-04:00'),(62,6,1,NULL,'Updated product #5 configuration','114.79.12.106','2013-03-19T05:01:05-04:00','2013-03-19T05:01:05-04:00'),(63,6,1,NULL,'Updated product #5 configuration','114.79.12.106','2013-03-19T05:02:04-04:00','2013-03-19T05:02:04-04:00'),(64,6,1,NULL,'Updated product #5 configuration','114.79.12.106','2013-03-19T05:02:47-04:00','2013-03-19T05:02:47-04:00'),(65,6,NULL,NULL,'Changed shopping cart currency to US Dollar','114.79.12.106','2013-03-19T05:03:43-04:00','2013-03-19T05:03:43-04:00'),(66,6,NULL,NULL,'Changed shopping cart currency to IDR','114.79.12.106','2013-03-19T05:04:04-04:00','2013-03-19T05:04:04-04:00'),(67,6,1,NULL,'Updated product #7 configuration','114.79.12.106','2013-03-19T05:05:56-04:00','2013-03-19T05:05:56-04:00'),(68,6,1,NULL,'Updated product #7 configuration','114.79.12.106','2013-03-19T05:06:04-04:00','2013-03-19T05:06:04-04:00'),(69,6,1,NULL,'Updated product category #1','114.79.12.106','2013-03-19T05:06:34-04:00','2013-03-19T05:06:34-04:00'),(70,6,1,NULL,'Updated product #1 configuration','114.79.12.106','2013-03-19T05:07:00-04:00','2013-03-19T05:07:00-04:00'),(71,6,1,NULL,'Updated product #7 configuration','114.79.12.106','2013-03-19T05:21:00-04:00','2013-03-19T05:21:00-04:00'),(72,6,NULL,NULL,'Added \"VH-WEBHOST-100\" to shopping cart','114.79.12.106','2013-03-19T06:00:18-04:00','2013-03-19T06:00:18-04:00'),(73,6,NULL,NULL,'Added \"VH-WEBHOST-100\" to shopping cart','114.79.12.94','2013-03-19T10:06:30-04:00','2013-03-19T10:06:30-04:00'),(74,6,NULL,NULL,'Client #2 signed up','114.79.12.94','2013-03-19T10:07:01-04:00','2013-03-19T10:07:01-04:00'),(75,6,NULL,NULL,'Client #2 logged in','114.79.12.94','2013-03-19T10:07:01-04:00','2013-03-19T10:07:01-04:00'),(76,6,NULL,2,'Checked out shopping cart','114.79.12.94','2013-03-19T10:07:05-04:00','2013-03-19T10:07:05-04:00'),(77,6,1,NULL,'Removed invoice #3','114.79.12.55','2013-03-20T00:58:58-04:00','2013-03-20T00:58:58-04:00'),(78,6,1,NULL,'Updated invoice \"1\"','114.79.12.55','2013-03-20T00:59:54-04:00','2013-03-20T00:59:54-04:00'),(79,6,1,NULL,'Created new product #8','114.79.12.154','2013-03-20T02:41:03-04:00','2013-03-20T02:41:03-04:00'),(80,6,1,NULL,'Updated product #8 configuration','114.79.12.154','2013-03-20T02:51:32-04:00','2013-03-20T02:51:32-04:00'),(81,6,1,NULL,'Updated product #8 configuration','114.79.12.154','2013-03-20T02:52:20-04:00','2013-03-20T02:52:20-04:00'),(82,6,1,NULL,'Created new product #9','114.79.12.154','2013-03-20T02:56:01-04:00','2013-03-20T02:56:01-04:00'),(83,6,1,NULL,'Updated product #9 configuration','114.79.12.154','2013-03-20T02:58:00-04:00','2013-03-20T02:58:00-04:00'),(84,6,1,NULL,'Updated product #9 configuration','114.79.12.154','2013-03-20T02:58:23-04:00','2013-03-20T02:58:23-04:00'),(85,6,NULL,NULL,'Added \"RADIO US 25\" to shopping cart','114.79.12.154','2013-03-20T02:58:37-04:00','2013-03-20T02:58:37-04:00'),(86,6,1,NULL,'Created new product #10','114.79.12.154','2013-03-20T03:08:19-04:00','2013-03-20T03:08:19-04:00'),(87,6,1,NULL,'Updated product #10 configuration','114.79.12.154','2013-03-20T03:11:04-04:00','2013-03-20T03:11:04-04:00'),(88,6,1,NULL,'Created new product #11','114.79.12.154','2013-03-20T03:11:30-04:00','2013-03-20T03:11:30-04:00'),(89,6,1,NULL,'Updated product #11 configuration','114.79.12.154','2013-03-20T03:13:17-04:00','2013-03-20T03:13:17-04:00'),(90,6,1,NULL,'Created new product #12','114.79.12.154','2013-03-20T03:15:07-04:00','2013-03-20T03:15:07-04:00'),(91,6,1,NULL,'Updated product #12 configuration','114.79.12.154','2013-03-20T03:16:43-04:00','2013-03-20T03:16:43-04:00'),(92,6,1,NULL,'Created new product #13','114.79.12.154','2013-03-20T03:19:42-04:00','2013-03-20T03:19:42-04:00'),(93,6,1,NULL,'Created new product #14','114.79.13.71','2013-03-20T03:23:02-04:00','2013-03-20T03:23:02-04:00'),(94,6,1,NULL,'Updated product #14 configuration','114.79.13.71','2013-03-20T03:25:48-04:00','2013-03-20T03:25:48-04:00'),(95,6,1,NULL,'Deleted product #13','114.79.13.71','2013-03-20T03:26:11-04:00','2013-03-20T03:26:11-04:00'),(96,6,1,NULL,'Created new product category #3','114.79.13.71','2013-03-20T03:26:28-04:00','2013-03-20T03:26:28-04:00'),(97,6,1,NULL,'Updated product category #3','114.79.13.71','2013-03-20T03:27:06-04:00','2013-03-20T03:27:06-04:00'),(98,6,1,NULL,'Created new product #15','114.79.13.71','2013-03-20T04:01:53-04:00','2013-03-20T04:01:53-04:00'),(99,6,1,NULL,'Updated product #15 configuration','114.79.13.71','2013-03-20T04:03:13-04:00','2013-03-20T04:03:13-04:00'),(100,6,1,NULL,'Created new product #16','114.79.13.71','2013-03-20T04:03:48-04:00','2013-03-20T04:03:48-04:00'),(101,6,1,NULL,'Updated product #16 configuration','114.79.13.71','2013-03-20T04:04:49-04:00','2013-03-20T04:04:49-04:00'),(102,6,1,NULL,'Created new product #17','114.79.13.71','2013-03-20T04:05:06-04:00','2013-03-20T04:05:06-04:00'),(103,6,1,NULL,'Updated product #17 configuration','114.79.13.71','2013-03-20T04:06:14-04:00','2013-03-20T04:06:14-04:00'),(104,6,1,NULL,'Created new product #18','114.79.13.71','2013-03-20T04:06:47-04:00','2013-03-20T04:06:47-04:00'),(105,6,1,NULL,'Updated product #18 configuration','114.79.13.71','2013-03-20T04:07:49-04:00','2013-03-20T04:07:49-04:00'),(106,6,1,NULL,'Updated product #16 configuration','114.79.13.71','2013-03-20T04:08:48-04:00','2013-03-20T04:08:48-04:00'),(107,6,1,NULL,'Updated product #12 configuration','114.79.13.71','2013-03-20T04:10:21-04:00','2013-03-20T04:10:21-04:00'),(108,6,1,NULL,'Updated product #10 configuration','114.79.13.71','2013-03-20T04:11:01-04:00','2013-03-20T04:11:01-04:00'),(109,6,1,NULL,'Created new product #19','114.79.13.71','2013-03-20T04:12:41-04:00','2013-03-20T04:12:41-04:00'),(110,6,1,NULL,'Updated product #19 configuration','114.79.13.71','2013-03-20T04:14:47-04:00','2013-03-20T04:14:47-04:00'),(111,6,1,NULL,'Updated product #19 configuration','114.79.13.71','2013-03-20T04:23:18-04:00','2013-03-20T04:23:18-04:00'),(112,6,1,NULL,'Updated product #19 configuration','114.79.13.71','2013-03-20T04:24:02-04:00','2013-03-20T04:24:02-04:00'),(113,6,1,NULL,'Created new product category #4','114.79.13.71','2013-03-20T04:28:28-04:00','2013-03-20T04:28:28-04:00'),(114,6,1,NULL,'Created new product #20','114.79.13.71','2013-03-20T04:28:44-04:00','2013-03-20T04:28:44-04:00'),(115,6,1,NULL,'Updated product #20 configuration','114.79.13.71','2013-03-20T04:29:47-04:00','2013-03-20T04:29:47-04:00'),(116,6,1,NULL,'Created new product #21','114.79.13.71','2013-03-20T04:31:38-04:00','2013-03-20T04:31:38-04:00'),(117,6,1,NULL,'Updated product #21 configuration','114.79.13.71','2013-03-20T04:32:28-04:00','2013-03-20T04:32:28-04:00'),(118,6,1,NULL,'Created new product category #5','114.79.13.71','2013-03-20T04:34:18-04:00','2013-03-20T04:34:18-04:00'),(119,6,1,NULL,'Created new product #22','114.79.13.71','2013-03-20T04:34:39-04:00','2013-03-20T04:34:39-04:00'),(120,6,1,NULL,'Updated product #22 configuration','114.79.13.71','2013-03-20T04:36:52-04:00','2013-03-20T04:36:52-04:00'),(121,6,1,NULL,'Created new product #23','114.79.13.71','2013-03-20T04:37:28-04:00','2013-03-20T04:37:28-04:00'),(122,6,1,NULL,'Updated product #23 configuration','114.79.13.71','2013-03-20T04:38:53-04:00','2013-03-20T04:38:53-04:00'),(123,6,1,NULL,'Created new product #24','114.79.13.71','2013-03-20T04:39:14-04:00','2013-03-20T04:39:14-04:00'),(124,6,1,NULL,'Updated product #24 configuration','114.79.13.71','2013-03-20T04:40:37-04:00','2013-03-20T04:40:37-04:00'),(125,6,1,NULL,'Updated product #23 configuration','114.79.13.71','2013-03-20T04:42:01-04:00','2013-03-20T04:42:01-04:00'),(126,6,1,NULL,'Created new product category #6','114.79.13.71','2013-03-20T04:48:26-04:00','2013-03-20T04:48:26-04:00'),(127,6,1,NULL,'Created new product #25','114.79.13.71','2013-03-20T04:49:06-04:00','2013-03-20T04:49:06-04:00'),(128,6,1,NULL,'Updated product #25 configuration','114.79.13.71','2013-03-20T04:50:09-04:00','2013-03-20T04:50:09-04:00'),(129,6,1,NULL,'Created new product #26','114.79.13.71','2013-03-20T04:50:47-04:00','2013-03-20T04:50:47-04:00'),(130,6,1,NULL,'Updated product #26 configuration','114.79.13.71','2013-03-20T04:51:42-04:00','2013-03-20T04:51:42-04:00'),(131,6,NULL,NULL,'Added \"AUTO DJ 1\" to shopping cart','114.79.13.71','2013-03-20T04:58:07-04:00','2013-03-20T04:58:07-04:00'),(132,6,NULL,NULL,'Client #3 signed up','114.79.13.71','2013-03-20T04:58:40-04:00','2013-03-20T04:58:40-04:00'),(133,6,NULL,NULL,'Client #3 logged in','114.79.13.71','2013-03-20T04:58:40-04:00','2013-03-20T04:58:40-04:00'),(134,6,NULL,3,'Checked out shopping cart','114.79.13.71','2013-03-20T04:58:49-04:00','2013-03-20T04:58:49-04:00'),(135,6,NULL,NULL,'Added \"AUTO DJ 1\" to shopping cart','114.79.13.71','2013-03-20T04:59:17-04:00','2013-03-20T04:59:17-04:00'),(136,6,NULL,3,'Checked out shopping cart','114.79.13.71','2013-03-20T04:59:22-04:00','2013-03-20T04:59:22-04:00'),(137,6,NULL,NULL,'Updated invoice #5','114.79.13.71','2013-03-20T04:59:30-04:00','2013-03-20T04:59:30-04:00'),(138,6,1,NULL,'Invoice payment reminder sent','114.79.13.71','2013-03-20T05:02:57-04:00','2013-03-20T05:02:57-04:00'),(139,6,1,NULL,'Marked invoice \"5\" as paid','114.79.13.71','2013-03-20T05:03:18-04:00','2013-03-20T05:03:18-04:00'),(140,6,1,NULL,'Updated invoice \"4\"','114.79.13.71','2013-03-20T05:20:15-04:00','2013-03-20T05:20:15-04:00'),(141,6,1,NULL,'Created new product category #7','114.79.13.71','2013-03-20T05:52:42-04:00','2013-03-20T05:52:42-04:00'),(142,6,1,NULL,'Created new product #27','114.79.13.71','2013-03-20T05:52:54-04:00','2013-03-20T05:52:54-04:00'),(143,6,1,NULL,'Updated product #27 configuration','114.79.13.71','2013-03-20T05:53:52-04:00','2013-03-20T05:53:52-04:00'),(144,6,NULL,NULL,'Added \"paket 1\" to shopping cart','114.79.13.71','2013-03-20T05:54:39-04:00','2013-03-20T05:54:39-04:00'),(145,6,1,NULL,'Updated product #27 configuration','114.79.13.71','2013-03-20T05:55:10-04:00','2013-03-20T05:55:10-04:00'),(146,6,NULL,NULL,'Client #4 signed up','180.247.137.186','2013-03-20T06:00:57-04:00','2013-03-20T06:00:57-04:00'),(147,6,NULL,NULL,'Client #4 logged in','180.247.137.186','2013-03-20T06:00:57-04:00','2013-03-20T06:00:57-04:00'),(148,6,1,NULL,'Created new promo code mar10','114.79.13.71','2013-03-20T06:01:59-04:00','2013-03-20T06:01:59-04:00'),(149,6,NULL,NULL,'Added \"paket 1\" to shopping cart','114.79.13.71','2013-03-20T06:02:23-04:00','2013-03-20T06:02:23-04:00'),(150,6,NULL,NULL,'Applied promo code mar10 to shopping cart','114.79.13.71','2013-03-20T06:02:32-04:00','2013-03-20T06:02:32-04:00'),(151,6,1,NULL,'Update promo code mar10','114.79.13.71','2013-03-20T06:03:06-04:00','2013-03-20T06:03:06-04:00'),(152,6,NULL,NULL,'Staff member 1 logged in','114.79.13.71','2013-03-20T06:27:01-04:00','2013-03-20T06:27:01-04:00'),(153,6,NULL,NULL,'Staff member 1 logged in','114.79.13.71','2013-03-20T06:27:02-04:00','2013-03-20T06:27:02-04:00'),(154,6,NULL,NULL,'Staff member 1 logged in','114.79.13.71','2013-03-20T06:28:10-04:00','2013-03-20T06:28:10-04:00'),(155,6,NULL,NULL,'Client #4 logged in','180.247.137.186','2013-03-20T07:43:17-04:00','2013-03-20T07:43:17-04:00'),(156,6,NULL,NULL,'Added \"paket 1\" to shopping cart','180.247.137.186','2013-03-20T07:44:52-04:00','2013-03-20T07:44:52-04:00'),(157,6,NULL,NULL,'Applied promo code mar10 to shopping cart','180.247.137.186','2013-03-20T07:45:43-04:00','2013-03-20T07:45:43-04:00'),(158,6,NULL,4,'Checked out shopping cart','180.247.137.186','2013-03-20T07:46:02-04:00','2013-03-20T07:46:02-04:00'),(159,6,NULL,4,'Deleted order #6','180.247.137.186','2013-03-20T07:47:01-04:00','2013-03-20T07:47:01-04:00'),(160,6,NULL,NULL,'Added \"paket 1\" to shopping cart','180.247.137.186','2013-03-20T07:48:03-04:00','2013-03-20T07:48:03-04:00'),(161,6,NULL,NULL,'Applied promo code mar10 to shopping cart','180.247.137.186','2013-03-20T07:48:12-04:00','2013-03-20T07:48:12-04:00'),(162,6,NULL,4,'Checked out shopping cart','180.247.137.186','2013-03-20T07:48:18-04:00','2013-03-20T07:48:18-04:00'),(163,6,NULL,NULL,'Updated invoice #7','180.247.137.186','2013-03-20T07:54:35-04:00','2013-03-20T07:54:35-04:00'),(164,6,1,NULL,'Created new product #28','114.79.13.71','2013-03-20T09:42:51-04:00','2013-03-20T09:42:51-04:00'),(165,6,1,NULL,'Updated product #28 configuration','114.79.13.71','2013-03-20T09:44:28-04:00','2013-03-20T09:44:28-04:00'),(166,6,1,NULL,'Logged in as client #4','114.79.13.71','2013-03-20T09:53:40-04:00','2013-03-20T09:53:40-04:00'),(167,6,1,NULL,'Logged in as client #3','114.79.13.71','2013-03-20T10:26:19-04:00','2013-03-20T10:26:19-04:00'),(168,6,1,NULL,'Created new promo code promo10','114.79.13.71','2013-03-20T10:48:18-04:00','2013-03-20T10:48:18-04:00'),(169,6,1,NULL,'Created new promo code promo20','114.79.13.71','2013-03-20T10:52:36-04:00','2013-03-20T10:52:36-04:00'),(170,7,NULL,NULL,'Requesting WHM server action \"version\" with params \"Array\n(\n)\n\" ',NULL,'2013-03-20T11:47:57-04:00','2013-03-20T11:47:57-04:00'),(171,7,NULL,NULL,'Response: {\"cpanelresult\":{\"apiversion\":\"2\",\"error\":\"Access denied\",\"data\":{\"reason\":\"Access denied\",\"result\":\"0\"},\"type\":\"text\"}}\r\n',NULL,'2013-03-20T11:47:57-04:00','2013-03-20T11:47:57-04:00'),(172,7,NULL,NULL,'Auth type: hash',NULL,'2013-03-20T11:47:57-04:00','2013-03-20T11:47:57-04:00'),(173,2,NULL,NULL,'WHM server response error calling action version: \"Access denied\"',NULL,'2013-03-20T11:47:57-04:00','2013-03-20T11:47:57-04:00'),(174,6,1,NULL,'Update hosting server 1','114.79.13.71','2013-03-20T11:48:46-04:00','2013-03-20T11:48:46-04:00'),(175,7,NULL,NULL,'Requesting WHM server action \"version\" with params \"Array\n(\n)\n\" ',NULL,'2013-03-20T11:48:46-04:00','2013-03-20T11:48:46-04:00'),(176,7,NULL,NULL,'Response: <html><head><META HTTP-EQUIV=\"refresh\" CONTENT=\"0;URL=https://server01-iix.secureserver.web.id:2087\"></head><body></body></html>\n',NULL,'2013-03-20T11:48:46-04:00','2013-03-20T11:48:46-04:00'),(177,7,NULL,NULL,'Auth type: hash',NULL,'2013-03-20T11:48:46-04:00','2013-03-20T11:48:46-04:00'),(178,2,NULL,NULL,'Function call \"version\" response is not valid, body: <html><head><META HTTP-EQUIV=\"refresh\" CONTENT=\"0;URL=https://server01-iix.secureserver.web.id:2087\"></head><body></body></html>\n',NULL,'2013-03-20T11:48:46-04:00','2013-03-20T11:48:46-04:00'),(179,6,1,NULL,'Update hosting server 1','114.79.13.71','2013-03-20T11:49:15-04:00','2013-03-20T11:49:15-04:00'),(180,6,1,NULL,'Update hosting server 1','114.79.13.71','2013-03-20T11:49:19-04:00','2013-03-20T11:49:19-04:00'),(181,7,NULL,NULL,'Requesting WHM server action \"version\" with params \"Array\n(\n)\n\" ',NULL,'2013-03-20T11:49:19-04:00','2013-03-20T11:49:19-04:00'),(182,7,NULL,NULL,'Response: <html><head><META HTTP-EQUIV=\"refresh\" CONTENT=\"0;URL=https://server01-iix.secureserver.web.id:2087\"></head><body></body></html>\n',NULL,'2013-03-20T11:49:20-04:00','2013-03-20T11:49:20-04:00'),(183,7,NULL,NULL,'Auth type: hash',NULL,'2013-03-20T11:49:20-04:00','2013-03-20T11:49:20-04:00'),(184,2,NULL,NULL,'Function call \"version\" response is not valid, body: <html><head><META HTTP-EQUIV=\"refresh\" CONTENT=\"0;URL=https://server01-iix.secureserver.web.id:2087\"></head><body></body></html>\n',NULL,'2013-03-20T11:49:20-04:00','2013-03-20T11:49:20-04:00'),(185,7,NULL,NULL,'Requesting WHM server action \"version\" with params \"Array\n(\n)\n\" ',NULL,'2013-03-20T11:49:31-04:00','2013-03-20T11:49:31-04:00'),(186,7,NULL,NULL,'Response: <html><head><META HTTP-EQUIV=\"refresh\" CONTENT=\"0;URL=https://server01-iix.secureserver.web.id:2087\"></head><body></body></html>\n',NULL,'2013-03-20T11:49:31-04:00','2013-03-20T11:49:31-04:00'),(187,7,NULL,NULL,'Auth type: hash',NULL,'2013-03-20T11:49:31-04:00','2013-03-20T11:49:31-04:00'),(188,2,NULL,NULL,'Function call \"version\" response is not valid, body: <html><head><META HTTP-EQUIV=\"refresh\" CONTENT=\"0;URL=https://server01-iix.secureserver.web.id:2087\"></head><body></body></html>\n',NULL,'2013-03-20T11:49:31-04:00','2013-03-20T11:49:31-04:00'),(189,6,1,NULL,'Update hosting server 1','114.79.13.71','2013-03-20T11:49:53-04:00','2013-03-20T11:49:53-04:00'),(190,7,NULL,NULL,'Requesting WHM server action \"version\" with params \"Array\n(\n)\n\" ',NULL,'2013-03-20T11:49:53-04:00','2013-03-20T11:49:53-04:00'),(191,7,NULL,NULL,'Response: {\"cpanelresult\":{\"apiversion\":\"2\",\"error\":\"Access denied\",\"data\":{\"reason\":\"Access denied\",\"result\":\"0\"},\"type\":\"text\"}}\r\n',NULL,'2013-03-20T11:49:53-04:00','2013-03-20T11:49:53-04:00'),(192,7,NULL,NULL,'Auth type: hash',NULL,'2013-03-20T11:49:53-04:00','2013-03-20T11:49:53-04:00'),(193,2,NULL,NULL,'WHM server response error calling action version: \"Access denied\"',NULL,'2013-03-20T11:49:53-04:00','2013-03-20T11:49:53-04:00'),(194,6,1,NULL,'Update hosting server 1','114.79.13.71','2013-03-20T11:50:39-04:00','2013-03-20T11:50:39-04:00'),(195,7,NULL,NULL,'Requesting WHM server action \"version\" with params \"Array\n(\n)\n\" ',NULL,'2013-03-20T11:50:40-04:00','2013-03-20T11:50:40-04:00'),(196,7,NULL,NULL,'Response: {\"cpanelresult\":{\"apiversion\":\"2\",\"error\":\"Access denied\",\"data\":{\"reason\":\"Access denied\",\"result\":\"0\"},\"type\":\"text\"}}\r\n',NULL,'2013-03-20T11:50:40-04:00','2013-03-20T11:50:40-04:00'),(197,7,NULL,NULL,'Auth type: hash',NULL,'2013-03-20T11:50:40-04:00','2013-03-20T11:50:40-04:00'),(198,2,NULL,NULL,'WHM server response error calling action version: \"Access denied\"',NULL,'2013-03-20T11:50:40-04:00','2013-03-20T11:50:40-04:00'),(199,6,1,NULL,'Update hosting server 1','114.79.13.71','2013-03-20T11:50:45-04:00','2013-03-20T11:50:45-04:00'),(200,7,NULL,NULL,'Requesting WHM server action \"version\" with params \"Array\n(\n)\n\" ',NULL,'2013-03-20T11:50:45-04:00','2013-03-20T11:50:45-04:00'),(201,7,NULL,NULL,'Response: <html><head><META HTTP-EQUIV=\"refresh\" CONTENT=\"0;URL=https://server01-iix.secureserver.web.id:2087\"></head><body></body></html>\n',NULL,'2013-03-20T11:50:45-04:00','2013-03-20T11:50:45-04:00'),(202,7,NULL,NULL,'Auth type: hash',NULL,'2013-03-20T11:50:45-04:00','2013-03-20T11:50:45-04:00'),(203,2,NULL,NULL,'Function call \"version\" response is not valid, body: <html><head><META HTTP-EQUIV=\"refresh\" CONTENT=\"0;URL=https://server01-iix.secureserver.web.id:2087\"></head><body></body></html>\n',NULL,'2013-03-20T11:50:45-04:00','2013-03-20T11:50:45-04:00'),(204,6,1,NULL,'Update hosting server 1','114.79.13.71','2013-03-20T11:50:59-04:00','2013-03-20T11:50:59-04:00'),(205,6,NULL,NULL,'Added \"VH-WEBHOST-100\" to shopping cart','114.79.13.71','2013-03-20T11:52:02-04:00','2013-03-20T11:52:02-04:00'),(206,6,NULL,NULL,'Client #3 logged in','114.79.13.71','2013-03-20T11:52:25-04:00','2013-03-20T11:52:25-04:00'),(207,6,NULL,3,'Checked out shopping cart','114.79.13.71','2013-03-20T11:52:32-04:00','2013-03-20T11:52:32-04:00'),(208,6,1,NULL,'Marked invoice \"8\" as paid','114.79.13.71','2013-03-20T11:52:53-04:00','2013-03-20T11:52:53-04:00'),(209,6,1,NULL,'Update hosting server 1','114.79.13.71','2013-03-20T11:58:07-04:00','2013-03-20T11:58:07-04:00'),(210,7,NULL,NULL,'Requesting WHM server action \"version\" with params \"Array\n(\n)\n\" ',NULL,'2013-03-20T11:58:08-04:00','2013-03-20T11:58:08-04:00'),(211,7,NULL,NULL,'Response: <html><head><META HTTP-EQUIV=\"refresh\" CONTENT=\"0;URL=https://server01-iix.secureserver.web.id:2087\"></head><body></body></html>\n',NULL,'2013-03-20T11:58:08-04:00','2013-03-20T11:58:08-04:00'),(212,7,NULL,NULL,'Auth type: hash',NULL,'2013-03-20T11:58:08-04:00','2013-03-20T11:58:08-04:00'),(213,2,NULL,NULL,'Function call \"version\" response is not valid, body: <html><head><META HTTP-EQUIV=\"refresh\" CONTENT=\"0;URL=https://server01-iix.secureserver.web.id:2087\"></head><body></body></html>\n',NULL,'2013-03-20T11:58:08-04:00','2013-03-20T11:58:08-04:00'),(214,6,1,NULL,'Update hosting server 1','114.79.13.71','2013-03-20T11:58:12-04:00','2013-03-20T11:58:12-04:00'),(215,7,NULL,NULL,'Requesting WHM server action \"version\" with params \"Array\n(\n)\n\" ',NULL,'2013-03-20T11:58:12-04:00','2013-03-20T11:58:12-04:00'),(216,7,NULL,NULL,'Response: {\"cpanelresult\":{\"apiversion\":\"2\",\"error\":\"Access denied\",\"data\":{\"reason\":\"Access denied\",\"result\":\"0\"},\"type\":\"text\"}}\r\n',NULL,'2013-03-20T11:58:12-04:00','2013-03-20T11:58:12-04:00'),(217,7,NULL,NULL,'Auth type: hash',NULL,'2013-03-20T11:58:13-04:00','2013-03-20T11:58:13-04:00'),(218,2,NULL,NULL,'WHM server response error calling action version: \"Access denied\"',NULL,'2013-03-20T11:58:13-04:00','2013-03-20T11:58:13-04:00'),(219,7,NULL,NULL,'Requesting WHM server action \"version\" with params \"Array\n(\n)\n\" ',NULL,'2013-03-20T11:58:22-04:00','2013-03-20T11:58:22-04:00'),(220,7,NULL,NULL,'Response: {\"cpanelresult\":{\"apiversion\":\"2\",\"error\":\"Access denied\",\"data\":{\"reason\":\"Access denied\",\"result\":\"0\"},\"type\":\"text\"}}\r\n',NULL,'2013-03-20T11:58:22-04:00','2013-03-20T11:58:22-04:00'),(221,7,NULL,NULL,'Auth type: hash',NULL,'2013-03-20T11:58:22-04:00','2013-03-20T11:58:22-04:00'),(222,2,NULL,NULL,'WHM server response error calling action version: \"Access denied\"',NULL,'2013-03-20T11:58:22-04:00','2013-03-20T11:58:22-04:00'),(223,6,1,NULL,'Update hosting server 1','114.79.13.71','2013-03-20T11:58:22-04:00','2013-03-20T11:58:22-04:00'),(224,6,1,NULL,'Update hosting server 1','114.79.13.71','2013-03-20T11:58:28-04:00','2013-03-20T11:58:28-04:00'),(225,7,NULL,NULL,'Requesting WHM server action \"version\" with params \"Array\n(\n)\n\" ',NULL,'2013-03-20T11:58:28-04:00','2013-03-20T11:58:28-04:00'),(226,7,NULL,NULL,'Response: <html><head><META HTTP-EQUIV=\"refresh\" CONTENT=\"0;URL=https://server01-iix.secureserver.web.id:2087\"></head><body></body></html>\n',NULL,'2013-03-20T11:58:28-04:00','2013-03-20T11:58:28-04:00'),(227,7,NULL,NULL,'Auth type: hash',NULL,'2013-03-20T11:58:28-04:00','2013-03-20T11:58:28-04:00'),(228,2,NULL,NULL,'Function call \"version\" response is not valid, body: <html><head><META HTTP-EQUIV=\"refresh\" CONTENT=\"0;URL=https://server01-iix.secureserver.web.id:2087\"></head><body></body></html>\n',NULL,'2013-03-20T11:58:28-04:00','2013-03-20T11:58:28-04:00'),(229,7,NULL,NULL,'Requesting WHM server action \"version\" with params \"Array\n(\n)\n\" ',NULL,'2013-03-20T11:58:33-04:00','2013-03-20T11:58:33-04:00'),(230,7,NULL,NULL,'Response: <html><head><META HTTP-EQUIV=\"refresh\" CONTENT=\"0;URL=https://server01-iix.secureserver.web.id:2087\"></head><body></body></html>\n',NULL,'2013-03-20T11:58:33-04:00','2013-03-20T11:58:33-04:00'),(231,7,NULL,NULL,'Auth type: hash',NULL,'2013-03-20T11:58:33-04:00','2013-03-20T11:58:33-04:00'),(232,2,NULL,NULL,'Function call \"version\" response is not valid, body: <html><head><META HTTP-EQUIV=\"refresh\" CONTENT=\"0;URL=https://server01-iix.secureserver.web.id:2087\"></head><body></body></html>\n',NULL,'2013-03-20T11:58:33-04:00','2013-03-20T11:58:33-04:00'),(233,6,1,NULL,'Update hosting server 1','114.79.13.71','2013-03-20T11:58:34-04:00','2013-03-20T11:58:34-04:00'),(234,6,1,NULL,'Update hosting server 1','114.79.13.71','2013-03-20T11:58:37-04:00','2013-03-20T11:58:37-04:00'),(235,7,NULL,NULL,'Requesting WHM server action \"version\" with params \"Array\n(\n)\n\" ',NULL,'2013-03-20T11:58:38-04:00','2013-03-20T11:58:38-04:00'),(236,7,NULL,NULL,'Response: {\"cpanelresult\":{\"apiversion\":\"2\",\"error\":\"Access denied\",\"data\":{\"reason\":\"Access denied\",\"result\":\"0\"},\"type\":\"text\"}}\r\n',NULL,'2013-03-20T11:58:38-04:00','2013-03-20T11:58:38-04:00'),(237,7,NULL,NULL,'Auth type: hash',NULL,'2013-03-20T11:58:38-04:00','2013-03-20T11:58:38-04:00'),(238,2,NULL,NULL,'WHM server response error calling action version: \"Access denied\"',NULL,'2013-03-20T11:58:38-04:00','2013-03-20T11:58:38-04:00'),(239,7,NULL,NULL,'Requesting WHM server action \"version\" with params \"Array\n(\n)\n\" ',NULL,'2013-03-20T12:00:36-04:00','2013-03-20T12:00:36-04:00'),(240,7,NULL,NULL,'Response: {\"cpanelresult\":{\"apiversion\":\"2\",\"error\":\"Access denied\",\"data\":{\"reason\":\"Access denied\",\"result\":\"0\"},\"type\":\"text\"}}\r\n',NULL,'2013-03-20T12:00:36-04:00','2013-03-20T12:00:36-04:00'),(241,7,NULL,NULL,'Auth type: hash',NULL,'2013-03-20T12:00:36-04:00','2013-03-20T12:00:36-04:00'),(242,2,NULL,NULL,'WHM server response error calling action version: \"Access denied\"',NULL,'2013-03-20T12:00:36-04:00','2013-03-20T12:00:36-04:00'),(243,6,1,NULL,'Update hosting server 1','114.79.13.71','2013-03-20T12:00:57-04:00','2013-03-20T12:00:57-04:00'),(244,7,NULL,NULL,'Requesting WHM server action \"version\" with params \"Array\n(\n)\n\" ',NULL,'2013-03-20T12:00:57-04:00','2013-03-20T12:00:57-04:00'),(245,7,NULL,NULL,'Response: {\"cpanelresult\":{\"apiversion\":\"2\",\"error\":\"Access denied\",\"data\":{\"reason\":\"Access denied\",\"result\":\"0\"},\"type\":\"text\"}}\r\n',NULL,'2013-03-20T12:01:00-04:00','2013-03-20T12:01:00-04:00'),(246,7,NULL,NULL,'Auth type: hash',NULL,'2013-03-20T12:01:00-04:00','2013-03-20T12:01:00-04:00'),(247,2,NULL,NULL,'WHM server response error calling action version: \"Access denied\"',NULL,'2013-03-20T12:01:00-04:00','2013-03-20T12:01:00-04:00'),(248,6,1,NULL,'Update hosting server 1','114.79.13.71','2013-03-20T12:02:35-04:00','2013-03-20T12:02:35-04:00'),(249,6,1,NULL,'Update hosting server 1','114.79.13.71','2013-03-20T12:02:40-04:00','2013-03-20T12:02:40-04:00'),(250,6,1,NULL,'Activated order #8','114.79.13.71','2013-03-20T12:03:03-04:00','2013-03-20T12:03:03-04:00'),(251,6,1,NULL,'Update hosting server 1','114.79.13.71','2013-03-20T12:16:22-04:00','2013-03-20T12:16:22-04:00'),(252,6,1,NULL,'Update hosting server 1','114.79.13.71','2013-03-20T12:18:46-04:00','2013-03-20T12:18:46-04:00'),(253,7,NULL,NULL,'Requesting WHM server action \"version\" with params \"Array\n(\n)\n\" ',NULL,'2013-03-20T12:18:46-04:00','2013-03-20T12:18:46-04:00'),(254,6,1,NULL,'Update hosting server 1','114.79.13.71','2013-03-20T12:19:04-04:00','2013-03-20T12:19:04-04:00'),(255,7,NULL,NULL,'Requesting WHM server action \"version\" with params \"Array\n(\n)\n\" ',NULL,'2013-03-20T12:19:04-04:00','2013-03-20T12:19:04-04:00'),(256,7,NULL,NULL,'Response: {\"cpanelresult\":{\"apiversion\":\"2\",\"error\":\"Access denied\",\"data\":{\"reason\":\"Access denied\",\"result\":\"0\"},\"type\":\"text\"}}\r\n',NULL,'2013-03-20T12:19:04-04:00','2013-03-20T12:19:04-04:00'),(257,7,NULL,NULL,'Auth type: hash',NULL,'2013-03-20T12:19:04-04:00','2013-03-20T12:19:04-04:00'),(258,2,NULL,NULL,'WHM server response error calling action version: \"Access denied\"',NULL,'2013-03-20T12:19:04-04:00','2013-03-20T12:19:04-04:00'),(259,6,1,NULL,'Update hosting server 1','114.79.13.71','2013-03-20T12:19:11-04:00','2013-03-20T12:19:11-04:00'),(260,7,NULL,NULL,'Requesting WHM server action \"version\" with params \"Array\n(\n)\n\" ',NULL,'2013-03-20T12:19:11-04:00','2013-03-20T12:19:11-04:00'),(261,7,NULL,NULL,'Response: {\"cpanelresult\":{\"apiversion\":\"2\",\"error\":\"Access denied\",\"data\":{\"reason\":\"Access denied\",\"result\":\"0\"},\"type\":\"text\"}}\r\n',NULL,'2013-03-20T12:19:11-04:00','2013-03-20T12:19:11-04:00'),(262,7,NULL,NULL,'Auth type: hash',NULL,'2013-03-20T12:19:11-04:00','2013-03-20T12:19:11-04:00'),(263,2,NULL,NULL,'WHM server response error calling action version: \"Access denied\"',NULL,'2013-03-20T12:19:11-04:00','2013-03-20T12:19:11-04:00'),(264,6,1,NULL,'Update hosting server 1','114.79.13.71','2013-03-20T12:19:17-04:00','2013-03-20T12:19:17-04:00'),(265,7,NULL,NULL,'Requesting WHM server action \"version\" with params \"Array\n(\n)\n\" ',NULL,'2013-03-20T12:19:17-04:00','2013-03-20T12:19:17-04:00'),(266,7,NULL,NULL,'Response: <html><head><META HTTP-EQUIV=\"refresh\" CONTENT=\"0;URL=https://server01-iix.secureserver.web.id:2087\"></head><body></body></html>\n',NULL,'2013-03-20T12:19:18-04:00','2013-03-20T12:19:18-04:00'),(267,7,NULL,NULL,'Auth type: hash',NULL,'2013-03-20T12:19:18-04:00','2013-03-20T12:19:18-04:00'),(268,2,NULL,NULL,'Function call \"version\" response is not valid, body: <html><head><META HTTP-EQUIV=\"refresh\" CONTENT=\"0;URL=https://server01-iix.secureserver.web.id:2087\"></head><body></body></html>\n',NULL,'2013-03-20T12:19:18-04:00','2013-03-20T12:19:18-04:00'),(269,6,1,NULL,'Update hosting server 1','114.79.13.71','2013-03-20T12:19:24-04:00','2013-03-20T12:19:24-04:00'),(270,7,NULL,NULL,'Requesting WHM server action \"version\" with params \"Array\n(\n)\n\" ',NULL,'2013-03-20T12:19:24-04:00','2013-03-20T12:19:24-04:00'),(271,7,NULL,NULL,'Response: <html><head><META HTTP-EQUIV=\"refresh\" CONTENT=\"0;URL=https://server01-iix.secureserver.web.id:2087\"></head><body></body></html>\n',NULL,'2013-03-20T12:19:24-04:00','2013-03-20T12:19:24-04:00'),(272,7,NULL,NULL,'Auth type: hash',NULL,'2013-03-20T12:19:24-04:00','2013-03-20T12:19:24-04:00'),(273,2,NULL,NULL,'Function call \"version\" response is not valid, body: <html><head><META HTTP-EQUIV=\"refresh\" CONTENT=\"0;URL=https://server01-iix.secureserver.web.id:2087\"></head><body></body></html>\n',NULL,'2013-03-20T12:19:24-04:00','2013-03-20T12:19:24-04:00'),(274,6,1,NULL,'Update hosting server 1','114.79.13.71','2013-03-20T12:19:38-04:00','2013-03-20T12:19:38-04:00'),(275,7,NULL,NULL,'Requesting WHM server action \"version\" with params \"Array\n(\n)\n\" ',NULL,'2013-03-20T12:19:39-04:00','2013-03-20T12:19:39-04:00'),(276,7,NULL,NULL,'Response: <!DOCTYPE HTML PUBLIC \"-//IETF//DTD HTML 2.0//EN\">\n<html><head>\n<title>404 Not Found</title>\n</head><body>\n<h1>Not Found</h1>\n<p>The requested URL /whm:2087/json-api/version was not found on this server.</p>\n<p>Additionally, a 404 Not Found\nerror was encountered while trying to use an ErrorDocument to handle the request.</p>\n</body></html>\n',NULL,'2013-03-20T12:19:39-04:00','2013-03-20T12:19:39-04:00'),(277,7,NULL,NULL,'Auth type: hash',NULL,'2013-03-20T12:19:39-04:00','2013-03-20T12:19:39-04:00'),(278,2,NULL,NULL,'Function call \"version\" response is not valid, body: <!DOCTYPE HTML PUBLIC \"-//IETF//DTD HTML 2.0//EN\">\n<html><head>\n<title>404 Not Found</title>\n</head><body>\n<h1>Not Found</h1>\n<p>The requested URL /whm:2087/json-api/version was not found on this server.</p>\n<p>Additionally, a 404 Not Found\nerror was encountered while trying to use an ErrorDocument to handle the request.</p>\n</body></html>\n',NULL,'2013-03-20T12:19:39-04:00','2013-03-20T12:19:39-04:00'),(279,6,1,NULL,'Update hosting server 1','114.79.13.71','2013-03-20T12:20:22-04:00','2013-03-20T12:20:22-04:00'),(280,7,NULL,NULL,'Requesting WHM server action \"version\" with params \"Array\n(\n)\n\" ',NULL,'2013-03-20T12:20:22-04:00','2013-03-20T12:20:22-04:00'),(281,7,NULL,NULL,'Response: <html><head><META HTTP-EQUIV=\"refresh\" CONTENT=\"0;URL=https://server01-iix.secureserver.web.id:2087\"></head><body></body></html>\n',NULL,'2013-03-20T12:20:22-04:00','2013-03-20T12:20:22-04:00'),(282,7,NULL,NULL,'Auth type: hash',NULL,'2013-03-20T12:20:22-04:00','2013-03-20T12:20:22-04:00'),(283,2,NULL,NULL,'Function call \"version\" response is not valid, body: <html><head><META HTTP-EQUIV=\"refresh\" CONTENT=\"0;URL=https://server01-iix.secureserver.web.id:2087\"></head><body></body></html>\n',NULL,'2013-03-20T12:20:22-04:00','2013-03-20T12:20:22-04:00'),(284,7,NULL,NULL,'Requesting WHM server action \"version\" with params \"Array\n(\n)\n\" ',NULL,'2013-03-20T12:20:32-04:00','2013-03-20T12:20:32-04:00'),(285,7,NULL,NULL,'Response: <html><head><META HTTP-EQUIV=\"refresh\" CONTENT=\"0;URL=https://server01-iix.secureserver.web.id:2087\"></head><body></body></html>\n',NULL,'2013-03-20T12:20:32-04:00','2013-03-20T12:20:32-04:00'),(286,7,NULL,NULL,'Auth type: hash',NULL,'2013-03-20T12:20:32-04:00','2013-03-20T12:20:32-04:00'),(287,2,NULL,NULL,'Function call \"version\" response is not valid, body: <html><head><META HTTP-EQUIV=\"refresh\" CONTENT=\"0;URL=https://server01-iix.secureserver.web.id:2087\"></head><body></body></html>\n',NULL,'2013-03-20T12:20:32-04:00','2013-03-20T12:20:32-04:00'),(288,6,1,NULL,'Update hosting server 1','114.79.13.71','2013-03-20T12:20:32-04:00','2013-03-20T12:20:32-04:00'),(289,6,1,NULL,'Update hosting server 1','114.79.13.71','2013-03-20T12:20:36-04:00','2013-03-20T12:20:36-04:00'),(290,7,NULL,NULL,'Requesting WHM server action \"version\" with params \"Array\n(\n)\n\" ',NULL,'2013-03-20T12:20:36-04:00','2013-03-20T12:20:36-04:00'),(291,7,NULL,NULL,'Response: <html><head><META HTTP-EQUIV=\"refresh\" CONTENT=\"0;URL=https://server01-iix.secureserver.web.id:2087\"></head><body></body></html>\n',NULL,'2013-03-20T12:20:36-04:00','2013-03-20T12:20:36-04:00'),(292,7,NULL,NULL,'Auth type: hash',NULL,'2013-03-20T12:20:36-04:00','2013-03-20T12:20:36-04:00'),(293,2,NULL,NULL,'Function call \"version\" response is not valid, body: <html><head><META HTTP-EQUIV=\"refresh\" CONTENT=\"0;URL=https://server01-iix.secureserver.web.id:2087\"></head><body></body></html>\n',NULL,'2013-03-20T12:20:36-04:00','2013-03-20T12:20:36-04:00'),(294,7,NULL,NULL,'Requesting WHM server action \"version\" with params \"Array\n(\n)\n\" ',NULL,'2013-03-20T12:23:15-04:00','2013-03-20T12:23:15-04:00'),(295,7,NULL,NULL,'Response: <html><head><META HTTP-EQUIV=\"refresh\" CONTENT=\"0;URL=https://server01-iix.secureserver.web.id:2087\"></head><body></body></html>\n',NULL,'2013-03-20T12:23:15-04:00','2013-03-20T12:23:15-04:00'),(296,7,NULL,NULL,'Auth type: hash',NULL,'2013-03-20T12:23:15-04:00','2013-03-20T12:23:15-04:00'),(297,2,NULL,NULL,'Function call \"version\" response is not valid, body: <html><head><META HTTP-EQUIV=\"refresh\" CONTENT=\"0;URL=https://server01-iix.secureserver.web.id:2087\"></head><body></body></html>\n',NULL,'2013-03-20T12:23:15-04:00','2013-03-20T12:23:15-04:00'),(298,6,1,NULL,'Update hosting server 1','114.79.13.71','2013-03-20T12:23:15-04:00','2013-03-20T12:23:15-04:00'),(299,6,1,NULL,'Update hosting server 1','114.79.13.71','2013-03-20T12:23:20-04:00','2013-03-20T12:23:20-04:00'),(300,7,NULL,NULL,'Requesting WHM server action \"version\" with params \"Array\n(\n)\n\" ',NULL,'2013-03-20T12:23:20-04:00','2013-03-20T12:23:20-04:00'),(301,7,NULL,NULL,'Response: {\"version\":\"11.36.0.14\"}',NULL,'2013-03-20T12:23:20-04:00','2013-03-20T12:23:20-04:00'),(302,7,NULL,NULL,'Auth type: hash',NULL,'2013-03-20T12:23:20-04:00','2013-03-20T12:23:20-04:00'),(303,6,1,NULL,'Activated order #2','114.79.13.71','2013-03-20T12:30:12-04:00','2013-03-20T12:30:12-04:00'),(304,6,1,NULL,'Logged in as client #2','114.79.13.71','2013-03-20T12:32:55-04:00','2013-03-20T12:32:55-04:00'),(305,6,1,NULL,'Logged in as client #1','114.79.13.71','2013-03-20T12:36:27-04:00','2013-03-20T12:36:27-04:00'),(306,6,NULL,1,'Changed hosting account 2 password','114.79.13.71','2013-03-20T12:37:14-04:00','2013-03-20T12:37:14-04:00'),(307,6,NULL,1,'Submitted new ticket \"1\"','114.79.13.71','2013-03-20T12:38:09-04:00','2013-03-20T12:38:09-04:00'),(308,6,1,NULL,'Canceled order #2','114.79.13.71','2013-03-20T12:39:55-04:00','2013-03-20T12:39:55-04:00'),(309,6,1,NULL,'Closed ticket \"1\"','114.79.13.71','2013-03-20T12:40:53-04:00','2013-03-20T12:40:53-04:00'),(310,6,1,NULL,'Activated extension \"spamchecker\"','114.79.13.71','2013-03-20T12:41:39-04:00','2013-03-20T12:41:39-04:00'),(311,6,1,NULL,'Updated extension \"mod_spamchecker\" configuration','114.79.13.71','2013-03-20T12:42:01-04:00','2013-03-20T12:42:01-04:00'),(312,6,1,NULL,'Activated extension \"servicesolusvm\"','114.79.13.71','2013-03-20T12:42:47-04:00','2013-03-20T12:42:47-04:00'),(313,6,1,NULL,'Updated system general settings','114.79.13.71','2013-03-20T12:50:13-04:00','2013-03-20T12:50:13-04:00'),(314,6,1,NULL,'Activated extension \"example\"','114.79.13.71','2013-03-20T12:52:45-04:00','2013-03-20T12:52:45-04:00'),(315,6,1,NULL,'Deactivated extension \"mod example\"','114.79.13.71','2013-03-20T12:53:51-04:00','2013-03-20T12:53:51-04:00'),(316,6,1,NULL,'Activated extension \"servicecentovacast\"','114.79.13.71','2013-03-20T12:58:46-04:00','2013-03-20T12:58:46-04:00'),(317,6,1,NULL,'Deactivated extension \"mod servicecentovacast\"','114.79.13.71','2013-03-20T12:59:16-04:00','2013-03-20T12:59:16-04:00'),(318,6,1,NULL,'Activated extension \"serviceboxbillinglicense\"','114.79.13.71','2013-03-20T13:01:42-04:00','2013-03-20T13:01:42-04:00'),(319,6,1,NULL,'Updated configuration information.','114.79.13.71','2013-03-20T13:05:04-04:00','2013-03-20T13:05:04-04:00'),(320,6,1,NULL,'Created new product #29','114.79.13.71','2013-03-20T13:05:47-04:00','2013-03-20T13:05:47-04:00'),(321,6,1,NULL,'Deactivated extension \"mod serviceboxbillinglicense\"','114.79.13.71','2013-03-20T13:06:38-04:00','2013-03-20T13:06:38-04:00'),(322,6,1,NULL,'Deleted product #29','114.79.13.71','2013-03-20T13:07:47-04:00','2013-03-20T13:07:47-04:00'),(323,6,1,NULL,'Created new product category #8','114.79.13.71','2013-03-20T13:08:12-04:00','2013-03-20T13:08:12-04:00'),(324,6,1,NULL,'Created new product #30','114.79.13.71','2013-03-20T13:08:33-04:00','2013-03-20T13:08:33-04:00'),(325,6,1,NULL,'Updated product #30 configuration','114.79.13.71','2013-03-20T13:09:07-04:00','2013-03-20T13:09:07-04:00'),(326,6,1,NULL,'Updated product #30 configuration','114.79.13.71','2013-03-20T13:09:31-04:00','2013-03-20T13:09:31-04:00'),(327,6,1,NULL,'Updated product #30 configuration','114.79.13.71','2013-03-20T13:10:51-04:00','2013-03-20T13:10:51-04:00'),(328,6,1,NULL,'Deleted product #30','114.79.13.71','2013-03-20T13:12:54-04:00','2013-03-20T13:12:54-04:00'),(329,6,NULL,1,'Logged out','114.79.13.71','2013-03-20T13:14:09-04:00','2013-03-20T13:14:09-04:00'),(330,6,1,NULL,'Deactivated extension \"mod spamchecker\"','114.79.13.71','2013-03-20T13:15:08-04:00','2013-03-20T13:15:08-04:00'),(331,6,NULL,NULL,'Client #5 signed up','114.79.13.71','2013-03-20T13:15:18-04:00','2013-03-20T13:15:18-04:00'),(332,6,NULL,NULL,'Client #5 logged in','114.79.13.71','2013-03-20T13:15:18-04:00','2013-03-20T13:15:18-04:00'),(333,6,NULL,5,'Logged out','114.79.13.71','2013-03-20T13:16:45-04:00','2013-03-20T13:16:45-04:00'),(334,6,NULL,NULL,'Client #6 signed up','36.82.218.75','2013-03-20T13:40:10-04:00','2013-03-20T13:40:10-04:00'),(335,6,NULL,NULL,'Client #6 logged in','36.82.218.75','2013-03-20T13:40:11-04:00','2013-03-20T13:40:11-04:00'),(336,6,1,NULL,'Updated client #6 profile','114.79.12.97','2013-03-20T13:43:35-04:00','2013-03-20T13:43:35-04:00'),(337,6,1,NULL,'Logged in as client #6','114.79.12.97','2013-03-20T13:44:03-04:00','2013-03-20T13:44:03-04:00'),(338,6,NULL,NULL,'Added \"RADIO US 25\" to shopping cart','36.82.218.75','2013-03-20T13:45:24-04:00','2013-03-20T13:45:24-04:00'),(339,6,NULL,NULL,'Added \"RADIO US 25\" to shopping cart','114.79.12.97','2013-03-20T13:46:58-04:00','2013-03-20T13:46:58-04:00'),(340,6,NULL,6,'Checked out shopping cart','36.82.218.75','2013-03-20T13:47:03-04:00','2013-03-20T13:47:03-04:00'),(341,6,NULL,6,'Updated profile','36.82.218.75','2013-03-20T13:53:59-04:00','2013-03-20T13:53:59-04:00'),(342,6,1,NULL,'Logged in as client #6','114.79.12.97','2013-03-20T14:01:43-04:00','2013-03-20T14:01:43-04:00'),(343,6,NULL,NULL,'Staff member 1 logged in','206.53.152.167','2013-03-20T14:26:55-04:00','2013-03-20T14:26:55-04:00'),(344,6,1,NULL,'Invoice payment reminder sent','114.79.13.34','2013-03-20T22:46:27-04:00','2013-03-20T22:46:27-04:00'),(345,6,1,NULL,'Logged in as client #6','114.79.13.34','2013-03-20T22:48:11-04:00','2013-03-20T22:48:11-04:00'),(346,6,1,NULL,'Updated domain registrar Custom configuration','114.79.13.34','2013-03-20T22:50:20-04:00','2013-03-20T22:50:20-04:00'),(347,6,1,NULL,'Installed new domain registrar Resellerid','114.79.13.34','2013-03-20T22:50:40-04:00','2013-03-20T22:50:40-04:00'),(348,6,1,NULL,'Created new product #31','114.79.13.34','2013-03-20T22:53:09-04:00','2013-03-20T22:53:09-04:00'),(349,6,1,NULL,'Updated product #31 configuration','114.79.13.34','2013-03-20T22:54:51-04:00','2013-03-20T22:54:51-04:00'),(350,6,1,NULL,'Updated product #31 configuration','114.79.13.34','2013-03-20T22:55:03-04:00','2013-03-20T22:55:03-04:00'),(351,6,1,NULL,'Updated product #31 configuration','114.79.13.34','2013-03-20T22:55:12-04:00','2013-03-20T22:55:12-04:00'),(352,6,1,NULL,'Logged in as client #1','114.79.13.34','2013-03-21T00:25:20-04:00','2013-03-21T00:25:20-04:00'),(353,6,NULL,NULL,'Added \"VH-WEBHOST-100\" to shopping cart','114.79.13.34','2013-03-21T00:26:02-04:00','2013-03-21T00:26:02-04:00'),(354,6,NULL,1,'Checked out shopping cart','114.79.13.34','2013-03-21T00:26:08-04:00','2013-03-21T00:26:08-04:00'),(355,6,1,NULL,'Activated order #10','114.79.13.34','2013-03-21T00:27:58-04:00','2013-03-21T00:27:58-04:00'),(356,6,1,NULL,'Updated product #2 configuration','114.79.13.34','2013-03-21T00:29:42-04:00','2013-03-21T00:29:42-04:00'),(357,6,1,NULL,'Update order #10','114.79.13.34','2013-03-21T00:31:25-04:00','2013-03-21T00:31:25-04:00'),(358,6,1,NULL,'Update order #10','114.79.13.34','2013-03-21T00:34:25-04:00','2013-03-21T00:34:25-04:00'),(359,6,1,NULL,'Deleted order #10','114.79.13.34','2013-03-21T00:35:21-04:00','2013-03-21T00:35:21-04:00'),(360,6,1,NULL,'Activated order #4','114.79.13.34','2013-03-21T02:01:05-04:00','2013-03-21T02:01:05-04:00'),(361,6,1,NULL,'Logged in as client #4','114.79.13.34','2013-03-21T02:48:13-04:00','2013-03-21T02:48:13-04:00'),(362,6,1,NULL,'Logged in as client #4','114.79.13.34','2013-03-21T02:48:51-04:00','2013-03-21T02:48:51-04:00'),(363,6,NULL,NULL,'Added \"VH-WEBHOST-100\" to shopping cart','114.79.13.34','2013-03-21T02:49:31-04:00','2013-03-21T02:49:31-04:00'),(364,6,NULL,4,'Checked out shopping cart','114.79.13.34','2013-03-21T02:49:39-04:00','2013-03-21T02:49:39-04:00'),(365,6,1,NULL,'Activated extension \"massmailer\"','114.79.12.89','2013-03-21T03:28:56-04:00','2013-03-21T03:28:56-04:00'),(366,6,1,NULL,'Activated extension \"massmailer\"','114.79.12.89','2013-03-21T03:31:43-04:00','2013-03-21T03:31:43-04:00'),(367,6,1,NULL,'Created mail message #1','114.79.12.89','2013-03-21T03:32:04-04:00','2013-03-21T03:32:04-04:00'),(368,6,NULL,NULL,'Added \"RADIO US 150\" to shopping cart','114.79.12.89','2013-03-21T04:08:39-04:00','2013-03-21T04:08:39-04:00'),(369,6,NULL,4,'Checked out shopping cart','114.79.12.89','2013-03-21T04:08:45-04:00','2013-03-21T04:08:45-04:00'),(370,6,1,NULL,'Marked invoice \"12\" as paid','114.79.12.89','2013-03-21T04:09:24-04:00','2013-03-21T04:09:24-04:00'),(371,6,1,NULL,'Updated system general settings','114.79.12.89','2013-03-21T06:37:13-04:00','2013-03-21T06:37:13-04:00'),(372,6,NULL,NULL,'Client #7 signed up','114.79.19.49','2013-03-21T12:14:31-04:00','2013-03-21T12:14:31-04:00'),(373,6,NULL,NULL,'Client #7 logged in','114.79.19.49','2013-03-21T12:14:56-04:00','2013-03-21T12:14:56-04:00'),(374,6,NULL,NULL,'Added \"RADIO US 25\" to shopping cart','114.79.19.49','2013-03-21T12:44:20-04:00','2013-03-21T12:44:20-04:00'),(375,6,NULL,7,'Checked out shopping cart','114.79.19.49','2013-03-21T12:46:12-04:00','2013-03-21T12:46:12-04:00'),(376,6,NULL,7,'Logged out','114.79.19.49','2013-03-21T12:51:06-04:00','2013-03-21T12:51:06-04:00');

--
-- Table structure for table `admin`
--

CREATE TABLE `admin` (
  `id` bigint(20) NOT NULL AUTO_INCREMENT,
  `role` varchar(30) DEFAULT 'staff' COMMENT 'admin, staff',
  `admin_group_id` bigint(20) DEFAULT '1',
  `email` varchar(255) DEFAULT NULL,
  `pass` varchar(255) DEFAULT NULL,
  `salt` varchar(255) DEFAULT NULL,
  `name` varchar(255) DEFAULT NULL,
  `signature` varchar(255) DEFAULT NULL,
  `protected` tinyint(1) DEFAULT '0',
  `status` varchar(30) DEFAULT 'active' COMMENT 'active, inactive',
  `api_token` varchar(128) DEFAULT NULL,
  `permissions` text,
  `created_at` varchar(35) DEFAULT NULL,
  `updated_at` varchar(35) DEFAULT NULL,
  PRIMARY KEY (`id`),
  UNIQUE KEY `email` (`email`),
  KEY `admin_group_id_idx` (`admin_group_id`)
) ENGINE=MyISAM AUTO_INCREMENT=3 DEFAULT CHARSET=utf8;

--
-- Dumping data for table `admin`
--

INSERT INTO `admin` (`id`, `role`, `admin_group_id`, `email`, `pass`, `salt`, `name`, `signature`, `protected`, `status`, `api_token`, `permissions`, `created_at`, `updated_at`) VALUES (1,'admin',1,'domain@client.vinhostmedia.com','669d806afd17635328ecfc47ee4d6e96a57ef99d',NULL,'vinhostmedia',NULL,1,'active',NULL,NULL,'2013-03-19T14:55:12+07:00','2013-03-19T14:55:12+07:00'),(2,'cron',1,'G7Nk68mc@681MHu53.com','fa850cc20a284bc75df75482362831b26ef22529',NULL,'System Cron Job','',1,'active',NULL,NULL,'2013-03-19T03:56:01-04:00','2013-03-19T03:56:01-04:00');

--
-- Table structure for table `admin_group`
--

CREATE TABLE `admin_group` (
  `id` bigint(20) NOT NULL AUTO_INCREMENT,
  `name` varchar(255) DEFAULT NULL,
  `created_at` varchar(35) DEFAULT NULL,
  `updated_at` varchar(35) DEFAULT NULL,
  PRIMARY KEY (`id`)
) ENGINE=MyISAM AUTO_INCREMENT=3 DEFAULT CHARSET=utf8;

--
-- Dumping data for table `admin_group`
--

INSERT INTO `admin_group` (`id`, `name`, `created_at`, `updated_at`) VALUES (1,'Administrators','2012-01-01T12:00:00+00:00','2012-01-01T12:00:00+00:00'),(2,'Support','2012-01-01T12:00:00+00:00','2012-01-01T12:00:00+00:00');

--
-- Table structure for table `api_request`
--

CREATE TABLE `api_request` (
  `id` bigint(20) NOT NULL AUTO_INCREMENT,
  `ip` varchar(45) DEFAULT NULL,
  `request` text,
  `created_at` varchar(35) DEFAULT NULL,
  PRIMARY KEY (`id`)
) ENGINE=MyISAM AUTO_INCREMENT=352 DEFAULT CHARSET=utf8;

--
-- Dumping data for table `api_request`
--

INSERT INTO `api_request` (`id`, `ip`, `request`, `created_at`) VALUES (1,'114.79.12.106','/index.php/api/guest/staff/login','2013-03-19T03:57:02-04:00'),(2,'114.79.12.106','/index.php/api/guest/staff/login','2013-03-19T03:57:02-04:00'),(3,'114.79.12.106','/index.php/api/admin/system/update_params','2013-03-19T04:02:24-04:00'),(4,'114.79.12.106','/index.php/api/admin/system/update_params','2013-03-19T04:02:30-04:00'),(5,'114.79.12.106','/index.php/api/admin/product/category_create','2013-03-19T04:03:29-04:00'),(6,'114.79.12.106','/index.php/api/admin/product/prepare','2013-03-19T04:04:16-04:00'),(7,'114.79.12.106','/index.php/api/admin/product/update','2013-03-19T04:07:26-04:00'),(8,'114.79.12.106','/index.php/api/admin/product/update','2013-03-19T04:09:12-04:00'),(9,'114.79.12.106','/index.php/api/admin/currency/update','2013-03-19T04:12:39-04:00'),(10,'114.79.12.106','/index.php/api/admin/currency/create','2013-03-19T04:13:32-04:00'),(11,'114.79.12.106','/index.php/api/admin/currency/update','2013-03-19T04:13:49-04:00'),(12,'114.79.12.106','/index.php/api/admin/currency/update','2013-03-19T04:14:03-04:00'),(13,'114.79.12.106','/index.php/api/admin/currency/delete?code=USD','2013-03-19T04:14:15-04:00'),(14,'114.79.12.106','/index.php/api/guest/cart/add_item','2013-03-19T04:14:50-04:00'),(15,'114.79.12.106','/index.php/api/admin/currency/set_default?code=IDR','2013-03-19T04:16:05-04:00'),(16,'114.79.12.106','/index.php/api/admin/product/update','2013-03-19T04:16:44-04:00'),(17,'114.79.12.106','/index.php/api/guest/cart/set_currency','2013-03-19T04:17:02-04:00'),(18,'114.79.12.106','/index.php/api/admin/product/update','2013-03-19T04:18:01-04:00'),(19,'114.79.12.106','/index.php/api/guest/cart/add_item','2013-03-19T04:18:48-04:00'),(20,'114.79.12.106','/index.php/api/admin/product/prepare','2013-03-19T04:18:58-04:00'),(21,'114.79.12.106','/index.php/api/admin/product/delete?id=3','2013-03-19T04:19:25-04:00'),(22,'114.79.12.106','/index.php/api/admin/servicehosting/server_create','2013-03-19T04:21:54-04:00'),(23,'114.79.12.106','/index.php/api/admin/servicehosting/server_test_connection?id=1','2013-03-19T04:22:07-04:00'),(24,'114.79.12.106','/index.php/api/admin/servicehosting/server_test_connection','2013-03-19T04:23:29-04:00'),(25,'114.79.12.106','/index.php/api/admin/servicehosting/server_update','2013-03-19T04:23:30-04:00'),(26,'114.79.12.106','/index.php/api/admin/servicehosting/server_update','2013-03-19T04:23:46-04:00'),(27,'114.79.12.106','/index.php/api/guest/cart/add_item','2013-03-19T04:23:47-04:00'),(28,'114.79.12.106','/index.php/api/guest/cart/add_item','2013-03-19T04:24:22-04:00'),(29,'114.79.12.106','/index.php/api/guest/cart/add_item','2013-03-19T04:24:38-04:00'),(30,'114.79.12.106','/index.php/api/admin/product/update_config','2013-03-19T04:25:10-04:00'),(31,'114.79.12.106','/index.php/api/admin/servicehosting/hp_create','2013-03-19T04:25:54-04:00'),(32,'114.79.12.106','/index.php/api/guest/cart/add_item','2013-03-19T04:26:00-04:00'),(33,'114.79.12.106','/index.php/api/admin/servicehosting/hp_update','2013-03-19T04:26:57-04:00'),(34,'114.79.12.106','/index.php/api/guest/cart/add_item','2013-03-19T04:27:17-04:00'),(35,'114.79.12.106','/index.php/api/admin/servicehosting/hp_update','2013-03-19T04:27:31-04:00'),(36,'114.79.12.106','/index.php/api/guest/cart/add_item','2013-03-19T04:27:39-04:00'),(37,'114.79.12.106','/index.php/api/admin/product/update_config','2013-03-19T04:29:22-04:00'),(38,'114.79.12.106','/index.php/api/guest/cart/add_item','2013-03-19T04:29:26-04:00'),(39,'114.79.12.106','/index.php/api/guest/cart/add_item','2013-03-19T04:29:34-04:00'),(40,'114.79.12.106','/index.php/api/guest/cart/add_item','2013-03-19T04:29:43-04:00'),(41,'114.79.12.106','/index.php/api/guest/client/create','2013-03-19T04:30:07-04:00'),(42,'114.79.12.106','/index.php/api/guest/client/create','2013-03-19T04:30:16-04:00'),(43,'114.79.12.106','/index.php/api/client/cart/checkout','2013-03-19T04:30:28-04:00'),(44,'114.79.12.106','/index.php/api/guest/cart/add_item','2013-03-19T04:30:51-04:00'),(45,'114.79.12.106','/index.php/api/guest/cart/add_item','2013-03-19T04:30:59-04:00'),(46,'114.79.12.106','/index.php/api/guest/cart/add_item','2013-03-19T04:31:04-04:00'),(47,'114.79.12.106','/index.php/api/client/cart/checkout','2013-03-19T04:31:09-04:00'),(48,'114.79.12.106','/index.php/api/guest/invoice/update','2013-03-19T04:31:20-04:00'),(49,'114.79.12.106','/index.php/api/guest/invoice/update','2013-03-19T04:31:32-04:00'),(50,'114.79.12.106','/index.php/api/admin/product/update','2013-03-19T04:31:51-04:00'),(51,'114.79.12.106','/index.php/api/admin/invoice/mark_as_paid?id=2&execute=1','2013-03-19T04:34:51-04:00'),(52,'114.79.12.106','/index.php/api/admin/product/prepare','2013-03-19T04:38:21-04:00'),(53,'114.79.12.106','/index.php/api/admin/servicehosting/hp_create','2013-03-19T04:42:00-04:00'),(54,'114.79.12.106','/index.php/api/admin/servicehosting/hp_update','2013-03-19T04:42:35-04:00'),(55,'114.79.12.106','/index.php/api/admin/product/update','2013-03-19T04:44:10-04:00'),(56,'114.79.12.106','/index.php/api/guest/cart/add_item','2013-03-19T04:44:54-04:00'),(57,'114.79.12.106','/index.php/api/admin/product/update_config','2013-03-19T04:45:31-04:00'),(58,'114.79.12.106','/index.php/api/guest/cart/add_item','2013-03-19T04:45:36-04:00'),(59,'114.79.12.106','/index.php/api/admin/product/delete?id=1','2013-03-19T04:46:01-04:00'),(60,'114.79.12.106','/index.php/api/admin/product/prepare','2013-03-19T04:46:56-04:00'),(61,'114.79.12.106','/index.php/api/admin/servicehosting/hp_create','2013-03-19T04:47:25-04:00'),(62,'114.79.12.106','/index.php/api/admin/servicehosting/hp_update','2013-03-19T04:48:09-04:00'),(63,'114.79.12.106','/index.php/api/admin/servicehosting/hp_create','2013-03-19T04:49:40-04:00'),(64,'114.79.12.106','/index.php/api/admin/servicehosting/hp_update','2013-03-19T04:50:23-04:00'),(65,'114.79.12.106','/index.php/api/admin/servicehosting/hp_update','2013-03-19T04:52:09-04:00'),(66,'114.79.12.106','/index.php/api/admin/product/prepare','2013-03-19T04:53:20-04:00'),(67,'114.79.12.106','/index.php/api/admin/product/delete?id=6','2013-03-19T04:54:55-04:00'),(68,'114.79.12.106','/index.php/api/admin/product/update_config','2013-03-19T04:56:41-04:00'),(69,'114.79.12.106','/index.php/api/admin/product/prepare','2013-03-19T04:57:35-04:00'),(70,'114.79.12.106','/index.php/api/admin/product/update_config','2013-03-19T04:59:55-04:00'),(71,'114.79.12.106','/index.php/api/admin/product/update_config','2013-03-19T05:01:05-04:00'),(72,'114.79.12.106','/index.php/api/admin/product/update','2013-03-19T05:02:04-04:00'),(73,'114.79.12.106','/index.php/api/admin/product/update','2013-03-19T05:02:47-04:00'),(74,'114.79.12.106','/index.php/api/guest/cart/set_currency','2013-03-19T05:03:42-04:00'),(75,'114.79.12.106','/index.php/api/guest/cart/set_currency','2013-03-19T05:04:04-04:00'),(76,'114.79.12.106','/index.php/api/admin/product/update_config','2013-03-19T05:05:56-04:00'),(77,'114.79.12.106','/index.php/api/admin/product/update','2013-03-19T05:06:04-04:00'),(78,'114.79.12.106','/index.php/api/admin/product/category_update','2013-03-19T05:06:34-04:00'),(79,'114.79.12.106','/index.php/api/admin/product/update','2013-03-19T05:07:00-04:00'),(80,'114.79.12.106','/index.php/api/admin/product/prepare','2013-03-19T05:08:10-04:00'),(81,'114.79.12.106','/index.php/api/admin/product/prepare','2013-03-19T05:08:33-04:00'),(82,'114.79.12.106','/index.php/api/admin/product/prepare','2013-03-19T05:09:27-04:00'),(83,'114.79.12.106','/index.php/api/admin/product/prepare','2013-03-19T05:09:32-04:00'),(84,'114.79.12.106','/index.php/api/admin/product/delete?id=1','2013-03-19T05:10:08-04:00'),(85,'114.79.12.106','/index.php/api/admin/product/update','2013-03-19T05:21:00-04:00'),(86,'114.79.12.106','/index.php/api/guest/cart/add_item','2013-03-19T06:00:18-04:00'),(87,'114.79.12.94','/index.php/api/guest/cart/add_item','2013-03-19T10:06:30-04:00'),(88,'114.79.12.94','/index.php/api/guest/client/create','2013-03-19T10:06:59-04:00'),(89,'114.79.12.94','/index.php/api/client/cart/checkout','2013-03-19T10:07:04-04:00'),(90,'114.79.12.55','/index.php/api/guest/client/login','2013-03-20T00:58:03-04:00'),(91,'114.79.12.55','/index.php/api/admin/invoice/delete?id=3','2013-03-20T00:58:58-04:00'),(92,'114.79.12.55','/index.php/api/admin/invoice/update','2013-03-20T00:59:54-04:00'),(93,'114.79.12.55','/index.php/api/admin/filemanager/get_list','2013-03-20T01:03:43-04:00'),(94,'114.79.12.55','/index.php/api/admin/theme/preset_select','2013-03-20T01:04:57-04:00'),(95,'114.79.12.55','/index.php/api/admin/theme/preset_select','2013-03-20T01:06:47-04:00'),(96,'114.79.12.154','/index.php/api/admin/filemanager/get_list','2013-03-20T02:35:21-04:00'),(97,'114.79.12.154','/index.php/api/admin/filemanager/save_file','2013-03-20T02:36:18-04:00'),(98,'114.79.12.154','/index.php/api/admin/product/delete?id=1','2013-03-20T02:40:12-04:00'),(99,'114.79.12.154','/index.php/api/admin/product/prepare','2013-03-20T02:41:03-04:00'),(100,'114.79.12.154','/index.php/api/admin/product/update','2013-03-20T02:51:32-04:00'),(101,'114.79.12.154','/index.php/api/admin/product/update','2013-03-20T02:52:20-04:00'),(102,'114.79.12.154','/index.php/api/admin/product/prepare','2013-03-20T02:56:01-04:00'),(103,'114.79.12.154','/index.php/api/admin/product/update','2013-03-20T02:58:00-04:00'),(104,'114.79.12.154','/index.php/api/admin/product/update','2013-03-20T02:58:23-04:00'),(105,'114.79.12.154','/index.php/api/guest/cart/add_item','2013-03-20T02:58:37-04:00'),(106,'114.79.12.154','/index.php/api/admin/product/prepare','2013-03-20T03:08:19-04:00'),(107,'114.79.12.154','/index.php/api/admin/product/update','2013-03-20T03:11:04-04:00'),(108,'114.79.12.154','/index.php/api/admin/product/prepare','2013-03-20T03:11:30-04:00'),(109,'114.79.12.154','/index.php/api/admin/product/update','2013-03-20T03:13:17-04:00'),(110,'114.79.12.154','/index.php/api/admin/product/prepare','2013-03-20T03:15:07-04:00'),(111,'114.79.12.154','/index.php/api/admin/product/update','2013-03-20T03:16:42-04:00'),(112,'114.79.12.154','/index.php/api/admin/product/prepare','2013-03-20T03:19:42-04:00'),(113,'114.79.13.71','/index.php/api/admin/product/prepare','2013-03-20T03:23:02-04:00'),(114,'114.79.13.71','/index.php/api/admin/product/update','2013-03-20T03:25:31-04:00'),(115,'114.79.13.71','/index.php/api/admin/product/update','2013-03-20T03:25:48-04:00'),(116,'114.79.13.71','/index.php/api/admin/product/delete?id=13','2013-03-20T03:26:11-04:00'),(117,'114.79.13.71','/index.php/api/admin/product/category_create','2013-03-20T03:26:28-04:00'),(118,'114.79.13.71','/index.php/api/admin/product/category_update','2013-03-20T03:27:06-04:00'),(119,'114.79.13.71','/index.php/api/admin/product/prepare','2013-03-20T04:01:53-04:00'),(120,'114.79.13.71','/index.php/api/admin/product/update','2013-03-20T04:03:13-04:00'),(121,'114.79.13.71','/index.php/api/admin/product/prepare','2013-03-20T04:03:48-04:00'),(122,'114.79.13.71','/index.php/api/admin/product/update','2013-03-20T04:04:49-04:00'),(123,'114.79.13.71','/index.php/api/admin/product/prepare','2013-03-20T04:05:06-04:00'),(124,'114.79.13.71','/index.php/api/admin/product/update','2013-03-20T04:06:14-04:00'),(125,'114.79.13.71','/index.php/api/admin/product/prepare','2013-03-20T04:06:47-04:00'),(126,'114.79.13.71','/index.php/api/admin/product/update','2013-03-20T04:07:49-04:00'),(127,'114.79.13.71','/index.php/api/admin/product/update','2013-03-20T04:08:48-04:00'),(128,'114.79.13.71','/index.php/api/admin/product/update','2013-03-20T04:10:21-04:00'),(129,'114.79.13.71','/index.php/api/admin/product/update','2013-03-20T04:11:00-04:00'),(130,'114.79.13.71','/index.php/api/admin/product/prepare','2013-03-20T04:12:41-04:00'),(131,'114.79.13.71','/index.php/api/admin/product/update','2013-03-20T04:14:47-04:00'),(132,'114.79.13.71','/index.php/api/admin/product/update','2013-03-20T04:23:18-04:00'),(133,'114.79.13.71','/index.php/api/admin/product/update','2013-03-20T04:24:02-04:00'),(134,'114.79.13.71','/index.php/api/admin/product/category_create','2013-03-20T04:28:28-04:00'),(135,'114.79.13.71','/index.php/api/admin/product/prepare','2013-03-20T04:28:44-04:00'),(136,'114.79.13.71','/index.php/api/admin/product/update','2013-03-20T04:29:47-04:00'),(137,'114.79.13.71','/index.php/api/admin/product/prepare','2013-03-20T04:31:38-04:00'),(138,'114.79.13.71','/index.php/api/admin/product/update','2013-03-20T04:32:28-04:00'),(139,'114.79.13.71','/index.php/api/admin/product/category_create','2013-03-20T04:34:18-04:00'),(140,'114.79.13.71','/index.php/api/admin/product/prepare','2013-03-20T04:34:39-04:00'),(141,'114.79.13.71','/index.php/api/admin/product/update','2013-03-20T04:36:52-04:00'),(142,'114.79.13.71','/index.php/api/admin/product/prepare','2013-03-20T04:37:27-04:00'),(143,'114.79.13.71','/index.php/api/admin/product/update','2013-03-20T04:38:52-04:00'),(144,'114.79.13.71','/index.php/api/admin/product/prepare','2013-03-20T04:39:14-04:00'),(145,'114.79.13.71','/index.php/api/admin/product/update','2013-03-20T04:40:37-04:00'),(146,'114.79.13.71','/index.php/api/admin/product/update','2013-03-20T04:42:01-04:00'),(147,'114.79.13.71','/index.php/api/admin/product/category_create','2013-03-20T04:48:26-04:00'),(148,'114.79.13.71','/index.php/api/admin/product/prepare','2013-03-20T04:49:06-04:00'),(149,'114.79.13.71','/index.php/api/admin/product/update','2013-03-20T04:50:09-04:00'),(150,'114.79.13.71','/index.php/api/admin/product/prepare','2013-03-20T04:50:47-04:00'),(151,'114.79.13.71','/index.php/api/admin/product/update','2013-03-20T04:51:42-04:00'),(152,'114.79.13.71','/index.php/api/guest/cart/add_item','2013-03-20T04:58:07-04:00'),(153,'114.79.13.71','/index.php/api/guest/client/create','2013-03-20T04:58:38-04:00'),(154,'114.79.13.71','/index.php/api/client/cart/checkout','2013-03-20T04:58:48-04:00'),(155,'114.79.13.71','/index.php/api/guest/cart/add_item','2013-03-20T04:59:17-04:00'),(156,'114.79.13.71','/index.php/api/client/cart/checkout','2013-03-20T04:59:21-04:00'),(157,'114.79.13.71','/index.php/api/guest/invoice/update','2013-03-20T04:59:30-04:00'),(158,'114.79.13.71','/index.php/api/admin/invoice/send_reminder?id=5','2013-03-20T05:02:57-04:00'),(159,'114.79.13.71','/index.php/api/admin/invoice/mark_as_paid?id=5&execute=1','2013-03-20T05:03:17-04:00'),(160,'114.79.13.71','/index.php/api/admin/invoice/update','2013-03-20T05:20:15-04:00'),(161,'114.79.13.71','/index.php/api/admin/product/category_create','2013-03-20T05:52:42-04:00'),(162,'114.79.13.71','/index.php/api/admin/product/prepare','2013-03-20T05:52:54-04:00'),(163,'114.79.13.71','/index.php/api/admin/product/update','2013-03-20T05:53:52-04:00'),(164,'114.79.13.71','/index.php/api/guest/cart/add_item','2013-03-20T05:54:39-04:00'),(165,'114.79.13.71','/index.php/api/admin/product/update','2013-03-20T05:55:10-04:00'),(166,'180.247.137.186','/index.php/api/guest/client/create','2013-03-20T05:59:51-04:00'),(167,'180.247.137.186','/index.php/api/guest/client/create','2013-03-20T06:00:18-04:00'),(168,'180.247.137.186','/index.php/api/guest/client/create','2013-03-20T06:00:42-04:00'),(169,'180.247.137.186','/index.php/api/guest/client/create','2013-03-20T06:00:56-04:00'),(170,'180.247.137.186','/index.php/api/guest/client/login','2013-03-20T06:00:57-04:00'),(171,'114.79.13.71','/index.php/api/admin/product/promo_create','2013-03-20T06:01:59-04:00'),(172,'114.79.13.71','/index.php/api/guest/cart/add_item','2013-03-20T06:02:21-04:00'),(173,'114.79.13.71','/index.php/api/guest/cart/apply_promo','2013-03-20T06:02:29-04:00'),(174,'114.79.13.71','/index.php/api/admin/product/promo_update','2013-03-20T06:03:06-04:00'),(175,'114.79.13.71','/index.php/api/guest/staff/login','2013-03-20T06:27:01-04:00'),(176,'114.79.13.71','/index.php/api/guest/staff/login','2013-03-20T06:27:02-04:00'),(177,'114.79.13.71','/index.php/api/guest/staff/login','2013-03-20T06:27:38-04:00'),(178,'114.79.13.71','/index.php/api/guest/staff/login','2013-03-20T06:27:44-04:00'),(179,'114.79.13.71','/index.php/api/guest/staff/login','2013-03-20T06:28:10-04:00'),(180,'180.247.137.186','/index.php/api/guest/client/login','2013-03-20T07:43:17-04:00'),(181,'180.247.137.186','/index.php/api/guest/cart/add_item','2013-03-20T07:44:52-04:00'),(182,'180.247.137.186','/index.php/api/guest/cart/apply_promo','2013-03-20T07:45:43-04:00'),(183,'180.247.137.186','/index.php/api/client/cart/checkout','2013-03-20T07:46:01-04:00'),(184,'180.247.137.186','/index.php/api/client/order/delete?id=6','2013-03-20T07:47:01-04:00'),(185,'180.247.137.186','/index.php/api/guest/cart/add_item','2013-03-20T07:48:03-04:00'),(186,'180.247.137.186','/index.php/api/guest/cart/apply_promo','2013-03-20T07:48:12-04:00'),(187,'180.247.137.186','/index.php/api/client/cart/checkout','2013-03-20T07:48:17-04:00'),(188,'180.247.137.186','/index.php/api/guest/invoice/update','2013-03-20T07:54:35-04:00'),(189,'114.79.13.71','/index.php/api/admin/product/prepare','2013-03-20T09:42:51-04:00'),(190,'114.79.13.71','/index.php/api/admin/product/update','2013-03-20T09:44:28-04:00'),(191,'114.79.13.71','/index.php/api/admin/client/login?id=4','2013-03-20T09:53:40-04:00'),(192,'114.79.13.71','/index.php/api/admin/client/balance_add_funds','2013-03-20T10:25:51-04:00'),(193,'114.79.13.71','/index.php/api/admin/client/login?id=3','2013-03-20T10:26:19-04:00'),(194,'114.79.13.71','/index.php/api/admin/product/promo_create','2013-03-20T10:48:18-04:00'),(195,'114.79.13.71','/index.php/api/admin/product/promo_create','2013-03-20T10:52:36-04:00'),(196,'114.79.13.71','/index.php/api/admin/servicehosting/server_test_connection?id=1','2013-03-20T11:47:57-04:00'),(197,'114.79.13.71','/index.php/api/admin/servicehosting/server_update','2013-03-20T11:48:46-04:00'),(198,'114.79.13.71','/index.php/api/admin/servicehosting/server_test_connection','2013-03-20T11:48:46-04:00'),(199,'114.79.13.71','/index.php/api/admin/servicehosting/server_update','2013-03-20T11:49:15-04:00'),(200,'114.79.13.71','/index.php/api/admin/servicehosting/server_update','2013-03-20T11:49:19-04:00'),(201,'114.79.13.71','/index.php/api/admin/servicehosting/server_test_connection','2013-03-20T11:49:19-04:00'),(202,'114.79.13.71','/index.php/api/admin/servicehosting/server_test_connection?id=1','2013-03-20T11:49:31-04:00'),(203,'114.79.13.71','/index.php/api/admin/servicehosting/server_update','2013-03-20T11:49:52-04:00'),(204,'114.79.13.71','/index.php/api/admin/servicehosting/server_test_connection','2013-03-20T11:49:53-04:00'),(205,'114.79.13.71','/index.php/api/admin/servicehosting/server_update','2013-03-20T11:50:39-04:00'),(206,'114.79.13.71','/index.php/api/admin/servicehosting/server_test_connection','2013-03-20T11:50:40-04:00'),(207,'114.79.13.71','/index.php/api/admin/servicehosting/server_update','2013-03-20T11:50:45-04:00'),(208,'114.79.13.71','/index.php/api/admin/servicehosting/server_test_connection','2013-03-20T11:50:45-04:00'),(209,'114.79.13.71','/index.php/api/admin/servicehosting/server_update','2013-03-20T11:50:59-04:00'),(210,'114.79.13.71','/index.php/api/admin/servicehosting/server_test_connection','2013-03-20T11:50:59-04:00'),(211,'114.79.13.71','/index.php/api/admin/servicehosting/server_test_connection?id=1','2013-03-20T11:51:09-04:00'),(212,'114.79.13.71','/index.php/api/guest/cart/add_item','2013-03-20T11:52:02-04:00'),(213,'114.79.13.71','/index.php/api/guest/client/login','2013-03-20T11:52:25-04:00'),(214,'114.79.13.71','/index.php/api/client/cart/checkout','2013-03-20T11:52:31-04:00'),(215,'114.79.13.71','/index.php/api/admin/invoice/mark_as_paid?id=8&execute=1','2013-03-20T11:52:53-04:00'),(216,'114.79.13.71','/index.php/api/admin/servicehosting/server_test_connection?id=1','2013-03-20T11:57:33-04:00'),(217,'114.79.13.71','/index.php/api/admin/servicehosting/server_update','2013-03-20T11:58:07-04:00'),(218,'114.79.13.71','/index.php/api/admin/servicehosting/server_test_connection','2013-03-20T11:58:07-04:00'),(219,'114.79.13.71','/index.php/api/admin/servicehosting/server_update','2013-03-20T11:58:12-04:00'),(220,'114.79.13.71','/index.php/api/admin/servicehosting/server_test_connection','2013-03-20T11:58:12-04:00'),(221,'114.79.13.71','/index.php/api/admin/servicehosting/server_test_connection','2013-03-20T11:58:22-04:00'),(222,'114.79.13.71','/index.php/api/admin/servicehosting/server_update','2013-03-20T11:58:22-04:00'),(223,'114.79.13.71','/index.php/api/admin/servicehosting/server_update','2013-03-20T11:58:28-04:00'),(224,'114.79.13.71','/index.php/api/admin/servicehosting/server_test_connection','2013-03-20T11:58:28-04:00'),(225,'114.79.13.71','/index.php/api/admin/servicehosting/server_test_connection','2013-03-20T11:58:33-04:00'),(226,'114.79.13.71','/index.php/api/admin/servicehosting/server_update','2013-03-20T11:58:34-04:00'),(227,'114.79.13.71','/index.php/api/admin/servicehosting/server_update','2013-03-20T11:58:37-04:00'),(228,'114.79.13.71','/index.php/api/admin/servicehosting/server_test_connection','2013-03-20T11:58:38-04:00'),(229,'114.79.13.71','/index.php/api/admin/servicehosting/server_test_connection?id=1','2013-03-20T12:00:36-04:00'),(230,'114.79.13.71','/index.php/api/admin/servicehosting/server_update','2013-03-20T12:00:57-04:00'),(231,'114.79.13.71','/index.php/api/admin/servicehosting/server_test_connection','2013-03-20T12:00:57-04:00'),(232,'114.79.13.71','/index.php/api/admin/filemanager/get_list','2013-03-20T12:01:22-04:00'),(233,'114.79.13.71','/index.php/api/admin/order/activate?id=8','2013-03-20T12:02:05-04:00'),(234,'114.79.13.71','/index.php/api/admin/servicehosting/server_update','2013-03-20T12:02:35-04:00'),(235,'114.79.13.71','/index.php/api/admin/servicehosting/server_test_connection','2013-03-20T12:02:35-04:00'),(236,'114.79.13.71','/index.php/api/admin/servicehosting/server_update','2013-03-20T12:02:40-04:00'),(237,'114.79.13.71','/index.php/api/admin/servicehosting/server_test_connection','2013-03-20T12:02:40-04:00'),(238,'114.79.13.71','/index.php/api/admin/order/activate?id=8','2013-03-20T12:03:01-04:00'),(239,'114.79.13.71','/index.php/api/admin/servicehosting/server_update','2013-03-20T12:16:22-04:00'),(240,'114.79.13.71','/index.php/api/admin/servicehosting/server_test_connection','2013-03-20T12:16:23-04:00'),(241,'114.79.13.71','/index.php/api/admin/servicehosting/server_update','2013-03-20T12:18:46-04:00'),(242,'114.79.13.71','/index.php/api/admin/servicehosting/server_test_connection','2013-03-20T12:18:46-04:00'),(243,'114.79.13.71','/index.php/api/admin/servicehosting/server_update','2013-03-20T12:19:04-04:00'),(244,'114.79.13.71','/index.php/api/admin/servicehosting/server_test_connection','2013-03-20T12:19:04-04:00'),(245,'114.79.13.71','/index.php/api/admin/servicehosting/server_update','2013-03-20T12:19:11-04:00'),(246,'114.79.13.71','/index.php/api/admin/servicehosting/server_test_connection','2013-03-20T12:19:11-04:00'),(247,'114.79.13.71','/index.php/api/admin/servicehosting/server_update','2013-03-20T12:19:17-04:00'),(248,'114.79.13.71','/index.php/api/admin/servicehosting/server_test_connection','2013-03-20T12:19:17-04:00'),(249,'114.79.13.71','/index.php/api/admin/servicehosting/server_update','2013-03-20T12:19:24-04:00'),(250,'114.79.13.71','/index.php/api/admin/servicehosting/server_test_connection','2013-03-20T12:19:24-04:00'),(251,'114.79.13.71','/index.php/api/admin/servicehosting/server_update','2013-03-20T12:19:38-04:00'),(252,'114.79.13.71','/index.php/api/admin/servicehosting/server_test_connection','2013-03-20T12:19:39-04:00'),(253,'114.79.13.71','/index.php/api/admin/servicehosting/server_update','2013-03-20T12:20:22-04:00'),(254,'114.79.13.71','/index.php/api/admin/servicehosting/server_test_connection','2013-03-20T12:20:22-04:00'),(255,'114.79.13.71','/index.php/api/admin/servicehosting/server_test_connection','2013-03-20T12:20:32-04:00'),(256,'114.79.13.71','/index.php/api/admin/servicehosting/server_update','2013-03-20T12:20:32-04:00'),(257,'114.79.13.71','/index.php/api/admin/servicehosting/server_update','2013-03-20T12:20:36-04:00'),(258,'114.79.13.71','/index.php/api/admin/servicehosting/server_test_connection','2013-03-20T12:20:36-04:00'),(259,'114.79.13.71','/index.php/api/admin/servicehosting/server_test_connection','2013-03-20T12:23:15-04:00'),(260,'114.79.13.71','/index.php/api/admin/servicehosting/server_update','2013-03-20T12:23:15-04:00'),(261,'114.79.13.71','/index.php/api/admin/servicehosting/server_update','2013-03-20T12:23:20-04:00'),(262,'114.79.13.71','/index.php/api/admin/servicehosting/server_test_connection','2013-03-20T12:23:20-04:00'),(263,'114.79.13.71','/index.php/api/admin/order/activate?id=2','2013-03-20T12:30:01-04:00'),(264,'114.79.13.71','/index.php/api/admin/order/activate?id=2','2013-03-20T12:30:31-04:00'),(265,'114.79.13.71','/index.php/api/admin/order/activate?id=2','2013-03-20T12:30:46-04:00'),(266,'114.79.13.71','/index.php/api/admin/client/login?id=2','2013-03-20T12:32:55-04:00'),(267,'114.79.13.71','/index.php/api/admin/client/login?id=1','2013-03-20T12:36:27-04:00'),(268,'114.79.13.71','/index.php/api/client/servicehosting/change_password','2013-03-20T12:37:14-04:00'),(269,'114.79.13.71','/index.php/api/client/support/ticket_create','2013-03-20T12:38:08-04:00'),(270,'114.79.13.71','/index.php/api/admin/order/cancel?id=2&reason=request','2013-03-20T12:39:52-04:00'),(271,'114.79.13.71','/index.php/api/admin/support/ticket_close?id=1','2013-03-20T12:40:52-04:00'),(272,'114.79.13.71','/index.php/api/admin/extension/activate?type=mod&id=spamchecker','2013-03-20T12:41:39-04:00'),(273,'114.79.13.71','/index.php/api/admin/extension/config_save','2013-03-20T12:42:01-04:00'),(274,'114.79.13.71','/index.php/api/admin/extension/activate?type=mod&id=servicesolusvm','2013-03-20T12:42:47-04:00'),(275,'114.79.13.71','/index.php/api/admin/system/update_params','2013-03-20T12:50:13-04:00'),(276,'114.79.13.71','/index.php/api/admin/extension/activate?type=mod&id=example','2013-03-20T12:52:44-04:00'),(277,'114.79.13.71','/index.php/api/admin/extension/deactivate?type=mod&id=example','2013-03-20T12:53:51-04:00'),(278,'114.79.13.71','/index.php/api/admin/extension/activate?type=mod&id=servicecentovacast','2013-03-20T12:58:45-04:00'),(279,'114.79.13.71','/index.php/api/admin/extension/deactivate?type=mod&id=servicecentovacast','2013-03-20T12:59:16-04:00'),(280,'114.79.13.71','/index.php/api/admin/extension/activate?type=mod&id=serviceboxbillinglicense','2013-03-20T13:01:42-04:00'),(281,'114.79.13.71','/index.php/api/admin/serviceboxbillinglicense/config_update','2013-03-20T13:05:04-04:00'),(282,'114.79.13.71','/index.php/api/admin/serviceboxbillinglicense/become_partner','2013-03-20T13:05:12-04:00'),(283,'114.79.13.71','/index.php/api/admin/product/prepare','2013-03-20T13:05:47-04:00'),(284,'114.79.13.71','/index.php/api/admin/serviceboxbillinglicense/test_connection','2013-03-20T13:06:10-04:00'),(285,'114.79.13.71','/index.php/api/admin/extension/deactivate?type=mod&id=serviceboxbillinglicense','2013-03-20T13:06:38-04:00'),(286,'114.79.13.71','/index.php/api/admin/product/delete?id=29','2013-03-20T13:07:47-04:00'),(287,'114.79.13.71','/index.php/api/admin/product/category_create','2013-03-20T13:08:12-04:00'),(288,'114.79.13.71','/index.php/api/admin/product/prepare','2013-03-20T13:08:33-04:00'),(289,'114.79.13.71','/index.php/api/admin/product/update','2013-03-20T13:09:06-04:00'),(290,'114.79.13.71','/index.php/api/admin/product/update_config','2013-03-20T13:09:31-04:00'),(291,'114.79.13.71','/index.php/api/admin/product/update_config','2013-03-20T13:10:51-04:00'),(292,'114.79.13.71','/index.php/api/admin/product/delete?id=30','2013-03-20T13:12:54-04:00'),(293,'114.79.13.71','/index.php/api/client/client/logout','2013-03-20T13:14:09-04:00'),(294,'114.79.13.71','/index.php/api/guest/client/create','2013-03-20T13:14:35-04:00'),(295,'114.79.13.71','/index.php/api/admin/extension/deactivate?type=mod&id=spamchecker','2013-03-20T13:15:08-04:00'),(296,'114.79.13.71','/index.php/api/guest/client/create','2013-03-20T13:15:16-04:00'),(297,'114.79.13.71','/index.php/api/guest/client/login','2013-03-20T13:15:18-04:00'),(298,'114.79.13.71','/index.php/api/client/client/logout','2013-03-20T13:16:45-04:00'),(299,'36.82.218.75','/index.php/api/guest/client/create','2013-03-20T13:40:08-04:00'),(300,'36.82.218.75','/index.php/api/guest/client/login','2013-03-20T13:40:11-04:00'),(301,'114.79.12.97','/index.php/api/admin/client/balance_add_funds','2013-03-20T13:42:14-04:00'),(302,'114.79.12.97','/index.php/api/admin/client/balance_add_funds','2013-03-20T13:42:56-04:00'),(303,'114.79.12.97','/index.php/api/admin/client/update','2013-03-20T13:43:35-04:00'),(304,'114.79.12.97','/index.php/api/admin/client/balance_add_funds','2013-03-20T13:43:43-04:00'),(305,'114.79.12.97','/index.php/api/admin/client/login?id=6','2013-03-20T13:44:03-04:00'),(306,'36.82.218.75','/index.php/api/guest/cart/add_item','2013-03-20T13:45:24-04:00'),(307,'114.79.12.97','/index.php/api/guest/cart/add_item','2013-03-20T13:46:58-04:00'),(308,'36.82.218.75','/index.php/api/client/cart/checkout','2013-03-20T13:47:01-04:00'),(309,'36.82.218.75','/index.php/api/client/client/update','2013-03-20T13:53:59-04:00'),(310,'114.79.12.97','/index.php/api/admin/client/login?id=6','2013-03-20T14:01:43-04:00'),(311,'206.53.152.167','/index.php/api/guest/staff/login','2013-03-20T14:26:55-04:00'),(312,'114.79.13.34','/index.php/api/admin/invoice/send_reminder?id=7','2013-03-20T22:46:26-04:00'),(313,'114.79.13.34','/index.php/api/admin/client/login?id=6','2013-03-20T22:48:11-04:00'),(314,'114.79.13.34','/index.php/api/admin/servicedomain/registrar_update','2013-03-20T22:50:20-04:00'),(315,'114.79.13.34','/index.php/api/admin/servicedomain/registrar_install?code=Resellerid','2013-03-20T22:50:40-04:00'),(316,'114.79.13.34','/index.php/api/admin/product/prepare','2013-03-20T22:53:09-04:00'),(317,'114.79.13.34','/index.php/api/admin/product/update','2013-03-20T22:54:51-04:00'),(318,'114.79.13.34','/index.php/api/admin/product/update','2013-03-20T22:55:03-04:00'),(319,'114.79.13.34','/index.php/api/admin/product/update','2013-03-20T22:55:12-04:00'),(320,'114.79.13.34','/index.php/api/admin/filemanager/get_list','2013-03-20T22:59:11-04:00'),(321,'114.79.13.34','/index.php/api/admin/filemanager/new_item','2013-03-20T22:59:43-04:00'),(322,'114.79.13.34','/index.php/api/admin/filemanager/get_list','2013-03-20T22:59:43-04:00'),(323,'114.79.13.34','/index.php/api/admin/client/balance_add_funds','2013-03-21T00:25:15-04:00'),(324,'114.79.13.34','/index.php/api/admin/client/login?id=1','2013-03-21T00:25:20-04:00'),(325,'114.79.13.34','/index.php/api/guest/cart/add_item','2013-03-21T00:26:02-04:00'),(326,'114.79.13.34','/index.php/api/client/cart/checkout','2013-03-21T00:26:06-04:00'),(327,'114.79.13.34','/index.php/api/admin/order/activate?id=10','2013-03-21T00:27:49-04:00'),(328,'114.79.13.34','/index.php/api/admin/order/activate?id=10','2013-03-21T00:28:17-04:00'),(329,'114.79.13.34','/index.php/api/admin/product/update','2013-03-21T00:29:41-04:00'),(330,'114.79.13.34','/index.php/api/admin/order/update','2013-03-21T00:31:25-04:00'),(331,'114.79.13.34','/index.php/api/admin/order/update','2013-03-21T00:34:25-04:00'),(332,'114.79.13.34','/index.php/api/admin/order/delete?id=10','2013-03-21T00:35:21-04:00'),(333,'114.79.13.34','/index.php/api/admin/order/activate?id=4','2013-03-21T02:01:05-04:00'),(334,'114.79.13.34','/index.php/api/admin/client/login?id=4','2013-03-21T02:48:13-04:00'),(335,'114.79.13.34','/index.php/api/admin/client/balance_add_funds','2013-03-21T02:48:42-04:00'),(336,'114.79.13.34','/index.php/api/admin/client/login?id=4','2013-03-21T02:48:51-04:00'),(337,'114.79.13.34','/index.php/api/guest/cart/add_item','2013-03-21T02:49:31-04:00'),(338,'114.79.13.34','/index.php/api/client/cart/checkout','2013-03-21T02:49:37-04:00'),(339,'114.79.12.89','/index.php/api/client/servicehosting/change_password','2013-03-21T03:00:43-04:00'),(340,'114.79.12.89','/index.php/api/admin/extension/activate?type=mod&id=massmailer','2013-03-21T03:28:45-04:00'),(341,'114.79.12.89','/index.php/api/admin/extension/activate?type=mod&id=massmailer','2013-03-21T03:31:43-04:00'),(342,'114.79.12.89','/index.php/api/admin/massmailer/create','2013-03-21T03:32:04-04:00'),(343,'114.79.12.89','/index.php/api/guest/cart/add_item','2013-03-21T04:08:39-04:00'),(344,'114.79.12.89','/index.php/api/client/cart/checkout','2013-03-21T04:08:44-04:00'),(345,'114.79.12.89','/index.php/api/admin/invoice/mark_as_paid?id=12&execute=1','2013-03-21T04:09:22-04:00'),(346,'114.79.12.89','/index.php/api/admin/system/update_params','2013-03-21T06:37:13-04:00'),(347,'114.79.19.49','/index.php/api/guest/client/create','2013-03-21T12:14:30-04:00'),(348,'114.79.19.49','/index.php/api/guest/client/login','2013-03-21T12:14:56-04:00'),(349,'114.79.19.49','/index.php/api/guest/cart/add_item','2013-03-21T12:44:20-04:00'),(350,'114.79.19.49','/index.php/api/client/cart/checkout','2013-03-21T12:46:11-04:00'),(351,'114.79.19.49','/index.php/api/client/client/logout','2013-03-21T12:51:06-04:00');

--
-- Table structure for table `cart`
--

CREATE TABLE `cart` (
  `id` bigint(20) NOT NULL AUTO_INCREMENT,
  `session_id` varchar(100) DEFAULT NULL,
  `currency_id` bigint(20) DEFAULT NULL,
  `promo_id` bigint(20) DEFAULT NULL,
  `created_at` varchar(35) DEFAULT NULL,
  `updated_at` varchar(35) DEFAULT NULL,
  PRIMARY KEY (`id`),
  KEY `currency_id_idx` (`currency_id`),
  KEY `promo_id_idx` (`promo_id`)
) ENGINE=MyISAM AUTO_INCREMENT=141 DEFAULT CHARSET=utf8;

--
-- Dumping data for table `cart`
--


--
-- Table structure for table `cart_product`
--

CREATE TABLE `cart_product` (
  `id` bigint(20) NOT NULL AUTO_INCREMENT,
  `cart_id` bigint(20) DEFAULT NULL,
  `product_id` bigint(20) DEFAULT NULL,
  `config` text,
  PRIMARY KEY (`id`),
  KEY `cart_id_idx` (`cart_id`),
  KEY `product_id_idx` (`product_id`)
) ENGINE=MyISAM AUTO_INCREMENT=20 DEFAULT CHARSET=utf8;

--
-- Dumping data for table `cart_product`
--


--
-- Table structure for table `client`
--

CREATE TABLE `client` (
  `id` bigint(20) NOT NULL AUTO_INCREMENT,
  `aid` varchar(255) DEFAULT NULL COMMENT 'Alternative id for foreign systems',
  `client_group_id` bigint(20) DEFAULT NULL,
  `role` varchar(30) NOT NULL DEFAULT 'client' COMMENT 'client',
  `auth_type` varchar(255) DEFAULT NULL,
  `email` varchar(255) DEFAULT NULL,
  `pass` varchar(255) DEFAULT NULL,
  `salt` varchar(255) DEFAULT NULL,
  `status` varchar(30) DEFAULT 'active' COMMENT 'active, suspended, canceled',
  `email_approved` tinyint(1) DEFAULT NULL,
  `tax_exempt` tinyint(1) DEFAULT '0',
  `type` varchar(100) DEFAULT NULL,
  `first_name` varchar(100) DEFAULT NULL,
  `last_name` varchar(100) DEFAULT NULL,
  `gender` varchar(20) DEFAULT NULL,
  `birthday` varchar(100) DEFAULT NULL,
  `phone_cc` varchar(10) DEFAULT NULL,
  `phone` varchar(100) DEFAULT NULL,
  `company` varchar(100) DEFAULT NULL,
  `company_vat` varchar(100) DEFAULT NULL,
  `company_number` varchar(255) DEFAULT NULL,
  `address_1` varchar(100) DEFAULT NULL,
  `address_2` varchar(100) DEFAULT NULL,
  `city` varchar(100) DEFAULT NULL,
  `state` varchar(100) DEFAULT NULL,
  `postcode` varchar(100) DEFAULT NULL,
  `country` varchar(100) DEFAULT NULL,
  `document_type` varchar(100) DEFAULT NULL,
  `document_nr` varchar(20) DEFAULT NULL,
  `notes` text,
  `currency` varchar(10) DEFAULT NULL,
  `lang` varchar(10) DEFAULT NULL,
  `ip` varchar(45) DEFAULT NULL,
  `api_token` varchar(128) DEFAULT NULL,
  `referred_by` varchar(255) DEFAULT NULL,
  `custom_1` text,
  `custom_2` text,
  `custom_3` text,
  `custom_4` text,
  `custom_5` text,
  `custom_6` text,
  `custom_7` text,
  `custom_8` text,
  `custom_9` text,
  `custom_10` text,
  `created_at` varchar(35) DEFAULT NULL,
  `updated_at` varchar(35) DEFAULT NULL,
  PRIMARY KEY (`id`),
  UNIQUE KEY `email` (`email`),
  KEY `alternative_id_idx` (`aid`),
  KEY `client_group_id_idx` (`client_group_id`)
) ENGINE=MyISAM AUTO_INCREMENT=8 DEFAULT CHARSET=utf8;

--
-- Dumping data for table `client`
--

INSERT INTO `client` (`id`, `aid`, `client_group_id`, `role`, `auth_type`, `email`, `pass`, `salt`, `status`, `email_approved`, `tax_exempt`, `type`, `first_name`, `last_name`, `gender`, `birthday`, `phone_cc`, `phone`, `company`, `company_vat`, `company_number`, `address_1`, `address_2`, `city`, `state`, `postcode`, `country`, `document_type`, `document_nr`, `notes`, `currency`, `lang`, `ip`, `api_token`, `referred_by`, `custom_1`, `custom_2`, `custom_3`, `custom_4`, `custom_5`, `custom_6`, `custom_7`, `custom_8`, `custom_9`, `custom_10`, `created_at`, `updated_at`) VALUES (1,NULL,NULL,'client',NULL,'support@vin-fm.com','a242d2554deebc05ac36bf55812a78040564e4d0',NULL,'active',NULL,0,NULL,'Vincent',NULL,NULL,NULL,NULL,NULL,NULL,NULL,NULL,NULL,NULL,NULL,NULL,NULL,NULL,NULL,NULL,NULL,'IDR',NULL,'114.79.12.106',NULL,NULL,NULL,NULL,NULL,NULL,NULL,NULL,NULL,NULL,NULL,NULL,'2013-03-19T04:30:16-04:00','2013-03-19T04:30:16-04:00'),(2,NULL,NULL,'client',NULL,'support@vinradio.net','a242d2554deebc05ac36bf55812a78040564e4d0',NULL,'active',NULL,0,NULL,'Salimvincent',NULL,NULL,NULL,NULL,NULL,NULL,NULL,NULL,NULL,NULL,NULL,NULL,NULL,NULL,NULL,NULL,NULL,'IDR',NULL,'114.79.12.94',NULL,NULL,NULL,NULL,NULL,NULL,NULL,NULL,NULL,NULL,NULL,NULL,'2013-03-19T10:07:00-04:00','2013-03-19T10:07:00-04:00'),(3,NULL,NULL,'client',NULL,'domain@vinhostmedia.com','a242d2554deebc05ac36bf55812a78040564e4d0',NULL,'active',NULL,0,NULL,'Indra',NULL,NULL,NULL,NULL,NULL,NULL,NULL,NULL,NULL,NULL,NULL,NULL,NULL,NULL,NULL,NULL,NULL,'IDR',NULL,'114.79.13.71',NULL,NULL,NULL,NULL,NULL,NULL,NULL,NULL,NULL,NULL,NULL,NULL,'2013-03-20T04:58:39-04:00','2013-03-20T04:58:39-04:00'),(4,NULL,NULL,'client',NULL,'edydhj@yahoo.com.au','e60388dff02f5da334879d4b30c9dd7d78fca4a3',NULL,'active',NULL,0,NULL,'Edy',NULL,NULL,NULL,NULL,NULL,NULL,NULL,NULL,NULL,NULL,NULL,NULL,NULL,NULL,NULL,NULL,NULL,'IDR',NULL,'180.247.137.186',NULL,NULL,NULL,NULL,NULL,NULL,NULL,NULL,NULL,NULL,NULL,NULL,'2013-03-20T06:00:56-04:00','2013-03-20T06:00:56-04:00'),(5,NULL,NULL,'client',NULL,'support@vinhostmedia.com','a242d2554deebc05ac36bf55812a78040564e4d0',NULL,'active',NULL,0,NULL,'Salim',NULL,NULL,NULL,NULL,NULL,NULL,NULL,NULL,NULL,NULL,NULL,NULL,NULL,NULL,NULL,NULL,NULL,NULL,NULL,'114.79.13.71',NULL,NULL,NULL,NULL,NULL,NULL,NULL,NULL,NULL,NULL,NULL,NULL,'2013-03-20T13:15:17-04:00','2013-03-20T13:15:17-04:00'),(6,'',0,'client',NULL,'yan_chriestiano@rocketmail.com','b22afcf650f68d7dd63dae00a8ebd896339a2430',NULL,'active',NULL,0,'individual','YAN','CHRIESTIANO',NULL,NULL,'62','085280284807','RADIO HOT STATION FM - SAMARINDA','','','JL. MERANTI TALANGSARI NO.40 RT.01','','SAMARINDA','KALIMANTAN TIMUR','75118','ID',NULL,NULL,'','IDR',NULL,'36.82.218.75',NULL,NULL,NULL,NULL,NULL,NULL,NULL,NULL,NULL,NULL,NULL,NULL,'2013-03-20T13:40:08-04:00','2013-03-20T13:53:59-04:00'),(7,NULL,NULL,'client',NULL,'radionasyid@yahoo.com','ee79dcfd965a9db23655c258759ad1de5d0cce57',NULL,'active',NULL,0,NULL,'Ahmad',NULL,NULL,NULL,NULL,NULL,NULL,NULL,NULL,NULL,NULL,NULL,NULL,NULL,NULL,NULL,NULL,NULL,'IDR',NULL,'114.79.19.49',NULL,NULL,NULL,NULL,NULL,NULL,NULL,NULL,NULL,NULL,NULL,NULL,'2013-03-21T12:14:30-04:00','2013-03-21T12:14:30-04:00');

--
-- Table structure for table `client_balance`
--

CREATE TABLE `client_balance` (
  `id` bigint(20) NOT NULL AUTO_INCREMENT,
  `client_id` bigint(20) DEFAULT NULL,
  `type` varchar(100) DEFAULT NULL,
  `rel_id` int(11) DEFAULT NULL,
  `amount` decimal(18,2) DEFAULT '0.00',
  `description` text,
  `created_at` varchar(35) DEFAULT NULL,
  `updated_at` varchar(35) DEFAULT NULL,
  PRIMARY KEY (`id`),
  KEY `client_id_idx` (`client_id`)
) ENGINE=MyISAM AUTO_INCREMENT=8 DEFAULT CHARSET=utf8;

--
-- Dumping data for table `client_balance`
--

INSERT INTO `client_balance` (`id`, `client_id`, `type`, `rel_id`, `amount`, `description`, `created_at`, `updated_at`) VALUES (1,3,'gift',NULL,3000.00,'deposit','2013-03-20T10:25:51-04:00','2013-03-20T10:25:51-04:00'),(2,6,'gift',NULL,10000.00,'topup','2013-03-20T13:43:43-04:00','2013-03-20T13:43:43-04:00'),(3,6,'invoice',9,-10000.00,'RADIO US 25','2013-03-20T13:47:02-04:00','2013-03-20T13:47:02-04:00'),(4,1,'gift',NULL,8000.00,'topup','2013-03-21T00:25:15-04:00','2013-03-21T00:25:15-04:00'),(5,1,'invoice',10,-8000.00,'VH-WEBHOST-100 for indovinmedia.com','2013-03-21T00:26:07-04:00','2013-03-21T00:26:07-04:00'),(6,4,'gift',NULL,80000.00,'topup','2013-03-21T02:48:42-04:00','2013-03-21T02:48:42-04:00'),(7,4,'invoice',11,-80000.00,'VH-WEBHOST-100 for pasandafm.com','2013-03-21T02:49:39-04:00','2013-03-21T02:49:39-04:00');

--
-- Table structure for table `client_group`
--

CREATE TABLE `client_group` (
  `id` bigint(20) NOT NULL AUTO_INCREMENT,
  `title` varchar(255) DEFAULT NULL,
  `created_at` varchar(35) DEFAULT NULL,
  `updated_at` varchar(35) DEFAULT NULL,
  PRIMARY KEY (`id`)
) ENGINE=MyISAM AUTO_INCREMENT=2 DEFAULT CHARSET=utf8;

--
-- Dumping data for table `client_group`
--

INSERT INTO `client_group` (`id`, `title`, `created_at`, `updated_at`) VALUES (1,'Default','2012-01-01T12:00:00+00:00','2012-01-01T12:00:00+00:00');

--
-- Table structure for table `client_order`
--

CREATE TABLE `client_order` (
  `id` bigint(20) NOT NULL AUTO_INCREMENT,
  `client_id` bigint(20) DEFAULT NULL,
  `product_id` bigint(20) DEFAULT NULL,
  `promo_id` bigint(20) DEFAULT NULL,
  `promo_recurring` tinyint(1) DEFAULT NULL,
  `promo_used` bigint(20) DEFAULT NULL,
  `group_id` varchar(255) DEFAULT NULL,
  `group_master` tinyint(1) DEFAULT '0',
  `invoice_option` varchar(255) DEFAULT NULL,
  `title` varchar(255) DEFAULT NULL,
  `currency` varchar(20) DEFAULT NULL,
  `unpaid_invoice_id` bigint(20) DEFAULT NULL,
  `service_id` bigint(20) DEFAULT NULL,
  `service_type` varchar(100) DEFAULT NULL,
  `period` varchar(20) DEFAULT NULL,
  `quantity` bigint(20) DEFAULT '1',
  `unit` varchar(100) DEFAULT NULL,
  `price` double(18,2) DEFAULT NULL,
  `discount` double(18,2) DEFAULT NULL COMMENT 'first invoice discount',
  `status` varchar(50) DEFAULT NULL,
  `reason` varchar(255) DEFAULT NULL COMMENT 'suspend/cancel reason',
  `notes` text,
  `config` text,
  `referred_by` varchar(255) DEFAULT NULL,
  `expires_at` varchar(35) DEFAULT NULL,
  `activated_at` varchar(35) DEFAULT NULL,
  `suspended_at` varchar(35) DEFAULT NULL,
  `unsuspended_at` varchar(35) DEFAULT NULL,
  `canceled_at` varchar(35) DEFAULT NULL,
  `created_at` varchar(35) DEFAULT NULL,
  `updated_at` varchar(35) DEFAULT NULL,
  PRIMARY KEY (`id`),
  KEY `client_id_idx` (`client_id`),
  KEY `product_id_idx` (`product_id`),
  KEY `promo_id_idx` (`promo_id`)
) ENGINE=MyISAM AUTO_INCREMENT=14 DEFAULT CHARSET=utf8;

--
-- Dumping data for table `client_order`
--

INSERT INTO `client_order` (`id`, `client_id`, `product_id`, `promo_id`, `promo_recurring`, `promo_used`, `group_id`, `group_master`, `invoice_option`, `title`, `currency`, `unpaid_invoice_id`, `service_id`, `service_type`, `period`, `quantity`, `unit`, `price`, `discount`, `status`, `reason`, `notes`, `config`, `referred_by`, `expires_at`, `activated_at`, `suspended_at`, `unsuspended_at`, `canceled_at`, `created_at`, `updated_at`) VALUES (1,1,2,NULL,NULL,NULL,'1',1,'issue-invoice','VH-WEBHOST-100 for rs3fm.com','IDR',1,NULL,'hosting','1M',1,'product',8000.00,0.00,'pending_setup',NULL,NULL,'{\"server_id\":\"1\",\"hosting_plan_id\":\"1\",\"domain\":{\"owndomain_sld\":\"rs3fm\",\"owndomain_tld\":\".com\",\"register_sld\":\"\",\"register_tld\":\".com\",\"transfer_sld\":\"\",\"transfer_tld\":\".com\",\"transfer_code\":\"\",\"action\":\"owndomain\"},\"period\":\"1M\",\"sld\":\"rs3fm\",\"tld\":\".com\",\"id\":\"1\",\"product_id\":\"2\",\"title\":\"VH-WEBHOST-100 for rs3fm.com\",\"type\":\"hosting\",\"quantity\":1,\"unit\":\"product\",\"price\":\"8000.00\",\"setup_price\":0,\"discount\":0,\"discount_price\":0,\"discount_setup\":0,\"total\":8000}',NULL,NULL,NULL,NULL,NULL,NULL,'2013-03-19T04:30:28-04:00','2013-03-19T04:30:28-04:00'),(2,1,2,NULL,NULL,NULL,'2',1,'issue-invoice','VH-WEBHOST-100 for ferdihostmedia.com','IDR',NULL,2,'hosting','1M',1,'product',8000.00,0.00,'canceled','request',NULL,'{\"server_id\":\"1\",\"hosting_plan_id\":\"1\",\"domain\":{\"owndomain_sld\":\"ferdihostmedia\",\"owndomain_tld\":\".com\",\"register_sld\":\"\",\"register_tld\":\".com\",\"transfer_sld\":\"\",\"transfer_tld\":\".com\",\"transfer_code\":\"\",\"action\":\"owndomain\"},\"period\":\"1M\",\"sld\":\"ferdihostmedia\",\"tld\":\".com\",\"id\":\"2\",\"product_id\":\"2\",\"title\":\"VH-WEBHOST-100 for ferdihostmedia.com\",\"type\":\"hosting\",\"quantity\":1,\"unit\":\"product\",\"price\":\"8000.00\",\"setup_price\":0,\"discount\":0,\"discount_price\":0,\"discount_setup\":0,\"total\":8000}',NULL,NULL,'2013-03-20T12:30:11-04:00',NULL,NULL,'2013-03-20T12:39:54-04:00','2013-03-19T04:31:09-04:00','2013-03-20T12:39:54-04:00'),(3,2,2,NULL,NULL,NULL,'5',1,'issue-invoice','VH-WEBHOST-100 for vinradio.com','IDR',NULL,NULL,'hosting','1M',1,'product',8000.00,0.00,'pending_setup',NULL,NULL,'{\"server_id\":\"1\",\"hosting_plan_id\":\"1\",\"domain\":{\"owndomain_sld\":\"vinradio\",\"owndomain_tld\":\".com\",\"register_sld\":\"\",\"register_tld\":\".com\",\"transfer_sld\":\"\",\"transfer_tld\":\".com\",\"transfer_code\":\"\",\"action\":\"owndomain\"},\"period\":\"1M\",\"sld\":\"vinradio\",\"tld\":\".com\",\"id\":\"5\",\"product_id\":\"2\",\"title\":\"VH-WEBHOST-100 for vinradio.com\",\"type\":\"hosting\",\"quantity\":1,\"unit\":\"product\",\"price\":\"8000.00\",\"setup_price\":0,\"discount\":0,\"discount_price\":0,\"discount_setup\":0,\"total\":8000}',NULL,NULL,NULL,NULL,NULL,NULL,'2013-03-19T10:07:04-04:00','2013-03-19T10:07:04-04:00'),(4,3,22,NULL,NULL,NULL,'6',1,'issue-invoice','AUTO DJ 1','IDR',4,3,'custom','1M',1,'product',30000.00,0.00,'suspended',NULL,NULL,'{\"period\":\"1M\",\"id\":\"7\",\"product_id\":\"22\",\"title\":\"AUTO DJ 1\",\"type\":\"custom\",\"quantity\":1,\"unit\":\"product\",\"price\":\"30000.00\",\"setup_price\":0,\"discount\":0,\"discount_price\":0,\"discount_setup\":0,\"total\":30000}',NULL,'2013-04-21T02:01:05-04:00','2013-03-21T02:01:05-04:00','2013-04-21T13:00:47-04:00',NULL,NULL,'2013-03-20T04:58:48-04:00','2013-04-21T13:00:47-04:00'),(5,3,22,NULL,NULL,NULL,'27',1,'issue-invoice','AUTO DJ 1','IDR',14,1,'custom','1M',1,'product',30000.00,0.00,'suspended',NULL,NULL,'{\"period\":\"1M\",\"id\":\"8\",\"product_id\":\"22\",\"title\":\"AUTO DJ 1\",\"type\":\"custom\",\"quantity\":1,\"unit\":\"product\",\"price\":\"30000.00\",\"setup_price\":0,\"discount\":0,\"discount_price\":0,\"discount_setup\":0,\"total\":30000}',NULL,'2013-04-20T05:03:18-04:00','2013-03-20T05:03:18-04:00','2013-04-20T13:00:45-04:00',NULL,NULL,'2013-03-20T04:59:21-04:00','2013-04-20T13:00:45-04:00'),(7,4,27,1,0,1,'36',1,'issue-invoice','paket 1','IDR',7,NULL,'custom','1Y',1,'product',500000.00,50000.00,'pending_setup',NULL,NULL,'{\"period\":\"1Y\",\"id\":\"12\",\"product_id\":\"27\",\"title\":\"paket 1\",\"type\":\"custom\",\"quantity\":1,\"unit\":\"product\",\"price\":\"500000.00\",\"setup_price\":0,\"discount\":50000,\"discount_price\":50000,\"discount_setup\":0,\"total\":450000}',NULL,NULL,NULL,NULL,NULL,NULL,'2013-03-20T07:48:17-04:00','2013-03-20T07:48:17-04:00'),(8,3,2,NULL,NULL,NULL,'79',1,'issue-invoice','VH-WEBHOST-100 for indonetid.com','IDR',15,1,'hosting','1M',1,'product',8000.00,0.00,'active',NULL,NULL,'{\"server_id\":\"1\",\"hosting_plan_id\":\"1\",\"domain\":{\"owndomain_sld\":\"indonetid\",\"owndomain_tld\":\".com\",\"register_sld\":\"\",\"register_tld\":\".com\",\"transfer_sld\":\"\",\"transfer_tld\":\".com\",\"transfer_code\":\"\",\"action\":\"owndomain\"},\"period\":\"1M\",\"sld\":\"indonetid\",\"tld\":\".com\",\"id\":\"13\",\"product_id\":\"2\",\"title\":\"VH-WEBHOST-100 for indonetid.com\",\"type\":\"hosting\",\"quantity\":1,\"unit\":\"product\",\"price\":\"8000.00\",\"setup_price\":0,\"discount\":0,\"discount_price\":0,\"discount_setup\":0,\"total\":8000}',NULL,'2013-04-20T12:03:02-04:00','2013-03-20T12:03:02-04:00',NULL,NULL,NULL,'2013-03-20T11:52:31-04:00','2013-04-05T13:00:21-04:00'),(9,6,8,NULL,NULL,NULL,'101',1,'issue-invoice','RADIO US 25','IDR',9,2,'custom','1M',1,'product',10000.00,0.00,'suspended',NULL,NULL,'{\"period\":\"1M\",\"id\":\"14\",\"product_id\":\"8\",\"title\":\"RADIO US 25\",\"type\":\"custom\",\"quantity\":1,\"unit\":\"product\",\"price\":\"10000.00\",\"setup_price\":0,\"discount\":0,\"discount_price\":0,\"discount_setup\":0,\"total\":10000}',NULL,'2013-04-20T13:47:03-04:00','2013-03-20T13:47:03-04:00','2013-04-20T13:01:20-04:00',NULL,NULL,'2013-03-20T13:47:01-04:00','2013-04-20T13:01:20-04:00'),(11,4,2,NULL,NULL,NULL,'138',1,'issue-invoice','VH-WEBHOST-100 for pasandafm.com','IDR',11,4,'hosting','1Y',1,'product',80000.00,0.00,'active',NULL,NULL,'{\"server_id\":\"1\",\"hosting_plan_id\":\"1\",\"domain\":{\"owndomain_sld\":\"pasandafm\",\"owndomain_tld\":\".com\",\"register_sld\":\"\",\"register_tld\":\".com\",\"transfer_sld\":\"\",\"transfer_tld\":\".com\",\"transfer_code\":\"\",\"action\":\"owndomain\"},\"period\":\"1Y\",\"sld\":\"pasandafm\",\"tld\":\".com\",\"id\":\"17\",\"product_id\":\"2\",\"title\":\"VH-WEBHOST-100 for pasandafm.com\",\"type\":\"hosting\",\"quantity\":1,\"unit\":\"product\",\"price\":\"80000.00\",\"setup_price\":0,\"discount\":0,\"discount_price\":0,\"discount_setup\":0,\"total\":80000}',NULL,'2014-03-21T02:52:11-04:00','2013-03-21T02:52:11-04:00',NULL,NULL,NULL,'2013-03-21T02:49:38-04:00','2013-03-21T02:52:11-04:00'),(12,4,11,NULL,NULL,NULL,'139',1,'issue-invoice','RADIO US 150','IDR',NULL,4,'custom','1Y',1,'product',300000.00,0.00,'active',NULL,NULL,'{\"period\":\"1Y\",\"id\":\"18\",\"product_id\":\"11\",\"title\":\"RADIO US 150\",\"type\":\"custom\",\"quantity\":1,\"unit\":\"product\",\"price\":\"300000.00\",\"setup_price\":0,\"discount\":0,\"discount_price\":0,\"discount_setup\":0,\"total\":300000}',NULL,'2014-03-21T04:09:23-04:00','2013-03-21T04:09:23-04:00',NULL,NULL,NULL,'2013-03-21T04:08:44-04:00','2013-03-21T04:09:23-04:00'),(13,7,8,NULL,NULL,NULL,'140',1,'issue-invoice','RADIO US 25','IDR',13,NULL,'custom','1M',1,'product',10000.00,0.00,'pending_setup',NULL,NULL,'{\"period\":\"1M\",\"id\":\"19\",\"product_id\":\"8\",\"title\":\"RADIO US 25\",\"type\":\"custom\",\"quantity\":1,\"unit\":\"product\",\"price\":\"10000.00\",\"setup_price\":0,\"discount\":0,\"discount_price\":0,\"discount_setup\":0,\"total\":10000}',NULL,NULL,NULL,NULL,NULL,NULL,'2013-03-21T12:46:11-04:00','2013-03-21T12:46:11-04:00');

--
-- Table structure for table `client_order_meta`
--

CREATE TABLE `client_order_meta` (
  `id` bigint(20) NOT NULL AUTO_INCREMENT,
  `client_order_id` bigint(20) DEFAULT NULL,
  `name` varchar(255) DEFAULT NULL,
  `value` text,
  `created_at` varchar(35) DEFAULT NULL,
  `updated_at` varchar(35) DEFAULT NULL,
  PRIMARY KEY (`id`),
  KEY `client_order_id_idx` (`client_order_id`)
) ENGINE=MyISAM DEFAULT CHARSET=utf8;

--
-- Dumping data for table `client_order_meta`
--


--
-- Table structure for table `client_order_status`
--

CREATE TABLE `client_order_status` (
  `id` bigint(20) NOT NULL AUTO_INCREMENT,
  `client_order_id` bigint(20) DEFAULT NULL,
  `status` varchar(20) DEFAULT NULL,
  `notes` text,
  `created_at` varchar(35) DEFAULT NULL,
  `updated_at` varchar(35) DEFAULT NULL,
  PRIMARY KEY (`id`),
  KEY `client_order_id_idx` (`client_order_id`)
) ENGINE=MyISAM AUTO_INCREMENT=301 DEFAULT CHARSET=utf8;

--
-- Dumping data for table `client_order_status`
--

INSERT INTO `client_order_status` (`id`, `client_order_id`, `status`, `notes`, `created_at`, `updated_at`) VALUES (1,1,'pending_setup','Order created','2013-03-19T04:30:28-04:00','2013-03-19T04:30:28-04:00'),(2,2,'pending_setup','Order created','2013-03-19T04:31:09-04:00','2013-03-19T04:31:09-04:00'),(3,3,'pending_setup','Order created','2013-03-19T10:07:04-04:00','2013-03-19T10:07:04-04:00'),(4,4,'pending_setup','Order created','2013-03-20T04:58:48-04:00','2013-03-20T04:58:48-04:00'),(5,5,'pending_setup','Order created','2013-03-20T04:59:21-04:00','2013-03-20T04:59:21-04:00'),(6,5,'active','Order activated','2013-03-20T05:03:18-04:00','2013-03-20T05:03:18-04:00'),(8,7,'pending_setup','Order created','2013-03-20T07:48:17-04:00','2013-03-20T07:48:17-04:00'),(9,8,'pending_setup','Order created','2013-03-20T11:52:31-04:00','2013-03-20T11:52:31-04:00'),(10,8,'pending_setup','Creating account u0422210','2013-03-20T12:02:05-04:00','2013-03-20T12:02:05-04:00'),(11,8,'pending_setup','Requesting WHM server action \"listpkgs\" with params \"Array\n(\n)\n\" ','2013-03-20T12:02:05-04:00','2013-03-20T12:02:05-04:00'),(12,8,'pending_setup','Response: {\"cpanelresult\":{\"apiversion\":\"2\",\"error\":\"Access denied\",\"data\":{\"reason\":\"Access denied\",\"result\":\"0\"},\"type\":\"text\"}}\r\n','2013-03-20T12:02:05-04:00','2013-03-20T12:02:05-04:00'),(13,8,'pending_setup','Auth type: hash','2013-03-20T12:02:05-04:00','2013-03-20T12:02:05-04:00'),(14,8,'pending_setup','WHM server response error calling action listpkgs: \"Access denied\"','2013-03-20T12:02:05-04:00','2013-03-20T12:02:05-04:00'),(15,8,'failed_setup','WHM server response error calling action listpkgs: \"Access denied\"','2013-03-20T12:02:05-04:00','2013-03-20T12:02:05-04:00'),(16,8,'failed_setup','Creating shared hosting account','2013-03-20T12:03:02-04:00','2013-03-20T12:03:02-04:00'),(17,8,'active','Order activated','2013-03-20T12:03:02-04:00','2013-03-20T12:03:02-04:00'),(18,2,'pending_setup','Creating account u5850454','2013-03-20T12:30:01-04:00','2013-03-20T12:30:01-04:00'),(19,2,'pending_setup','Requesting WHM server action \"listpkgs\" with params \"Array\n(\n)\n\" ','2013-03-20T12:30:01-04:00','2013-03-20T12:30:01-04:00'),(20,2,'pending_setup','Response: {\"package\":[{\"CPMOD\":\"x3\",\"FEATURELIST\":\"default\",\"CGI\":\"n\",\"IP\":\"n\",\"MAXLST\":\"unlimited\",\"DIGESTAUTH\":\"n\",\"QUOTA\":\"50\",\"BWLIMIT\":\"999999999\",\"HASSHELL\":\"n\",\"MAXSQL\":\"unlimited\",\"MAXSUB\":\"unlimited\",\"name\":\"Reseller A\",\"FRONTPAGE\":\"n\",\"MAXFTP\":\"unlimited\",\"MAXADDON\":\"unlimited\",\"MAXPARK\":\"unlimited\",\"LANG\":\"en\",\"MAXPOP\":\"unlimited\",\"MAX_DEFER_FAIL_PERCENTAGE\":\"unlimited\",\"MAX_EMAIL_PER_HOUR\":\"unlimited\"},{\"CPMOD\":\"x3\",\"FEATURELIST\":\"default\",\"CGI\":\"n\",\"IP\":\"n\",\"MAXLST\":\"unlimited\",\"DIGESTAUTH\":\"n\",\"QUOTA\":\"50\",\"BWLIMIT\":\"999999999\",\"HASSHELL\":\"n\",\"MAXSQL\":\"unlimited\",\"MAXSUB\":\"unlimited\",\"name\":\"Reseller C\",\"FRONTPAGE\":\"n\",\"MAXFTP\":\"unlimited\",\"MAXADDON\":\"unlimited\",\"MAXPARK\":\"unlimited\",\"LANG\":\"en\",\"MAXPOP\":\"unlimited\",\"MAX_DEFER_FAIL_PERCENTAGE\":\"unlimited\",\"MAX_EMAIL_PER_HOUR\":\"unlimited\"},{\"CPMOD\":\"x3\",\"FEATURELIST\":\"default\",\"CGI\":\"y\",\"IP\":\"n\",\"MAXLST\":\"unlimited\",\"DIGESTAUTH\":\"n\",\"QUOTA\":\"50\",\"BWLIMIT\":\"999999999\",\"HASSHELL\":\"n\",\"MAXSQL\":\"unlimited\",\"MAXSUB\":\"unlimited\",\"name\":\"resellerA\",\"FRONTPAGE\":\"n\",\"MAXFTP\":\"unlimited\",\"MAXADDON\":\"unlimited\",\"MAXPARK\":\"unlimited\",\"LANG\":\"en\",\"MAXPOP\":\"unlimited\",\"MAX_DEFER_FAIL_PERCENTAGE\":\"unlimited\",\"MAX_EMAIL_PER_HOUR\":\"unlimited\"},{\"CPMOD\":\"x3\",\"FEATURELIST\":\"default\",\"CGI\":\"y\",\"IP\":\"n\",\"MAXLST\":\"unlimited\",\"DIGESTAUTH\":\"n\",\"QUOTA\":\"50\",\"BWLIMIT\":\"999999999\",\"HASSHELL\":\"n\",\"MAXSQL\":\"unlimited\",\"MAXSUB\":\"unlimited\",\"name\":\"resellerB\",\"FRONTPAGE\":\"n\",\"MAXFTP\":\"unlimited\",\"MAXADDON\":\"unlimited\",\"MAXPARK\":\"unlimited\",\"LANG\":\"en\",\"MAXPOP\":\"unlimited\",\"MAX_DEFER_FAIL_PERCENTAGE\":\"unlimited\",\"MAX_EMAIL_PER_HOUR\":\"unlimited\"},{\"CPMOD\":\"x3\",\"FEATURELIST\":\"default\",\"CGI\":\"y\",\"IP\":\"n\",\"MAXLST\":\"unlimited\",\"DIGESTAUTH\":\"n\",\"QUOTA\":\"50\",\"BWLIMIT\":\"999999999\",\"HASSHELL\":\"n\",\"MAXSQL\":\"unlimited\",\"MAXSUB\":\"unlimited\",\"name\":\"resellerC\",\"FRONTPAGE\":\"n\",\"MAXFTP\":\"unlimited\",\"MAXADDON\":\"unlimited\",\"MAXPARK\":\"unlimited\",\"LANG\":\"en\",\"MAXPOP\":\"unlimited\",\"MAX_DEFER_FAIL_PERCENTAGE\":\"unlimited\",\"MAX_EMAIL_PER_HOUR\":\"unlimited\"},{\"CPMOD\":\"x3\",\"FEATURELIST\":\"default\",\"CGI\":\"y\",\"IP\":\"n\",\"MAXLST\":\"unlimited\",\"DIGESTAUTH\":\"n\",\"QUOTA\":\"50\",\"BWLIMIT\":\"999999999\",\"HASSHELL\":\"n\",\"MAXSQL\":\"unlimited\",\"MAXSUB\":\"unlimited\",\"name\":\"resellerD\",\"FRONTPAGE\":\"n\",\"MAXFTP\":\"unlimited\",\"MAXADDON\":\"unlimited\",\"MAXPARK\":\"unlimited\",\"LANG\":\"en\",\"MAXPOP\":\"unlimited\",\"MAX_DEFER_FAIL_PERCENTAGE\":\"unlimited\",\"MAX_EMAIL_PER_HOUR\":\"unlimited\"},{\"MAXSUB\":\"10\",\"CPMOD\":\"x3\",\"name\":\"vinhostm_corporate-webhost-1500\",\"FRONTPAGE\":\"n\",\"MAXFTP\":\"1000\",\"FEATURELIST\":\"default\",\"MAXADDON\":\"12\",\"CGI\":\"y\",\"MAXPARK\":\"10\",\"IP\":\"n\",\"MAXPOP\":\"10000000000\",\"LANG\":\"en\",\"MAXLST\":\"10000000000\",\"QUOTA\":\"1500\",\"BWLIMIT\":\"99999999999\",\"DIGESTAUTH\":\"n\",\"HASSHELL\":\"n\",\"MAXSQL\":\"10000000000\"},{\"MAXSUB\":\"unlimited\",\"CPMOD\":\"x3\",\"name\":\"vinhostm_owner\",\"FRONTPAGE\":\"n\",\"MAXFTP\":\"unlimited\",\"FEATURELIST\":\"default\",\"MAXADDON\":\"unlimited\",\"CGI\":\"y\",\"MAXPARK\":\"unlimited\",\"IP\":\"n\",\"MAXPOP\":\"unlimited\",\"LANG\":\"en\",\"MAXLST\":\"unlimited\",\"QUOTA\":\"250\",\"BWLIMIT\":\"999999999\",\"DIGESTAUTH\":\"n\",\"HASSHELL\":\"n\",\"MAXSQL\":\"unlimited\"},{\"MAXSUB\":\"unlimited\",\"CPMOD\":\"x3\",\"name\":\"vinhostm_vh-corporate1\",\"FRONTPAGE\":\"n\",\"MAXFTP\":\"unlimited\",\"FEATURELIST\":\"default\",\"MAXADDON\":\"unlimited\",\"CGI\":\"y\",\"MAXPARK\":\"unlimited\",\"IP\":\"n\",\"MAXPOP\":\"unlimited\",\"LANG\":\"en\",\"MAXLST\":\"unlimited\",\"QUOTA\":\"1000\",\"BWLIMIT\":\"9999999999\",\"DIGESTAUTH\":\"n\",\"HASSHELL\":\"n\",\"MAXSQL\":\"unlimited\"},{\"CPMOD\":\"x3\",\"FEATURELIST\":\"default\",\"CGI\":\"y\",\"IP\":\"n\",\"MAXLST\":\"999999999\",\"HASSHELL\":\"n\",\"BWLIMIT\":\"999999999\",\"QUOTA\":\"100\",\"DIGESTAUTH\":\"n\",\"MAXSQL\":\"999999999\",\"MAXSUB\":\"10\",\"name\":\"vinhostm_vh-webhost-100\",\"FRONTPAGE\":\"y\",\"MAXFTP\":\"999999999\",\"MAXADDON\":\"2\",\"MAXPARK\":\"10\",\"MAXPOP\":\"999999999\",\"LANG\":\"en\"},{\"CPMOD\":\"x3\",\"FEATURELIST\":\"default\",\"CGI\":\"y\",\"IP\":\"n\",\"MAXLST\":\"999999999\",\"HASSHELL\":\"n\",\"BWLIMIT\":\"999999999\",\"QUOTA\":\"1000\",\"DIGESTAUTH\":\"n\",\"MAXSQL\":\"15\",\"MAXSUB\":\"1000\",\"name\":\"vinhostm_vh-webhost-1000\",\"FRONTPAGE\":\"n\",\"MAXFTP\":\"999999999\",\"MAXADDON\":\"20\",\"MAXPARK\":\"2\",\"MAXPOP\":\"999999999\",\"LANG\":\"en\"},{\"CPMOD\":\"x3\",\"FEATURELIST\":\"default\",\"CGI\":\"y\",\"IP\":\"n\",\"MAXLST\":\"9999999\",\"HASSHELL\":\"n\",\"BWLIMIT\":\"999999999\",\"QUOTA\":\"200\",\"DIGESTAUTH\":\"n\",\"MAXSQL\":\"9999999\",\"MAXSUB\":\"9999999\",\"name\":\"vinhostm_vh-webhost-200\",\"FRONTPAGE\":\"n\",\"MAXFTP\":\"9999999\",\"MAXADDON\":\"3\",\"MAXPARK\":\"9999999\",\"MAXPOP\":\"9999999\",\"LANG\":\"en\"},{\"CPMOD\":\"x3\",\"FEATURELIST\":\"default\",\"CGI\":\"y\",\"IP\":\"n\",\"MAXLST\":\"10000000\",\"HASSHELL\":\"n\",\"BWLIMIT\":\"999999999\",\"QUOTA\":\"250\",\"DIGESTAUTH\":\"n\",\"MAXSQL\":\"20\",\"MAXSUB\":\"5\",\"name\":\"vinhostm_vh-webhost-250\",\"FRONTPAGE\":\"n\",\"MAXFTP\":\"10\",\"MAXADDON\":\"4\",\"MAXPARK\":\"2\",\"MAXPOP\":\"10000000\",\"LANG\":\"en\"},{\"CPMOD\":\"x3\",\"FEATURELIST\":\"default\",\"CGI\":\"y\",\"IP\":\"n\",\"MAXLST\":\"10\",\"HASSHELL\":\"n\",\"BWLIMIT\":\"999999\",\"QUOTA\":\"50\",\"DIGESTAUTH\":\"n\",\"MAXSQL\":\"10\",\"MAXSUB\":\"10\",\"name\":\"vinhostm_vh-webhost-50\",\"FRONTPAGE\":\"n\",\"MAXFTP\":\"10\",\"MAXADDON\":\"2\",\"MAXPARK\":\"10\",\"MAXPOP\":\"10\",\"LANG\":\"en\"},{\"MAXSUB\":\"unlimited\",\"CPMOD\":\"x3\",\"name\":\"vinhostm_vh-webhost-500\",\"FRONTPAGE\":\"n\",\"MAXFTP\":\"1000\",\"FEATURELIST\":\"default\",\"MAXADDON\":\"5\",\"CGI\":\"y\",\"MAXPARK\":\"10\",\"IP\":\"n\",\"MAXPOP\":\"100000\",\"LANG\":\"en\",\"MAXLST\":\"100000\",\"QUOTA\":\"500\",\"BWLIMIT\":\"999999999\",\"DIGESTAUTH\":\"n\",\"HASSHELL\":\"n\",\"MAXSQL\":\"200\"}]}','2013-03-20T12:30:01-04:00','2013-03-20T12:30:01-04:00'),(21,2,'pending_setup','Auth type: hash','2013-03-20T12:30:01-04:00','2013-03-20T12:30:01-04:00'),(22,2,'pending_setup','Requesting WHM server action \"addpkg\" with params \"Array\n(\n    [name] => vinhostm_VH-WEBHOST-100\n    [quota] => 100\n    [bwlimit] => 999999\n    [maxsub] => 3\n    [maxpark] => 3\n    [maxaddon] => 2\n    [maxftp] => 10\n    [maxsql] => UNLIMITED\n    [maxpop] => UNLIMITED\n    [cgi] => \n    [frontpage] => \n    [cpmod] => \n    [maxlst] => \n    [hasshell] => \n)\n\" ','2013-03-20T12:30:01-04:00','2013-03-20T12:30:01-04:00'),(23,2,'pending_setup','Response: {\"result\":[{\"pkg\":\"vinhostm_VH-WEBHOST-100\",\"status\":1,\"statusmsg\":\"Created the package vinhostm_VH-WEBHOST-100\"}]}','2013-03-20T12:30:02-04:00','2013-03-20T12:30:02-04:00'),(24,2,'pending_setup','Auth type: hash','2013-03-20T12:30:02-04:00','2013-03-20T12:30:02-04:00'),(25,2,'pending_setup','Requesting WHM server action \"createacct\" with params \"Array\n(\n    [username] => u5850454\n    [domain] => ferdihostmedia.com\n    [password] => b96J-4&@4$\n    [contactemail] => support@vin-fm.com\n    [plan] => vinhostm_VH-WEBHOST-100\n    [useregns] => 0\n)\n\" ','2013-03-20T12:30:02-04:00','2013-03-20T12:30:02-04:00'),(26,2,'pending_setup','Response: {\"result\":[{\"rawout\":\"<table style=\\\"border-bottom: 1px #ccc dotted;\\\"><tr><td width=\\\"100%\\\"><pre>Checking input data...System has 0 free ips.\\n...Done</pre></td><td width=\\\"30\\\"><img align=absmiddle src=\\\"/cPanel_magic_revision_1348681860/cjt/images/icons/success.png\\\"></td></tr></table>\\n<table style=\\\"border-bottom: 1px #ccc dotted;\\\"><tr><td width=\\\"100%\\\"><pre>WWWAcct 12.5.0 (c) 2013 cPanel, Inc....\\n\\nDns Zone check is enabled.\\n+===================================+\\n| New Account Info                  |\\n+===================================+\\n| Domain: ferdihostmedia.com\\n| Ip: 117.103.67.22 (n)\\n| HasCgi: n\\n| UserName: u5850454\\n| PassWord: b96J-4&amp;@4$\\n| CpanelMod: x3\\n| HomeRoot: /home\\n| Quota: 100 Meg\\n| NameServer1: id1.vinhostmedia.com\\n| NameServer2: id2.vinhostmedia.com\\n| NameServer3: \\n| NameServer4: \\n| Contact Email: support@vin-fm.com\\n| Package: vinhostm_VH-WEBHOST-100\\n| Feature List: default\\n| Language: en\\n+===================================+\\n...Done</pre></td><td width=\\\"30\\\"><img align=absmiddle src=\\\"/cPanel_magic_revision_1348681860/cjt/images/icons/success.png\\\"></td></tr></table>\\n<table style=\\\"border-bottom: 1px #ccc dotted;\\\"><tr><td width=\\\"100%\\\"><pre>Running pre creation script (/usr/local/cpanel/scripts/prewwwacct)......Done</pre></td><td width=\\\"30\\\"><img align=absmiddle src=\\\"/cPanel_magic_revision_1348681860/cjt/images/icons/success.png\\\"></td></tr></table>\\n<table style=\\\"border-bottom: 1px #ccc dotted;\\\"><tr><td width=\\\"100%\\\"><pre>Adding User...Removing Shell Access (n)\\nSuccess...Done</pre></td><td width=\\\"30\\\"><img align=absmiddle src=\\\"/cPanel_magic_revision_1348681860/cjt/images/icons/success.png\\\"></td></tr></table>\\n<table style=\\\"border-bottom: 1px #ccc dotted;\\\"><tr><td width=\\\"100%\\\"><pre>Copying skel files from /home/vinhostm/cpanel3-skel/ to /home/u5850454/......Done</pre></td><td width=\\\"30\\\"><img align=absmiddle src=\\\"/cPanel_magic_revision_1348681860/cjt/images/icons/success.png\\\"></td></tr></table>\\nUsing Universal Quota Support (quota=102400)\\n<table style=\\\"border-bottom: 1px #ccc dotted;\\\"><tr><td width=\\\"100%\\\"><pre>Adding Entries to httpd.conf......Done</pre></td><td width=\\\"30\\\"><img align=absmiddle src=\\\"/cPanel_magic_revision_1348681860/cjt/images/icons/success.png\\\"></td></tr></table>\\n<table style=\\\"border-bottom: 1px #ccc dotted;\\\"><tr><td width=\\\"100%\\\"><pre>Setting up Mail & Local Domains...localdomains...valiases ...vdomainaliases...vfilters......Done</pre></td><td width=\\\"30\\\"><img align=absmiddle src=\\\"/cPanel_magic_revision_1348681860/cjt/images/icons/success.png\\\"></td></tr></table>\\n<table style=\\\"border-bottom: 1px #ccc dotted;\\\"><tr><td width=\\\"100%\\\"><pre>Configuring DNS...Bind reconfiguring on server01-iix using rndc\\nZone ferdihostmedia.com has been successfully added\\n...Done</pre></td><td width=\\\"30\\\"><img align=absmiddle src=\\\"/cPanel_magic_revision_1348681860/cjt/images/icons/success.png\\\"></td></tr></table>\\n<table style=\\\"border-bottom: 1px #ccc dotted;\\\"><tr><td width=\\\"100%\\\"><pre>Restarting apache......Done</pre></td><td width=\\\"30\\\"><img align=absmiddle src=\\\"/cPanel_magic_revision_1348681860/cjt/images/icons/success.png\\\"></td></tr></table>\\n<script>if (window.clear_ui_status) clear_ui_status();</script>\\nPassword for u5850454 has been changed\\n<table style=\\\"border-bottom: 1px #ccc dotted;\\\"><tr><td width=\\\"100%\\\"><pre>Updating Authentication Databases...Updating ftp passwords for u5850454\\nFtp password files updated.\\nFtp vhost passwords synced\\n...Done</pre></td><td width=\\\"30\\\"><img align=absmiddle src=\\\"/cPanel_magic_revision_1348681860/cjt/images/icons/success.png\\\"></td></tr></table>\\n<table style=\\\"border-bottom: 1px #ccc dotted;\\\"><tr><td width=\\\"100%\\\"><pre>Verifying MX Records and Setting up Databases...Reconfiguring Mail Routing:\\n<ul><li>LOCAL MAIL EXCHANGER: This server will serve as a primary mail exchanger for ferdihostmedia.com\'s mail.:<br /> This configuration has been manually selected.<br /><br /></li></ul>...Done</pre></td><td width=\\\"30\\\"><img align=absmiddle src=\\\"/cPanel_magic_revision_1348681860/cjt/images/icons/success.png\\\"></td></tr></table>\\n<table style=\\\"border-bottom: 1px #ccc dotted;\\\"><tr><td width=\\\"100%\\\"><pre>Setting up Proxy Subdomains......Done</pre></td><td width=\\\"30\\\"><img align=absmiddle src=\\\"/cPanel_magic_revision_1348681860/cjt/images/icons/success.png\\\"></td></tr></table>\\nBind reloading on server01-iix using rndc zone: [ferdihostmedia.com]\\n<table style=\\\"border-bottom: 1px #ccc dotted;\\\"><tr><td width=\\\"100%\\\"><pre>Sending Account Information......Done</pre></td><td width=\\\"30\\\"><img align=absmiddle src=\\\"/cPanel_magic_revision_1348681860/cjt/images/icons/success.png\\\"></td></tr></table>\\nSystem has 0 free ips.\\n<table style=\\\"border-bottom: 1px #ccc dotted;\\\"><tr><td width=\\\"100%\\\"><pre>Running post creation scripts (/usr/local/cpanel/scripts/legacypostwwwacct, /usr/local/cpanel/scripts/postwwwacct, /usr/local/cpanel/scripts/postwwwacctuser)......Done</pre></td><td width=\\\"30\\\"><img align=absmiddle src=\\\"/cPanel_magic_revision_1348681860/cjt/images/icons/success.png\\\"></td></tr></table>\\nwwwacct creation finished\\n<table style=\\\"border-bottom: 1px #ccc dotted;\\\"><tr><td width=\\\"100%\\\"><pre>Setting up Domain Pointers......Done</pre></td><td width=\\\"30\\\"><img align=absmiddle src=\\\"/cPanel_magic_revision_1348681860/cjt/images/icons/success.png\\\"></td></tr></table>\\n<table style=\\\"border-bottom: 1px #ccc dotted;\\\"><tr><td width=\\\"100%\\\"><pre>Setting Reseller Privs......Done</pre></td><td width=\\\"30\\\"><img align=absmiddle src=\\\"/cPanel_magic_revision_1348681860/cjt/images/icons/success.png\\\"></td></tr></table>\\n<table style=\\\"border-bottom: 1px #ccc dotted;\\\"><tr><td width=\\\"100%\\\"><pre>Account Creation Complete!!!...Account Creation Ok...Done</pre></td><td width=\\\"30\\\"><img align=absmiddle src=\\\"/cPanel_magic_revision_1348681860/cjt/images/icons/success.png\\\"></td></tr></table>\\n\",\"statusmsg\":\"Account Creation Ok\",\"status\":1,\"options\":{\"nameserverentry\":null,\"nameserver4\":\"\",\"nameservera\":null,\"package\":\"vinhostm_VH-WEBHOST-100\",\"nameserver3\":\"\",\"nameserverentry4\":null,\"nameservera2\":null,\"nameserver\":\"id1.vinhostmedia.com\",\"nameserver2\":\"id2.vinhostmedia.com\",\"nameservera4\":null,\"nameserverentry2\":null,\"ip\":\"117.103.67.22\",\"nameserverentry3\":null,\"nameservera3\":null}}]}','2013-03-20T12:30:11-04:00','2013-03-20T12:30:11-04:00'),(27,2,'pending_setup','Auth type: hash','2013-03-20T12:30:11-04:00','2013-03-20T12:30:11-04:00'),(28,2,'active','Order activated','2013-03-20T12:30:11-04:00','2013-03-20T12:30:11-04:00'),(29,2,'active','Changing account u5850454 password','2013-03-20T12:37:14-04:00','2013-03-20T12:37:14-04:00'),(30,2,'active','Requesting WHM server action \"passwd\" with params \"Array\n(\n    [user] => u5850454\n    [pass] => vin123\n    [db_pass_update] => \n)\n\" ','2013-03-20T12:37:14-04:00','2013-03-20T12:37:14-04:00'),(31,2,'active','Response: {\"passwd\":[{\"services\":[{\"app\":\"system\"},{\"app\":\"ftp\"},{\"app\":\"mail\"}],\"status\":1,\"statusmsg\":\"Password changed for user u5850454\",\"rawout\":\"<script>if (window.clear_ui_status) clear_ui_status();</script>\\nPassword for u5850454 has been changed\\nUpdating ftp passwords for u5850454\\nFtp password files updated.\\nFtp vhost passwords synced\\n\"}]}','2013-03-20T12:37:14-04:00','2013-03-20T12:37:14-04:00'),(32,2,'active','Auth type: hash','2013-03-20T12:37:14-04:00','2013-03-20T12:37:14-04:00'),(33,2,'active','Canceling account u5850454','2013-03-20T12:39:52-04:00','2013-03-20T12:39:52-04:00'),(34,2,'active','Requesting WHM server action \"removeacct\" with params \"Array\n(\n    [user] => u5850454\n    [keepdns] => 0\n)\n\" ','2013-03-20T12:39:52-04:00','2013-03-20T12:39:52-04:00'),(35,2,'active','Response: {\"result\":[{\"status\":1,\"rawout\":\"Running pre removal script (/usr/local/cpanel/scripts/prekillacct)......Done\\nCollecting Domain Name and IP...User: u5850454\\nDomain: ferdihostmedia.com\\n...Done\\nLocking account and setting shell to nologin...Locking password for user u5850454.\\npasswd: Success\\n...Done\\nKilling all processes owned by user......Done\\nRemoving Sessions.........Done\\nRemoving Suspended Info.........Done\\nCleaning Virtfs.........Done\\nRemoving Web Logs......Done\\nRemoving Bandwidth Files......Done\\nRemoving Email Sending Limits Cache......Done\\nRemoving DKIM keys......Done\\nRemoving Crontab......Done\\nRemoving Virtual Hosts...Deleted domain: ferdihostmedia.com\\n...Done\\nRemoving user\'s web content directory symlinks......Done\\nRemoving MySQL databases and users......Done\\nRemoving PostgreSQL databases and users......Done\\nRemoving User & Group.......Success...Done\\nRemoving DNS Entries...ferdihostmedia.com => deleted from server01-iix. \\n...Done\\nRemoving Email Setup...Removing /etc/valiases/ferdihostmedia.com\\n...Done\\nRemoving mailman lists......Done\\nUpdating Databases......Done\\nRemoving bandwidth limits......Done\\nRemoving Counter Data......Done\\nAdding IP back to the IP address pool...System has 0 free ips.\\n...Done\\nRemoving user\'s cPanel Databases & Updating......Done\\nReloading Services......Done\\nRemoving SSL keys, certificates, and signing requests......Done\\nRemoving mail and service configs...\\n...Done\\nRemoving Logaholic Webstats...Id: TQ:TaskQueue:2507\\n...Done\\nSending Contacts......Done\\nUpdating internal databases...Updating ftp passwords for u5850454\\nPurging ftp user u5850454\\nFtp password files updated.\\nFtp vhost passwords synced\\n...Done\\nRunning post removal scripts (/usr/local/cpanel/scripts/legacypostkillacct, /usr/local/cpanel/scripts/postkillacct)......Done\\nAccount Removal Complete!!!...u5850454 account removed...Done\\n\",\"statusmsg\":\"u5850454 account removed\"}]}','2013-03-20T12:39:54-04:00','2013-03-20T12:39:54-04:00'),(36,2,'active','Auth type: hash','2013-03-20T12:39:54-04:00','2013-03-20T12:39:54-04:00'),(37,2,'canceled','Canceled order for request','2013-03-20T12:39:54-04:00','2013-03-20T12:39:54-04:00'),(38,9,'pending_setup','Order created','2013-03-20T13:47:01-04:00','2013-03-20T13:47:01-04:00'),(39,9,'active','Order activated','2013-03-20T13:47:03-04:00','2013-03-20T13:47:03-04:00'),(60,11,'pending_setup','Requesting WHM server action \"createacct\" with params \"Array\n(\n    [username] => u2212604\n    [domain] => pasandafm.com\n    [password] => du3!Dj74?0\n    [contactemail] => edydhj@yahoo.com.au\n    [plan] => vinhostm_VH-WEBHOST-100\n    [useregns] => 0\n)\n\" ','2013-03-21T02:51:11-04:00','2013-03-21T02:51:11-04:00'),(59,11,'pending_setup','Auth type: hash','2013-03-21T02:51:11-04:00','2013-03-21T02:51:11-04:00'),(56,11,'pending_setup','Creating account u2212604','2013-03-21T02:51:07-04:00','2013-03-21T02:51:07-04:00'),(57,11,'pending_setup','Requesting WHM server action \"listpkgs\" with params \"Array\n(\n)\n\" ','2013-03-21T02:51:07-04:00','2013-03-21T02:51:07-04:00'),(58,11,'pending_setup','Response: {\"package\":[{\"MAXADDON\":\"unlimited\",\"MAXLST\":\"unlimited\",\"FRONTPAGE\":\"n\",\"FEATURELIST\":\"default\",\"IP\":\"n\",\"MAXSUB\":\"unlimited\",\"MAXPARK\":\"unlimited\",\"MAX_EMAIL_PER_HOUR\":\"unlimited\",\"name\":\"Reseller A\",\"MAXPOP\":\"unlimited\",\"CPMOD\":\"x3\",\"HASSHELL\":\"n\",\"DIGESTAUTH\":\"n\",\"BWLIMIT\":\"999999999\",\"MAX_DEFER_FAIL_PERCENTAGE\":\"unlimited\",\"MAXSQL\":\"unlimited\",\"QUOTA\":\"50\",\"CGI\":\"n\",\"MAXFTP\":\"unlimited\",\"LANG\":\"en\"},{\"MAXADDON\":\"unlimited\",\"MAXLST\":\"unlimited\",\"FRONTPAGE\":\"n\",\"FEATURELIST\":\"default\",\"IP\":\"n\",\"MAXSUB\":\"unlimited\",\"MAXPARK\":\"unlimited\",\"MAX_EMAIL_PER_HOUR\":\"unlimited\",\"name\":\"Reseller C\",\"MAXPOP\":\"unlimited\",\"CPMOD\":\"x3\",\"HASSHELL\":\"n\",\"DIGESTAUTH\":\"n\",\"BWLIMIT\":\"999999999\",\"MAX_DEFER_FAIL_PERCENTAGE\":\"unlimited\",\"MAXSQL\":\"unlimited\",\"QUOTA\":\"50\",\"CGI\":\"n\",\"MAXFTP\":\"unlimited\",\"LANG\":\"en\"},{\"MAXADDON\":\"unlimited\",\"MAXLST\":\"unlimited\",\"FRONTPAGE\":\"n\",\"FEATURELIST\":\"default\",\"IP\":\"n\",\"MAXSUB\":\"unlimited\",\"MAXPARK\":\"unlimited\",\"MAX_EMAIL_PER_HOUR\":\"unlimited\",\"name\":\"resellerA\",\"MAXPOP\":\"unlimited\",\"CPMOD\":\"x3\",\"HASSHELL\":\"n\",\"DIGESTAUTH\":\"n\",\"BWLIMIT\":\"999999999\",\"MAX_DEFER_FAIL_PERCENTAGE\":\"unlimited\",\"MAXSQL\":\"unlimited\",\"QUOTA\":\"50\",\"CGI\":\"y\",\"MAXFTP\":\"unlimited\",\"LANG\":\"en\"},{\"MAXADDON\":\"unlimited\",\"MAXLST\":\"unlimited\",\"FRONTPAGE\":\"n\",\"FEATURELIST\":\"default\",\"IP\":\"n\",\"MAXSUB\":\"unlimited\",\"MAXPARK\":\"unlimited\",\"MAX_EMAIL_PER_HOUR\":\"unlimited\",\"name\":\"resellerB\",\"MAXPOP\":\"unlimited\",\"CPMOD\":\"x3\",\"HASSHELL\":\"n\",\"DIGESTAUTH\":\"n\",\"BWLIMIT\":\"999999999\",\"MAX_DEFER_FAIL_PERCENTAGE\":\"unlimited\",\"MAXSQL\":\"unlimited\",\"QUOTA\":\"50\",\"CGI\":\"y\",\"MAXFTP\":\"unlimited\",\"LANG\":\"en\"},{\"MAXADDON\":\"unlimited\",\"MAXLST\":\"unlimited\",\"FRONTPAGE\":\"n\",\"FEATURELIST\":\"default\",\"IP\":\"n\",\"MAXSUB\":\"unlimited\",\"MAXPARK\":\"unlimited\",\"MAX_EMAIL_PER_HOUR\":\"unlimited\",\"name\":\"resellerC\",\"MAXPOP\":\"unlimited\",\"CPMOD\":\"x3\",\"HASSHELL\":\"n\",\"DIGESTAUTH\":\"n\",\"BWLIMIT\":\"999999999\",\"MAX_DEFER_FAIL_PERCENTAGE\":\"unlimited\",\"MAXSQL\":\"unlimited\",\"QUOTA\":\"50\",\"CGI\":\"y\",\"MAXFTP\":\"unlimited\",\"LANG\":\"en\"},{\"MAXADDON\":\"unlimited\",\"MAXLST\":\"unlimited\",\"FRONTPAGE\":\"n\",\"FEATURELIST\":\"default\",\"IP\":\"n\",\"MAXSUB\":\"unlimited\",\"MAXPARK\":\"unlimited\",\"MAX_EMAIL_PER_HOUR\":\"unlimited\",\"name\":\"resellerD\",\"MAXPOP\":\"unlimited\",\"CPMOD\":\"x3\",\"HASSHELL\":\"n\",\"DIGESTAUTH\":\"n\",\"BWLIMIT\":\"999999999\",\"MAX_DEFER_FAIL_PERCENTAGE\":\"unlimited\",\"MAXSQL\":\"unlimited\",\"QUOTA\":\"50\",\"CGI\":\"y\",\"MAXFTP\":\"unlimited\",\"LANG\":\"en\"},{\"HASSHELL\":\"n\",\"MAXADDON\":\"2\",\"MAXLST\":\"unlimited\",\"DIGESTAUTH\":\"n\",\"FRONTPAGE\":\"n\",\"BWLIMIT\":\"999999\",\"FEATURELIST\":\"default\",\"IP\":\"n\",\"MAXSQL\":\"unlimited\",\"MAXPARK\":\"3\",\"MAXSUB\":\"3\",\"CGI\":\"n\",\"QUOTA\":\"100\",\"MAXFTP\":\"10\",\"LANG\":\"en\",\"CPMOD\":\"x3\",\"MAXPOP\":\"unlimited\",\"name\":\"vinhostm_VH-WEBHOST-100\"},{\"HASSHELL\":\"n\",\"MAXADDON\":\"12\",\"MAXLST\":\"10000000000\",\"DIGESTAUTH\":\"n\",\"FRONTPAGE\":\"n\",\"BWLIMIT\":\"99999999999\",\"FEATURELIST\":\"default\",\"IP\":\"n\",\"MAXSQL\":\"10000000000\",\"MAXPARK\":\"10\",\"MAXSUB\":\"10\",\"CGI\":\"y\",\"QUOTA\":\"1500\",\"MAXFTP\":\"1000\",\"LANG\":\"en\",\"CPMOD\":\"x3\",\"MAXPOP\":\"10000000000\",\"name\":\"vinhostm_corporate-webhost-1500\"},{\"HASSHELL\":\"n\",\"MAXADDON\":\"unlimited\",\"MAXLST\":\"unlimited\",\"DIGESTAUTH\":\"n\",\"FRONTPAGE\":\"n\",\"BWLIMIT\":\"999999999\",\"FEATURELIST\":\"default\",\"IP\":\"n\",\"MAXSQL\":\"unlimited\",\"MAXPARK\":\"unlimited\",\"MAXSUB\":\"unlimited\",\"CGI\":\"y\",\"QUOTA\":\"250\",\"MAXFTP\":\"unlimited\",\"LANG\":\"en\",\"CPMOD\":\"x3\",\"MAXPOP\":\"unlimited\",\"name\":\"vinhostm_owner\"},{\"HASSHELL\":\"n\",\"MAXADDON\":\"unlimited\",\"MAXLST\":\"unlimited\",\"DIGESTAUTH\":\"n\",\"FRONTPAGE\":\"n\",\"BWLIMIT\":\"9999999999\",\"FEATURELIST\":\"default\",\"IP\":\"n\",\"MAXSQL\":\"unlimited\",\"MAXPARK\":\"unlimited\",\"MAXSUB\":\"unlimited\",\"CGI\":\"y\",\"QUOTA\":\"1000\",\"MAXFTP\":\"unlimited\",\"LANG\":\"en\",\"CPMOD\":\"x3\",\"MAXPOP\":\"unlimited\",\"name\":\"vinhostm_vh-corporate1\"},{\"HASSHELL\":\"n\",\"MAXADDON\":\"2\",\"MAXLST\":\"999999999\",\"FRONTPAGE\":\"y\",\"DIGESTAUTH\":\"n\",\"BWLIMIT\":\"999999999\",\"FEATURELIST\":\"default\",\"IP\":\"n\",\"MAXSQL\":\"999999999\",\"MAXPARK\":\"10\",\"MAXSUB\":\"10\",\"CGI\":\"y\",\"QUOTA\":\"100\",\"MAXFTP\":\"999999999\",\"LANG\":\"en\",\"CPMOD\":\"x3\",\"MAXPOP\":\"999999999\",\"name\":\"vinhostm_vh-webhost-100\"},{\"HASSHELL\":\"n\",\"MAXADDON\":\"20\",\"MAXLST\":\"999999999\",\"FRONTPAGE\":\"n\",\"DIGESTAUTH\":\"n\",\"BWLIMIT\":\"999999999\",\"FEATURELIST\":\"default\",\"IP\":\"n\",\"MAXSQL\":\"15\",\"MAXPARK\":\"2\",\"MAXSUB\":\"1000\",\"CGI\":\"y\",\"QUOTA\":\"1000\",\"MAXFTP\":\"999999999\",\"LANG\":\"en\",\"CPMOD\":\"x3\",\"MAXPOP\":\"999999999\",\"name\":\"vinhostm_vh-webhost-1000\"},{\"HASSHELL\":\"n\",\"MAXADDON\":\"3\",\"MAXLST\":\"9999999\",\"FRONTPAGE\":\"n\",\"DIGESTAUTH\":\"n\",\"BWLIMIT\":\"999999999\",\"FEATURELIST\":\"default\",\"IP\":\"n\",\"MAXSQL\":\"9999999\",\"MAXPARK\":\"9999999\",\"MAXSUB\":\"9999999\",\"CGI\":\"y\",\"QUOTA\":\"200\",\"MAXFTP\":\"9999999\",\"LANG\":\"en\",\"CPMOD\":\"x3\",\"MAXPOP\":\"9999999\",\"name\":\"vinhostm_vh-webhost-200\"},{\"HASSHELL\":\"n\",\"MAXADDON\":\"4\",\"MAXLST\":\"10000000\",\"FRONTPAGE\":\"n\",\"DIGESTAUTH\":\"n\",\"BWLIMIT\":\"999999999\",\"FEATURELIST\":\"default\",\"IP\":\"n\",\"MAXSQL\":\"20\",\"MAXPARK\":\"2\",\"MAXSUB\":\"5\",\"CGI\":\"y\",\"QUOTA\":\"250\",\"MAXFTP\":\"10\",\"LANG\":\"en\",\"CPMOD\":\"x3\",\"MAXPOP\":\"10000000\",\"name\":\"vinhostm_vh-webhost-250\"},{\"HASSHELL\":\"n\",\"MAXADDON\":\"2\",\"MAXLST\":\"10\",\"FRONTPAGE\":\"n\",\"DIGESTAUTH\":\"n\",\"BWLIMIT\":\"999999\",\"FEATURELIST\":\"default\",\"IP\":\"n\",\"MAXSQL\":\"10\",\"MAXPARK\":\"10\",\"MAXSUB\":\"10\",\"CGI\":\"y\",\"QUOTA\":\"50\",\"MAXFTP\":\"10\",\"LANG\":\"en\",\"CPMOD\":\"x3\",\"MAXPOP\":\"10\",\"name\":\"vinhostm_vh-webhost-50\"},{\"HASSHELL\":\"n\",\"MAXADDON\":\"5\",\"MAXLST\":\"100000\",\"DIGESTAUTH\":\"n\",\"FRONTPAGE\":\"n\",\"BWLIMIT\":\"999999999\",\"FEATURELIST\":\"default\",\"IP\":\"n\",\"MAXSQL\":\"200\",\"MAXPARK\":\"10\",\"MAXSUB\":\"unlimited\",\"CGI\":\"y\",\"QUOTA\":\"500\",\"MAXFTP\":\"1000\",\"LANG\":\"en\",\"CPMOD\":\"x3\",\"MAXPOP\":\"100000\",\"name\":\"vinhostm_vh-webhost-500\"}]}','2013-03-21T02:51:11-04:00','2013-03-21T02:51:11-04:00'),(51,11,'pending_setup','Creating account u2938212','2013-03-21T02:50:04-04:00','2013-03-21T02:50:04-04:00'),(52,11,'pending_setup','Requesting WHM server action \"listpkgs\" with params \"Array\n(\n)\n\" ','2013-03-21T02:50:04-04:00','2013-03-21T02:50:04-04:00'),(53,11,'pending_setup','Response: {\"package\":[{\"FRONTPAGE\":\"n\",\"MAXLST\":\"unlimited\",\"QUOTA\":\"50\",\"MAXPARK\":\"unlimited\",\"MAXFTP\":\"unlimited\",\"CPMOD\":\"x3\",\"FEATURELIST\":\"default\",\"DIGESTAUTH\":\"n\",\"CGI\":\"n\",\"MAXADDON\":\"unlimited\",\"HASSHELL\":\"n\",\"MAX_EMAIL_PER_HOUR\":\"unlimited\",\"MAXPOP\":\"unlimited\",\"MAX_DEFER_FAIL_PERCENTAGE\":\"unlimited\",\"MAXSUB\":\"unlimited\",\"BWLIMIT\":\"999999999\",\"MAXSQL\":\"unlimited\",\"IP\":\"n\",\"name\":\"Reseller A\",\"LANG\":\"en\"},{\"FRONTPAGE\":\"n\",\"MAXLST\":\"unlimited\",\"QUOTA\":\"50\",\"MAXPARK\":\"unlimited\",\"MAXFTP\":\"unlimited\",\"CPMOD\":\"x3\",\"FEATURELIST\":\"default\",\"DIGESTAUTH\":\"n\",\"CGI\":\"n\",\"MAXADDON\":\"unlimited\",\"HASSHELL\":\"n\",\"MAX_EMAIL_PER_HOUR\":\"unlimited\",\"MAXPOP\":\"unlimited\",\"MAX_DEFER_FAIL_PERCENTAGE\":\"unlimited\",\"MAXSUB\":\"unlimited\",\"BWLIMIT\":\"999999999\",\"MAXSQL\":\"unlimited\",\"IP\":\"n\",\"name\":\"Reseller C\",\"LANG\":\"en\"},{\"FRONTPAGE\":\"n\",\"MAXLST\":\"unlimited\",\"QUOTA\":\"50\",\"MAXPARK\":\"unlimited\",\"MAXFTP\":\"unlimited\",\"CPMOD\":\"x3\",\"FEATURELIST\":\"default\",\"DIGESTAUTH\":\"n\",\"CGI\":\"y\",\"MAXADDON\":\"unlimited\",\"HASSHELL\":\"n\",\"MAX_EMAIL_PER_HOUR\":\"unlimited\",\"MAXPOP\":\"unlimited\",\"MAX_DEFER_FAIL_PERCENTAGE\":\"unlimited\",\"MAXSUB\":\"unlimited\",\"BWLIMIT\":\"999999999\",\"MAXSQL\":\"unlimited\",\"IP\":\"n\",\"name\":\"resellerA\",\"LANG\":\"en\"},{\"FRONTPAGE\":\"n\",\"MAXLST\":\"unlimited\",\"QUOTA\":\"50\",\"MAXPARK\":\"unlimited\",\"MAXFTP\":\"unlimited\",\"CPMOD\":\"x3\",\"FEATURELIST\":\"default\",\"DIGESTAUTH\":\"n\",\"CGI\":\"y\",\"MAXADDON\":\"unlimited\",\"HASSHELL\":\"n\",\"MAX_EMAIL_PER_HOUR\":\"unlimited\",\"MAXPOP\":\"unlimited\",\"MAX_DEFER_FAIL_PERCENTAGE\":\"unlimited\",\"MAXSUB\":\"unlimited\",\"BWLIMIT\":\"999999999\",\"MAXSQL\":\"unlimited\",\"IP\":\"n\",\"name\":\"resellerB\",\"LANG\":\"en\"},{\"FRONTPAGE\":\"n\",\"MAXLST\":\"unlimited\",\"QUOTA\":\"50\",\"MAXPARK\":\"unlimited\",\"MAXFTP\":\"unlimited\",\"CPMOD\":\"x3\",\"FEATURELIST\":\"default\",\"DIGESTAUTH\":\"n\",\"CGI\":\"y\",\"MAXADDON\":\"unlimited\",\"HASSHELL\":\"n\",\"MAX_EMAIL_PER_HOUR\":\"unlimited\",\"MAXPOP\":\"unlimited\",\"MAX_DEFER_FAIL_PERCENTAGE\":\"unlimited\",\"MAXSUB\":\"unlimited\",\"BWLIMIT\":\"999999999\",\"MAXSQL\":\"unlimited\",\"IP\":\"n\",\"name\":\"resellerC\",\"LANG\":\"en\"},{\"FRONTPAGE\":\"n\",\"MAXLST\":\"unlimited\",\"QUOTA\":\"50\",\"MAXPARK\":\"unlimited\",\"MAXFTP\":\"unlimited\",\"CPMOD\":\"x3\",\"FEATURELIST\":\"default\",\"DIGESTAUTH\":\"n\",\"CGI\":\"y\",\"MAXADDON\":\"unlimited\",\"HASSHELL\":\"n\",\"MAX_EMAIL_PER_HOUR\":\"unlimited\",\"MAXPOP\":\"unlimited\",\"MAX_DEFER_FAIL_PERCENTAGE\":\"unlimited\",\"MAXSUB\":\"unlimited\",\"BWLIMIT\":\"999999999\",\"MAXSQL\":\"unlimited\",\"IP\":\"n\",\"name\":\"resellerD\",\"LANG\":\"en\"},{\"FRONTPAGE\":\"n\",\"MAXLST\":\"unlimited\",\"QUOTA\":\"100\",\"MAXPARK\":\"3\",\"MAXFTP\":\"10\",\"CPMOD\":\"x3\",\"FEATURELIST\":\"default\",\"DIGESTAUTH\":\"n\",\"CGI\":\"n\",\"MAXADDON\":\"2\",\"HASSHELL\":\"n\",\"MAXPOP\":\"unlimited\",\"MAXSUB\":\"3\",\"BWLIMIT\":\"999999\",\"MAXSQL\":\"unlimited\",\"name\":\"vinhostm_VH-WEBHOST-100\",\"IP\":\"n\",\"LANG\":\"en\"},{\"FRONTPAGE\":\"n\",\"MAXLST\":\"10000000000\",\"QUOTA\":\"1500\",\"MAXPARK\":\"10\",\"MAXFTP\":\"1000\",\"CPMOD\":\"x3\",\"FEATURELIST\":\"default\",\"DIGESTAUTH\":\"n\",\"CGI\":\"y\",\"MAXADDON\":\"12\",\"HASSHELL\":\"n\",\"MAXPOP\":\"10000000000\",\"MAXSUB\":\"10\",\"BWLIMIT\":\"99999999999\",\"MAXSQL\":\"10000000000\",\"name\":\"vinhostm_corporate-webhost-1500\",\"IP\":\"n\",\"LANG\":\"en\"},{\"FRONTPAGE\":\"n\",\"MAXLST\":\"unlimited\",\"QUOTA\":\"250\",\"MAXPARK\":\"unlimited\",\"MAXFTP\":\"unlimited\",\"CPMOD\":\"x3\",\"FEATURELIST\":\"default\",\"DIGESTAUTH\":\"n\",\"CGI\":\"y\",\"MAXADDON\":\"unlimited\",\"HASSHELL\":\"n\",\"MAXPOP\":\"unlimited\",\"MAXSUB\":\"unlimited\",\"BWLIMIT\":\"999999999\",\"MAXSQL\":\"unlimited\",\"name\":\"vinhostm_owner\",\"IP\":\"n\",\"LANG\":\"en\"},{\"FRONTPAGE\":\"n\",\"MAXLST\":\"unlimited\",\"QUOTA\":\"1000\",\"MAXPARK\":\"unlimited\",\"MAXFTP\":\"unlimited\",\"CPMOD\":\"x3\",\"FEATURELIST\":\"default\",\"DIGESTAUTH\":\"n\",\"CGI\":\"y\",\"MAXADDON\":\"unlimited\",\"HASSHELL\":\"n\",\"MAXPOP\":\"unlimited\",\"MAXSUB\":\"unlimited\",\"BWLIMIT\":\"9999999999\",\"MAXSQL\":\"unlimited\",\"name\":\"vinhostm_vh-corporate1\",\"IP\":\"n\",\"LANG\":\"en\"},{\"FRONTPAGE\":\"y\",\"MAXLST\":\"999999999\",\"QUOTA\":\"100\",\"MAXPARK\":\"10\",\"MAXFTP\":\"999999999\",\"CPMOD\":\"x3\",\"FEATURELIST\":\"default\",\"DIGESTAUTH\":\"n\",\"CGI\":\"y\",\"MAXADDON\":\"2\",\"HASSHELL\":\"n\",\"MAXPOP\":\"999999999\",\"MAXSUB\":\"10\",\"BWLIMIT\":\"999999999\",\"MAXSQL\":\"999999999\",\"name\":\"vinhostm_vh-webhost-100\",\"IP\":\"n\",\"LANG\":\"en\"},{\"FRONTPAGE\":\"n\",\"MAXLST\":\"999999999\",\"QUOTA\":\"1000\",\"MAXPARK\":\"2\",\"MAXFTP\":\"999999999\",\"CPMOD\":\"x3\",\"FEATURELIST\":\"default\",\"DIGESTAUTH\":\"n\",\"CGI\":\"y\",\"MAXADDON\":\"20\",\"HASSHELL\":\"n\",\"MAXPOP\":\"999999999\",\"MAXSUB\":\"1000\",\"BWLIMIT\":\"999999999\",\"MAXSQL\":\"15\",\"name\":\"vinhostm_vh-webhost-1000\",\"IP\":\"n\",\"LANG\":\"en\"},{\"FRONTPAGE\":\"n\",\"MAXLST\":\"9999999\",\"QUOTA\":\"200\",\"MAXPARK\":\"9999999\",\"MAXFTP\":\"9999999\",\"CPMOD\":\"x3\",\"FEATURELIST\":\"default\",\"DIGESTAUTH\":\"n\",\"CGI\":\"y\",\"MAXADDON\":\"3\",\"HASSHELL\":\"n\",\"MAXPOP\":\"9999999\",\"MAXSUB\":\"9999999\",\"BWLIMIT\":\"999999999\",\"MAXSQL\":\"9999999\",\"name\":\"vinhostm_vh-webhost-200\",\"IP\":\"n\",\"LANG\":\"en\"},{\"FRONTPAGE\":\"n\",\"MAXLST\":\"10000000\",\"QUOTA\":\"250\",\"MAXPARK\":\"2\",\"MAXFTP\":\"10\",\"CPMOD\":\"x3\",\"FEATURELIST\":\"default\",\"DIGESTAUTH\":\"n\",\"CGI\":\"y\",\"MAXADDON\":\"4\",\"HASSHELL\":\"n\",\"MAXPOP\":\"10000000\",\"MAXSUB\":\"5\",\"BWLIMIT\":\"999999999\",\"MAXSQL\":\"20\",\"name\":\"vinhostm_vh-webhost-250\",\"IP\":\"n\",\"LANG\":\"en\"},{\"FRONTPAGE\":\"n\",\"MAXLST\":\"10\",\"QUOTA\":\"50\",\"MAXPARK\":\"10\",\"MAXFTP\":\"10\",\"CPMOD\":\"x3\",\"FEATURELIST\":\"default\",\"DIGESTAUTH\":\"n\",\"CGI\":\"y\",\"MAXADDON\":\"2\",\"HASSHELL\":\"n\",\"MAXPOP\":\"10\",\"MAXSUB\":\"10\",\"BWLIMIT\":\"999999\",\"MAXSQL\":\"10\",\"name\":\"vinhostm_vh-webhost-50\",\"IP\":\"n\",\"LANG\":\"en\"},{\"FRONTPAGE\":\"n\",\"MAXLST\":\"100000\",\"QUOTA\":\"500\",\"MAXPARK\":\"10\",\"MAXFTP\":\"1000\",\"CPMOD\":\"x3\",\"FEATURELIST\":\"default\",\"DIGESTAUTH\":\"n\",\"CGI\":\"y\",\"MAXADDON\":\"5\",\"HASSHELL\":\"n\",\"MAXPOP\":\"100000\",\"MAXSUB\":\"unlimited\",\"BWLIMIT\":\"999999999\",\"MAXSQL\":\"200\",\"name\":\"vinhostm_vh-webhost-500\",\"IP\":\"n\",\"LANG\":\"en\"}]}','2013-03-21T02:50:12-04:00','2013-03-21T02:50:12-04:00'),(54,11,'pending_setup','Auth type: hash','2013-03-21T02:50:12-04:00','2013-03-21T02:50:12-04:00'),(55,11,'pending_setup','Requesting WHM server action \"createacct\" with params \"Array\n(\n    [username] => u2938212\n    [domain] => pasandafm.com\n    [password] => ZbR2!Tp2Js\n    [contactemail] => edydhj@yahoo.com.au\n    [plan] => vinhostm_VH-WEBHOST-100\n    [useregns] => 0\n)\n\" ','2013-03-21T02:50:12-04:00','2013-03-21T02:50:12-04:00'),(50,11,'pending_setup','Order created','2013-03-21T02:49:38-04:00','2013-03-21T02:49:38-04:00'),(49,4,'active','Order activated','2013-03-21T02:01:05-04:00','2013-03-21T02:01:05-04:00'),(61,11,'pending_setup','Response: {\"result\":[{\"options\":null,\"status\":0,\"rawout\":null,\"statusmsg\":\"Sorry, a DNS entry for pasandafm.com already exists, please delete it first (from all servers in the DNS cluster).\"}]}','2013-03-21T02:51:32-04:00','2013-03-21T02:51:32-04:00'),(62,11,'pending_setup','Auth type: hash','2013-03-21T02:51:32-04:00','2013-03-21T02:51:32-04:00'),(63,11,'pending_setup','WHM server response error calling action createacct: \"Sorry, a DNS entry for pasandafm.com already exists, please delete it first (from all servers in the DNS cluster).\"','2013-03-21T02:51:32-04:00','2013-03-21T02:51:32-04:00'),(64,11,'failed_setup','WHM server response error calling action createacct: \"Sorry, a DNS entry for pasandafm.com already exists, please delete it first (from all servers in the DNS cluster).\"','2013-03-21T02:51:33-04:00','2013-03-21T02:51:33-04:00'),(65,11,'failed_setup','Order could not be activated due to error: WHM server response error calling action createacct: \"Sorry, a DNS entry for pasandafm.com already exists, please delete it first (from all servers in the DNS cluster).\"','2013-03-21T02:51:33-04:00','2013-03-21T02:51:33-04:00'),(66,11,'pending_setup','Response: {\"result\":[{\"options\":{\"nameserver4\":\"\",\"nameserver\":\"id1.vinhostmedia.com\",\"nameservera3\":null,\"nameserver2\":\"id2.vinhostmedia.com\",\"nameserverentry3\":null,\"nameserver3\":\"\",\"nameservera2\":null,\"nameservera\":null,\"nameserverentry4\":null,\"nameserverentry\":null,\"package\":\"vinhostm_VH-WEBHOST-100\",\"nameservera4\":null,\"ip\":\"117.103.67.22\",\"nameserverentry2\":null},\"statusmsg\":\"Account Creation Ok\",\"rawout\":\"<table style=\\\"border-bottom: 1px #ccc dotted;\\\"><tr><td width=\\\"100%\\\"><pre>Checking input data...System has 0 free ips.\\n...Done</pre></td><td width=\\\"30\\\"><img align=absmiddle src=\\\"/cPanel_magic_revision_1348681860/cjt/images/icons/success.png\\\"></td></tr></table>\\n<table style=\\\"border-bottom: 1px #ccc dotted;\\\"><tr><td width=\\\"100%\\\"><pre>WWWAcct 12.5.0 (c) 2013 cPanel, Inc....\\n\\nDns Zone check is enabled.\\n+===================================+\\n| New Account Info                  |\\n+===================================+\\n| Domain: pasandafm.com\\n| Ip: 117.103.67.22 (n)\\n| HasCgi: n\\n| UserName: u2938212\\n| PassWord: ZbR2!Tp2Js\\n| CpanelMod: x3\\n| HomeRoot: /home\\n| Quota: 100 Meg\\n| NameServer1: id1.vinhostmedia.com\\n| NameServer2: id2.vinhostmedia.com\\n| NameServer3: \\n| NameServer4: \\n| Contact Email: edydhj@yahoo.com.au\\n| Package: vinhostm_VH-WEBHOST-100\\n| Feature List: default\\n| Language: en\\n+===================================+\\n...Done</pre></td><td width=\\\"30\\\"><img align=absmiddle src=\\\"/cPanel_magic_revision_1348681860/cjt/images/icons/success.png\\\"></td></tr></table>\\n<table style=\\\"border-bottom: 1px #ccc dotted;\\\"><tr><td width=\\\"100%\\\"><pre>Running pre creation script (/usr/local/cpanel/scripts/prewwwacct)......Done</pre></td><td width=\\\"30\\\"><img align=absmiddle src=\\\"/cPanel_magic_revision_1348681860/cjt/images/icons/success.png\\\"></td></tr></table>\\n<table style=\\\"border-bottom: 1px #ccc dotted;\\\"><tr><td width=\\\"100%\\\"><pre>Adding User...Removing Shell Access (n)\\nSuccess...Done</pre></td><td width=\\\"30\\\"><img align=absmiddle src=\\\"/cPanel_magic_revision_1348681860/cjt/images/icons/success.png\\\"></td></tr></table>\\n<table style=\\\"border-bottom: 1px #ccc dotted;\\\"><tr><td width=\\\"100%\\\"><pre>Copying skel files from /home/vinhostm/cpanel3-skel/ to /home/u2938212/......Done</pre></td><td width=\\\"30\\\"><img align=absmiddle src=\\\"/cPanel_magic_revision_1348681860/cjt/images/icons/success.png\\\"></td></tr></table>\\nUsing Universal Quota Support (quota=102400)\\n<table style=\\\"border-bottom: 1px #ccc dotted;\\\"><tr><td width=\\\"100%\\\"><pre>Adding Entries to httpd.conf......Done</pre></td><td width=\\\"30\\\"><img align=absmiddle src=\\\"/cPanel_magic_revision_1348681860/cjt/images/icons/success.png\\\"></td></tr></table>\\n<table style=\\\"border-bottom: 1px #ccc dotted;\\\"><tr><td width=\\\"100%\\\"><pre>Setting up Mail & Local Domains...localdomains...valiases ...vdomainaliases...vfilters......Done</pre></td><td width=\\\"30\\\"><img align=absmiddle src=\\\"/cPanel_magic_revision_1348681860/cjt/images/icons/success.png\\\"></td></tr></table>\\n<table style=\\\"border-bottom: 1px #ccc dotted;\\\"><tr><td width=\\\"100%\\\"><pre>Configuring DNS...Bind reconfiguring on server01-iix using rndc\\nZone pasandafm.com has been successfully added\\n...Done</pre></td><td width=\\\"30\\\"><img align=absmiddle src=\\\"/cPanel_magic_revision_1348681860/cjt/images/icons/success.png\\\"></td></tr></table>\\n<table style=\\\"border-bottom: 1px #ccc dotted;\\\"><tr><td width=\\\"100%\\\"><pre>Restarting apache......Done</pre></td><td width=\\\"30\\\"><img align=absmiddle src=\\\"/cPanel_magic_revision_1348681860/cjt/images/icons/success.png\\\"></td></tr></table>\\n<script>if (window.clear_ui_status) clear_ui_status();</script>\\nPassword for u2938212 has been changed\\n<table style=\\\"border-bottom: 1px #ccc dotted;\\\"><tr><td width=\\\"100%\\\"><pre>Updating Authentication Databases...Updating ftp passwords for u2938212\\nFtp password files updated.\\nFtp vhost passwords synced\\n...Done</pre></td><td width=\\\"30\\\"><img align=absmiddle src=\\\"/cPanel_magic_revision_1348681860/cjt/images/icons/success.png\\\"></td></tr></table>\\n<table style=\\\"border-bottom: 1px #ccc dotted;\\\"><tr><td width=\\\"100%\\\"><pre>Verifying MX Records and Setting up Databases...Reconfiguring Mail Routing:\\n<ul><li>LOCAL MAIL EXCHANGER: This server will serve as a primary mail exchanger for pasandafm.com\'s mail.:<br /> This configuration has been manually selected.<br /><br /></li></ul>...Done</pre></td><td width=\\\"30\\\"><img align=absmiddle src=\\\"/cPanel_magic_revision_1348681860/cjt/images/icons/success.png\\\"></td></tr></table>\\n<table style=\\\"border-bottom: 1px #ccc dotted;\\\"><tr><td width=\\\"100%\\\"><pre>Setting up Proxy Subdomains......Done</pre></td><td width=\\\"30\\\"><img align=absmiddle src=\\\"/cPanel_magic_revision_1348681860/cjt/images/icons/success.png\\\"></td></tr></table>\\nBind reloading on server01-iix using rndc zone: [pasandafm.com]\\n<table style=\\\"border-bottom: 1px #ccc dotted;\\\"><tr><td width=\\\"100%\\\"><pre>Sending Account Information......Done</pre></td><td width=\\\"30\\\"><img align=absmiddle src=\\\"/cPanel_magic_revision_1348681860/cjt/images/icons/success.png\\\"></td></tr></table>\\nSystem has 0 free ips.\\n<table style=\\\"border-bottom: 1px #ccc dotted;\\\"><tr><td width=\\\"100%\\\"><pre>Running post creation scripts (/usr/local/cpanel/scripts/legacypostwwwacct, /usr/local/cpanel/scripts/postwwwacct, /usr/local/cpanel/scripts/postwwwacctuser)......Done</pre></td><td width=\\\"30\\\"><img align=absmiddle src=\\\"/cPanel_magic_revision_1348681860/cjt/images/icons/success.png\\\"></td></tr></table>\\nwwwacct creation finished\\n<table style=\\\"border-bottom: 1px #ccc dotted;\\\"><tr><td width=\\\"100%\\\"><pre>Setting up Domain Pointers......Done</pre></td><td width=\\\"30\\\"><img align=absmiddle src=\\\"/cPanel_magic_revision_1348681860/cjt/images/icons/success.png\\\"></td></tr></table>\\n<table style=\\\"border-bottom: 1px #ccc dotted;\\\"><tr><td width=\\\"100%\\\"><pre>Setting Reseller Privs......Done</pre></td><td width=\\\"30\\\"><img align=absmiddle src=\\\"/cPanel_magic_revision_1348681860/cjt/images/icons/success.png\\\"></td></tr></table>\\n<table style=\\\"border-bottom: 1px #ccc dotted;\\\"><tr><td width=\\\"100%\\\"><pre>Account Creation Complete!!!...Account Creation Ok...Done</pre></td><td width=\\\"30\\\"><img align=absmiddle src=\\\"/cPanel_magic_revision_1348681860/cjt/images/icons/success.png\\\"></td></tr></table>\\n\",\"status\":1}]}','2013-03-21T02:52:11-04:00','2013-03-21T02:52:11-04:00'),(67,11,'pending_setup','Auth type: hash','2013-03-21T02:52:11-04:00','2013-03-21T02:52:11-04:00'),(68,11,'active','Order activated','2013-03-21T02:52:11-04:00','2013-03-21T02:52:11-04:00'),(69,11,'active','Changing account u2212604 password','2013-03-21T03:00:43-04:00','2013-03-21T03:00:43-04:00'),(70,11,'active','Requesting WHM server action \"passwd\" with params \"Array\n(\n    [user] => u2212604\n    [pass] => edy123\n    [db_pass_update] => \n)\n\" ','2013-03-21T03:00:43-04:00','2013-03-21T03:00:43-04:00'),(71,11,'active','Response: {\"passwd\":[{\"status\":0,\"services\":[],\"statusmsg\":\"You are not permitted to change u2212604’s password because you are not the owner of this account.\",\"rawout\":\"You are not permitted to change u2212604’s password because you are not the owner of this account.\"}]}','2013-03-21T03:00:43-04:00','2013-03-21T03:00:43-04:00'),(72,11,'active','Auth type: hash','2013-03-21T03:00:43-04:00','2013-03-21T03:00:43-04:00'),(73,12,'pending_setup','Order created','2013-03-21T04:08:44-04:00','2013-03-21T04:08:44-04:00'),(74,12,'active','Order activated','2013-03-21T04:09:23-04:00','2013-03-21T04:09:23-04:00'),(75,13,'pending_setup','Order created','2013-03-21T12:46:11-04:00','2013-03-21T12:46:11-04:00'),(76,5,'suspended','Order suspeded','2013-04-20T13:00:45-04:00','2013-04-20T13:00:45-04:00'),(77,8,'active','Suspending account u2706598','2013-04-20T13:01:14-04:00','2013-04-20T13:01:14-04:00'),(78,8,'active','Requesting WHM server action \"suspendacct\" with params \"Array\n(\n    [user] => u2706598\n    [reason] => Client created via BoxBilling\n)\n\" ','2013-04-20T13:01:14-04:00','2013-04-20T13:01:14-04:00'),(79,8,'active','Response: {\"cpanelresult\":{\"apiversion\":\"2\",\"error\":\"Access denied\",\"data\":{\"reason\":\"Access denied\",\"result\":\"0\"},\"type\":\"text\"}}\r\n','2013-04-20T13:01:20-04:00','2013-04-20T13:01:20-04:00'),(80,8,'active','Auth type: hash','2013-04-20T13:01:20-04:00','2013-04-20T13:01:20-04:00'),(81,8,'active','WHM server response error calling action suspendacct: \"Access denied\"','2013-04-20T13:01:20-04:00','2013-04-20T13:01:20-04:00'),(82,9,'suspended','Order suspeded','2013-04-20T13:01:20-04:00','2013-04-20T13:01:20-04:00'),(83,4,'suspended','Order suspeded','2013-04-21T13:00:47-04:00','2013-04-21T13:00:47-04:00'),(84,8,'active','Suspending account u2706598','2013-04-21T13:01:10-04:00','2013-04-21T13:01:10-04:00'),(85,8,'active','Requesting WHM server action \"suspendacct\" with params \"Array\n(\n    [user] => u2706598\n    [reason] => Client created via BoxBilling\n)\n\" ','2013-04-21T13:01:10-04:00','2013-04-21T13:01:10-04:00'),(86,8,'active','Response: {\"cpanelresult\":{\"apiversion\":\"2\",\"error\":\"Access denied\",\"data\":{\"reason\":\"Access denied\",\"result\":\"0\"},\"type\":\"text\"}}\r\n','2013-04-21T13:01:25-04:00','2013-04-21T13:01:25-04:00'),(87,8,'active','Auth type: hash','2013-04-21T13:01:25-04:00','2013-04-21T13:01:25-04:00'),(88,8,'active','WHM server response error calling action suspendacct: \"Access denied\"','2013-04-21T13:01:25-04:00','2013-04-21T13:01:25-04:00'),(89,8,'active','Suspending account u2706598','2013-04-22T13:01:25-04:00','2013-04-22T13:01:25-04:00'),(90,8,'active','Requesting WHM server action \"suspendacct\" with params \"Array\n(\n    [user] => u2706598\n    [reason] => Client created via BoxBilling\n)\n\" ','2013-04-22T13:01:26-04:00','2013-04-22T13:01:26-04:00'),(91,8,'active','Suspending account u2706598','2013-04-23T13:00:22-04:00','2013-04-23T13:00:22-04:00'),(92,8,'active','Requesting WHM server action \"suspendacct\" with params \"Array\n(\n    [user] => u2706598\n    [reason] => Client created via BoxBilling\n)\n\" ','2013-04-23T13:00:23-04:00','2013-04-23T13:00:23-04:00'),(93,8,'active','Response: {\"cpanelresult\":{\"apiversion\":\"2\",\"error\":\"Access denied\",\"data\":{\"reason\":\"Access denied\",\"result\":\"0\"},\"type\":\"text\"}}\r\n','2013-04-23T13:00:31-04:00','2013-04-23T13:00:31-04:00'),(94,8,'active','Auth type: hash','2013-04-23T13:00:31-04:00','2013-04-23T13:00:31-04:00'),(95,8,'active','WHM server response error calling action suspendacct: \"Access denied\"','2013-04-23T13:00:31-04:00','2013-04-23T13:00:31-04:00'),(96,8,'active','Suspending account u2706598','2013-04-24T13:01:00-04:00','2013-04-24T13:01:00-04:00'),(97,8,'active','Requesting WHM server action \"suspendacct\" with params \"Array\n(\n    [user] => u2706598\n    [reason] => Client created via BoxBilling\n)\n\" ','2013-04-24T13:01:00-04:00','2013-04-24T13:01:00-04:00'),(98,8,'active','Response: {\"cpanelresult\":{\"apiversion\":\"2\",\"error\":\"Access denied\",\"data\":{\"reason\":\"Access denied\",\"result\":\"0\"},\"type\":\"text\"}}\r\n','2013-04-24T13:01:09-04:00','2013-04-24T13:01:09-04:00'),(99,8,'active','Auth type: hash','2013-04-24T13:01:09-04:00','2013-04-24T13:01:09-04:00'),(100,8,'active','WHM server response error calling action suspendacct: \"Access denied\"','2013-04-24T13:01:09-04:00','2013-04-24T13:01:09-04:00'),(101,8,'active','Suspending account u2706598','2013-04-25T13:01:05-04:00','2013-04-25T13:01:05-04:00'),(102,8,'active','Requesting WHM server action \"suspendacct\" with params \"Array\n(\n    [user] => u2706598\n    [reason] => Client created via BoxBilling\n)\n\" ','2013-04-25T13:01:07-04:00','2013-04-25T13:01:07-04:00'),(103,8,'active','Response: {\"cpanelresult\":{\"apiversion\":\"2\",\"error\":\"Access denied\",\"data\":{\"reason\":\"Access denied\",\"result\":\"0\"},\"type\":\"text\"}}\r\n','2013-04-25T13:01:25-04:00','2013-04-25T13:01:25-04:00'),(104,8,'active','Auth type: hash','2013-04-25T13:01:25-04:00','2013-04-25T13:01:25-04:00'),(105,8,'active','WHM server response error calling action suspendacct: \"Access denied\"','2013-04-25T13:01:25-04:00','2013-04-25T13:01:25-04:00'),(106,8,'active','Suspending account u2706598','2013-04-26T13:00:06-04:00','2013-04-26T13:00:06-04:00'),(107,8,'active','Requesting WHM server action \"suspendacct\" with params \"Array\n(\n    [user] => u2706598\n    [reason] => Client created via BoxBilling\n)\n\" ','2013-04-26T13:00:06-04:00','2013-04-26T13:00:06-04:00'),(108,8,'active','Response: {\"cpanelresult\":{\"apiversion\":\"2\",\"error\":\"Access denied\",\"data\":{\"reason\":\"Access denied\",\"result\":\"0\"},\"type\":\"text\"}}\r\n','2013-04-26T13:00:11-04:00','2013-04-26T13:00:11-04:00'),(109,8,'active','Auth type: hash','2013-04-26T13:00:11-04:00','2013-04-26T13:00:11-04:00'),(110,8,'active','WHM server response error calling action suspendacct: \"Access denied\"','2013-04-26T13:00:11-04:00','2013-04-26T13:00:11-04:00'),(111,8,'active','Suspending account u2706598','2013-04-27T13:00:08-04:00','2013-04-27T13:00:08-04:00'),(112,8,'active','Requesting WHM server action \"suspendacct\" with params \"Array\n(\n    [user] => u2706598\n    [reason] => Client created via BoxBilling\n)\n\" ','2013-04-27T13:00:08-04:00','2013-04-27T13:00:08-04:00'),(113,8,'active','Response: {\"cpanelresult\":{\"apiversion\":\"2\",\"error\":\"Access denied\",\"data\":{\"reason\":\"Access denied\",\"result\":\"0\"},\"type\":\"text\"}}\r\n','2013-04-27T13:00:09-04:00','2013-04-27T13:00:09-04:00'),(114,8,'active','Auth type: hash','2013-04-27T13:00:09-04:00','2013-04-27T13:00:09-04:00'),(115,8,'active','WHM server response error calling action suspendacct: \"Access denied\"','2013-04-27T13:00:09-04:00','2013-04-27T13:00:09-04:00'),(116,8,'active','Suspending account u2706598','2013-04-28T13:00:25-04:00','2013-04-28T13:00:25-04:00'),(117,8,'active','Requesting WHM server action \"suspendacct\" with params \"Array\n(\n    [user] => u2706598\n    [reason] => Client created via BoxBilling\n)\n\" ','2013-04-28T13:00:25-04:00','2013-04-28T13:00:25-04:00'),(118,8,'active','Response: {\"cpanelresult\":{\"apiversion\":\"2\",\"error\":\"Access denied\",\"data\":{\"reason\":\"Access denied\",\"result\":\"0\"},\"type\":\"text\"}}\r\n','2013-04-28T13:00:46-04:00','2013-04-28T13:00:46-04:00'),(119,8,'active','Auth type: hash','2013-04-28T13:00:46-04:00','2013-04-28T13:00:46-04:00'),(120,8,'active','WHM server response error calling action suspendacct: \"Access denied\"','2013-04-28T13:00:46-04:00','2013-04-28T13:00:46-04:00'),(121,8,'active','Suspending account u2706598','2013-04-29T13:00:10-04:00','2013-04-29T13:00:10-04:00'),(122,8,'active','Requesting WHM server action \"suspendacct\" with params \"Array\n(\n    [user] => u2706598\n    [reason] => Client created via BoxBilling\n)\n\" ','2013-04-29T13:00:10-04:00','2013-04-29T13:00:10-04:00'),(123,8,'active','Response: {\"cpanelresult\":{\"apiversion\":\"2\",\"error\":\"Access denied\",\"data\":{\"reason\":\"Access denied\",\"result\":\"0\"},\"type\":\"text\"}}\r\n','2013-04-29T13:00:13-04:00','2013-04-29T13:00:13-04:00'),(124,8,'active','Auth type: hash','2013-04-29T13:00:13-04:00','2013-04-29T13:00:13-04:00'),(125,8,'active','WHM server response error calling action suspendacct: \"Access denied\"','2013-04-29T13:00:13-04:00','2013-04-29T13:00:13-04:00'),(126,8,'active','Suspending account u2706598','2013-04-30T13:00:16-04:00','2013-04-30T13:00:16-04:00'),(127,8,'active','Requesting WHM server action \"suspendacct\" with params \"Array\n(\n    [user] => u2706598\n    [reason] => Client created via BoxBilling\n)\n\" ','2013-04-30T13:00:17-04:00','2013-04-30T13:00:17-04:00'),(128,8,'active','Response: {\"cpanelresult\":{\"apiversion\":\"2\",\"error\":\"Access denied\",\"data\":{\"reason\":\"Access denied\",\"result\":\"0\"},\"type\":\"text\"}}\r\n','2013-04-30T13:00:22-04:00','2013-04-30T13:00:22-04:00'),(129,8,'active','Auth type: hash','2013-04-30T13:00:22-04:00','2013-04-30T13:00:22-04:00'),(130,8,'active','WHM server response error calling action suspendacct: \"Access denied\"','2013-04-30T13:00:22-04:00','2013-04-30T13:00:22-04:00'),(131,8,'active','Suspending account u2706598','2013-05-01T13:00:07-04:00','2013-05-01T13:00:07-04:00'),(132,8,'active','Requesting WHM server action \"suspendacct\" with params \"Array\n(\n    [user] => u2706598\n    [reason] => Client created via BoxBilling\n)\n\" ','2013-05-01T13:00:07-04:00','2013-05-01T13:00:07-04:00'),(133,8,'active','Response: {\"cpanelresult\":{\"apiversion\":\"2\",\"error\":\"Access denied\",\"data\":{\"reason\":\"Access denied\",\"result\":\"0\"},\"type\":\"text\"}}\r\n','2013-05-01T13:00:17-04:00','2013-05-01T13:00:17-04:00'),(134,8,'active','Auth type: hash','2013-05-01T13:00:17-04:00','2013-05-01T13:00:17-04:00'),(135,8,'active','WHM server response error calling action suspendacct: \"Access denied\"','2013-05-01T13:00:17-04:00','2013-05-01T13:00:17-04:00'),(136,8,'active','Suspending account u2706598','2013-05-02T13:00:11-04:00','2013-05-02T13:00:11-04:00'),(137,8,'active','Requesting WHM server action \"suspendacct\" with params \"Array\n(\n    [user] => u2706598\n    [reason] => Client created via BoxBilling\n)\n\" ','2013-05-02T13:00:11-04:00','2013-05-02T13:00:11-04:00'),(138,8,'active','Response: {\"cpanelresult\":{\"apiversion\":\"2\",\"error\":\"Access denied\",\"data\":{\"reason\":\"Access denied\",\"result\":\"0\"},\"type\":\"text\"}}\r\n','2013-05-02T13:00:13-04:00','2013-05-02T13:00:13-04:00'),(139,8,'active','Auth type: hash','2013-05-02T13:00:13-04:00','2013-05-02T13:00:13-04:00'),(140,8,'active','WHM server response error calling action suspendacct: \"Access denied\"','2013-05-02T13:00:13-04:00','2013-05-02T13:00:13-04:00'),(141,8,'active','Suspending account u2706598','2013-05-03T13:00:49-04:00','2013-05-03T13:00:49-04:00'),(142,8,'active','Requesting WHM server action \"suspendacct\" with params \"Array\n(\n    [user] => u2706598\n    [reason] => Client created via BoxBilling\n)\n\" ','2013-05-03T13:00:50-04:00','2013-05-03T13:00:50-04:00'),(143,8,'active','Response: {\"cpanelresult\":{\"apiversion\":\"2\",\"error\":\"Access denied\",\"data\":{\"reason\":\"Access denied\",\"result\":\"0\"},\"type\":\"text\"}}\r\n','2013-05-03T13:00:54-04:00','2013-05-03T13:00:54-04:00'),(144,8,'active','Auth type: hash','2013-05-03T13:00:54-04:00','2013-05-03T13:00:54-04:00'),(145,8,'active','WHM server response error calling action suspendacct: \"Access denied\"','2013-05-03T13:00:54-04:00','2013-05-03T13:00:54-04:00'),(146,8,'active','Suspending account u2706598','2013-05-04T13:00:32-04:00','2013-05-04T13:00:32-04:00'),(147,8,'active','Requesting WHM server action \"suspendacct\" with params \"Array\n(\n    [user] => u2706598\n    [reason] => Client created via BoxBilling\n)\n\" ','2013-05-04T13:00:32-04:00','2013-05-04T13:00:32-04:00'),(148,8,'active','Response: {\"cpanelresult\":{\"apiversion\":\"2\",\"error\":\"Access denied\",\"data\":{\"reason\":\"Access denied\",\"result\":\"0\"},\"type\":\"text\"}}\r\n','2013-05-04T13:00:36-04:00','2013-05-04T13:00:36-04:00'),(149,8,'active','Auth type: hash','2013-05-04T13:00:36-04:00','2013-05-04T13:00:36-04:00'),(150,8,'active','WHM server response error calling action suspendacct: \"Access denied\"','2013-05-04T13:00:36-04:00','2013-05-04T13:00:36-04:00'),(151,8,'active','Suspending account u2706598','2013-05-05T13:00:18-04:00','2013-05-05T13:00:18-04:00'),(152,8,'active','Requesting WHM server action \"suspendacct\" with params \"Array\n(\n    [user] => u2706598\n    [reason] => Client created via BoxBilling\n)\n\" ','2013-05-05T13:00:18-04:00','2013-05-05T13:00:18-04:00'),(153,8,'active','Response: {\"cpanelresult\":{\"apiversion\":\"2\",\"error\":\"Access denied\",\"data\":{\"reason\":\"Access denied\",\"result\":\"0\"},\"type\":\"text\"}}\r\n','2013-05-05T13:00:20-04:00','2013-05-05T13:00:20-04:00'),(154,8,'active','Auth type: hash','2013-05-05T13:00:20-04:00','2013-05-05T13:00:20-04:00'),(155,8,'active','WHM server response error calling action suspendacct: \"Access denied\"','2013-05-05T13:00:20-04:00','2013-05-05T13:00:20-04:00'),(156,8,'active','Suspending account u2706598','2013-05-06T13:00:15-04:00','2013-05-06T13:00:15-04:00'),(157,8,'active','Requesting WHM server action \"suspendacct\" with params \"Array\n(\n    [user] => u2706598\n    [reason] => Client created via BoxBilling\n)\n\" ','2013-05-06T13:00:15-04:00','2013-05-06T13:00:15-04:00'),(158,8,'active','Response: {\"cpanelresult\":{\"apiversion\":\"2\",\"error\":\"Access denied\",\"data\":{\"reason\":\"Access denied\",\"result\":\"0\"},\"type\":\"text\"}}\r\n','2013-05-06T13:00:16-04:00','2013-05-06T13:00:16-04:00'),(159,8,'active','Auth type: hash','2013-05-06T13:00:16-04:00','2013-05-06T13:00:16-04:00'),(160,8,'active','WHM server response error calling action suspendacct: \"Access denied\"','2013-05-06T13:00:16-04:00','2013-05-06T13:00:16-04:00'),(161,8,'active','Suspending account u2706598','2013-05-07T13:00:21-04:00','2013-05-07T13:00:21-04:00'),(162,8,'active','Requesting WHM server action \"suspendacct\" with params \"Array\n(\n    [user] => u2706598\n    [reason] => Client created via BoxBilling\n)\n\" ','2013-05-07T13:00:21-04:00','2013-05-07T13:00:21-04:00'),(163,8,'active','Response: {\"cpanelresult\":{\"apiversion\":\"2\",\"error\":\"Access denied\",\"data\":{\"reason\":\"Access denied\",\"result\":\"0\"},\"type\":\"text\"}}\r\n','2013-05-07T13:00:25-04:00','2013-05-07T13:00:25-04:00'),(164,8,'active','Auth type: hash','2013-05-07T13:00:25-04:00','2013-05-07T13:00:25-04:00'),(165,8,'active','WHM server response error calling action suspendacct: \"Access denied\"','2013-05-07T13:00:25-04:00','2013-05-07T13:00:25-04:00'),(166,8,'active','Suspending account u2706598','2013-05-08T13:00:13-04:00','2013-05-08T13:00:13-04:00'),(167,8,'active','Requesting WHM server action \"suspendacct\" with params \"Array\n(\n    [user] => u2706598\n    [reason] => Client created via BoxBilling\n)\n\" ','2013-05-08T13:00:13-04:00','2013-05-08T13:00:13-04:00'),(168,8,'active','Response: {\"cpanelresult\":{\"apiversion\":\"2\",\"error\":\"Access denied\",\"data\":{\"reason\":\"Access denied\",\"result\":\"0\"},\"type\":\"text\"}}\r\n','2013-05-08T13:00:16-04:00','2013-05-08T13:00:16-04:00'),(169,8,'active','Auth type: hash','2013-05-08T13:00:16-04:00','2013-05-08T13:00:16-04:00'),(170,8,'active','WHM server response error calling action suspendacct: \"Access denied\"','2013-05-08T13:00:16-04:00','2013-05-08T13:00:16-04:00'),(171,8,'active','Suspending account u2706598','2013-05-09T13:00:19-04:00','2013-05-09T13:00:19-04:00'),(172,8,'active','Requesting WHM server action \"suspendacct\" with params \"Array\n(\n    [user] => u2706598\n    [reason] => Client created via BoxBilling\n)\n\" ','2013-05-09T13:00:19-04:00','2013-05-09T13:00:19-04:00'),(173,8,'active','Response: {\"cpanelresult\":{\"apiversion\":\"2\",\"error\":\"Access denied\",\"data\":{\"reason\":\"Access denied\",\"result\":\"0\"},\"type\":\"text\"}}\r\n','2013-05-09T13:00:22-04:00','2013-05-09T13:00:22-04:00'),(174,8,'active','Auth type: hash','2013-05-09T13:00:22-04:00','2013-05-09T13:00:22-04:00'),(175,8,'active','WHM server response error calling action suspendacct: \"Access denied\"','2013-05-09T13:00:22-04:00','2013-05-09T13:00:22-04:00'),(176,8,'active','Suspending account u2706598','2013-05-10T13:00:10-04:00','2013-05-10T13:00:10-04:00'),(177,8,'active','Requesting WHM server action \"suspendacct\" with params \"Array\n(\n    [user] => u2706598\n    [reason] => Client created via BoxBilling\n)\n\" ','2013-05-10T13:00:10-04:00','2013-05-10T13:00:10-04:00'),(178,8,'active','Response: {\"cpanelresult\":{\"apiversion\":\"2\",\"error\":\"Access denied\",\"data\":{\"reason\":\"Access denied\",\"result\":\"0\"},\"type\":\"text\"}}\r\n','2013-05-10T13:00:12-04:00','2013-05-10T13:00:12-04:00'),(179,8,'active','Auth type: hash','2013-05-10T13:00:12-04:00','2013-05-10T13:00:12-04:00'),(180,8,'active','WHM server response error calling action suspendacct: \"Access denied\"','2013-05-10T13:00:12-04:00','2013-05-10T13:00:12-04:00'),(181,8,'active','Suspending account u2706598','2013-05-11T13:00:12-04:00','2013-05-11T13:00:12-04:00'),(182,8,'active','Requesting WHM server action \"suspendacct\" with params \"Array\n(\n    [user] => u2706598\n    [reason] => Client created via BoxBilling\n)\n\" ','2013-05-11T13:00:12-04:00','2013-05-11T13:00:12-04:00'),(183,8,'active','Response: {\"cpanelresult\":{\"apiversion\":\"2\",\"error\":\"Access denied\",\"data\":{\"reason\":\"Access denied\",\"result\":\"0\"},\"type\":\"text\"}}\r\n','2013-05-11T13:00:18-04:00','2013-05-11T13:00:18-04:00'),(184,8,'active','Auth type: hash','2013-05-11T13:00:18-04:00','2013-05-11T13:00:18-04:00'),(185,8,'active','WHM server response error calling action suspendacct: \"Access denied\"','2013-05-11T13:00:18-04:00','2013-05-11T13:00:18-04:00'),(186,8,'active','Suspending account u2706598','2013-05-12T13:00:33-04:00','2013-05-12T13:00:33-04:00'),(187,8,'active','Requesting WHM server action \"suspendacct\" with params \"Array\n(\n    [user] => u2706598\n    [reason] => Client created via BoxBilling\n)\n\" ','2013-05-12T13:00:34-04:00','2013-05-12T13:00:34-04:00'),(188,8,'active','Response: {\"cpanelresult\":{\"apiversion\":\"2\",\"error\":\"Access denied\",\"data\":{\"reason\":\"Access denied\",\"result\":\"0\"},\"type\":\"text\"}}\r\n','2013-05-12T13:00:37-04:00','2013-05-12T13:00:37-04:00'),(189,8,'active','Auth type: hash','2013-05-12T13:00:37-04:00','2013-05-12T13:00:37-04:00'),(190,8,'active','WHM server response error calling action suspendacct: \"Access denied\"','2013-05-12T13:00:37-04:00','2013-05-12T13:00:37-04:00'),(191,8,'active','Suspending account u2706598','2013-05-13T13:00:15-04:00','2013-05-13T13:00:15-04:00'),(192,8,'active','Requesting WHM server action \"suspendacct\" with params \"Array\n(\n    [user] => u2706598\n    [reason] => Client created via BoxBilling\n)\n\" ','2013-05-13T13:00:15-04:00','2013-05-13T13:00:15-04:00'),(193,8,'active','Response: {\"cpanelresult\":{\"apiversion\":\"2\",\"error\":\"Access denied\",\"data\":{\"reason\":\"Access denied\",\"result\":\"0\"},\"type\":\"text\"}}\r\n','2013-05-13T13:00:16-04:00','2013-05-13T13:00:16-04:00'),(194,8,'active','Auth type: hash','2013-05-13T13:00:16-04:00','2013-05-13T13:00:16-04:00'),(195,8,'active','WHM server response error calling action suspendacct: \"Access denied\"','2013-05-13T13:00:16-04:00','2013-05-13T13:00:16-04:00'),(196,8,'active','Suspending account u2706598','2013-05-14T13:00:48-04:00','2013-05-14T13:00:48-04:00'),(197,8,'active','Requesting WHM server action \"suspendacct\" with params \"Array\n(\n    [user] => u2706598\n    [reason] => Client created via BoxBilling\n)\n\" ','2013-05-14T13:00:48-04:00','2013-05-14T13:00:48-04:00'),(198,8,'active','Response: {\"cpanelresult\":{\"apiversion\":\"2\",\"error\":\"Access denied\",\"data\":{\"reason\":\"Access denied\",\"result\":\"0\"},\"type\":\"text\"}}\r\n','2013-05-14T13:00:51-04:00','2013-05-14T13:00:51-04:00'),(199,8,'active','Auth type: hash','2013-05-14T13:00:51-04:00','2013-05-14T13:00:51-04:00'),(200,8,'active','WHM server response error calling action suspendacct: \"Access denied\"','2013-05-14T13:00:51-04:00','2013-05-14T13:00:51-04:00'),(201,8,'active','Suspending account u2706598','2013-05-15T13:00:14-04:00','2013-05-15T13:00:14-04:00'),(202,8,'active','Requesting WHM server action \"suspendacct\" with params \"Array\n(\n    [user] => u2706598\n    [reason] => Client created via BoxBilling\n)\n\" ','2013-05-15T13:00:14-04:00','2013-05-15T13:00:14-04:00'),(203,8,'active','Response: {\"cpanelresult\":{\"apiversion\":\"2\",\"error\":\"Access denied\",\"data\":{\"reason\":\"Access denied\",\"result\":\"0\"},\"type\":\"text\"}}\r\n','2013-05-15T13:00:18-04:00','2013-05-15T13:00:18-04:00'),(204,8,'active','Auth type: hash','2013-05-15T13:00:18-04:00','2013-05-15T13:00:18-04:00'),(205,8,'active','WHM server response error calling action suspendacct: \"Access denied\"','2013-05-15T13:00:18-04:00','2013-05-15T13:00:18-04:00'),(206,8,'active','Suspending account u2706598','2013-05-16T13:00:15-04:00','2013-05-16T13:00:15-04:00'),(207,8,'active','Requesting WHM server action \"suspendacct\" with params \"Array\n(\n    [user] => u2706598\n    [reason] => Client created via BoxBilling\n)\n\" ','2013-05-16T13:00:15-04:00','2013-05-16T13:00:15-04:00'),(208,8,'active','Response: {\"cpanelresult\":{\"apiversion\":\"2\",\"error\":\"Access denied\",\"data\":{\"reason\":\"Access denied\",\"result\":\"0\"},\"type\":\"text\"}}\r\n','2013-05-16T13:00:28-04:00','2013-05-16T13:00:28-04:00'),(209,8,'active','Auth type: hash','2013-05-16T13:00:28-04:00','2013-05-16T13:00:28-04:00'),(210,8,'active','WHM server response error calling action suspendacct: \"Access denied\"','2013-05-16T13:00:28-04:00','2013-05-16T13:00:28-04:00'),(211,8,'active','Suspending account u2706598','2013-05-17T13:00:17-04:00','2013-05-17T13:00:17-04:00'),(212,8,'active','Requesting WHM server action \"suspendacct\" with params \"Array\n(\n    [user] => u2706598\n    [reason] => Client created via BoxBilling\n)\n\" ','2013-05-17T13:00:17-04:00','2013-05-17T13:00:17-04:00'),(213,8,'active','Response: {\"cpanelresult\":{\"apiversion\":\"2\",\"error\":\"Access denied\",\"data\":{\"reason\":\"Access denied\",\"result\":\"0\"},\"type\":\"text\"}}\r\n','2013-05-17T13:00:18-04:00','2013-05-17T13:00:18-04:00'),(214,8,'active','Auth type: hash','2013-05-17T13:00:18-04:00','2013-05-17T13:00:18-04:00'),(215,8,'active','WHM server response error calling action suspendacct: \"Access denied\"','2013-05-17T13:00:18-04:00','2013-05-17T13:00:18-04:00'),(216,8,'active','Suspending account u2706598','2013-05-18T13:00:07-04:00','2013-05-18T13:00:07-04:00'),(217,8,'active','Requesting WHM server action \"suspendacct\" with params \"Array\n(\n    [user] => u2706598\n    [reason] => Client created via BoxBilling\n)\n\" ','2013-05-18T13:00:07-04:00','2013-05-18T13:00:07-04:00'),(218,8,'active','Response: {\"cpanelresult\":{\"apiversion\":\"2\",\"error\":\"Access denied\",\"data\":{\"reason\":\"Access denied\",\"result\":\"0\"},\"type\":\"text\"}}\r\n','2013-05-18T13:00:11-04:00','2013-05-18T13:00:11-04:00'),(219,8,'active','Auth type: hash','2013-05-18T13:00:11-04:00','2013-05-18T13:00:11-04:00'),(220,8,'active','WHM server response error calling action suspendacct: \"Access denied\"','2013-05-18T13:00:11-04:00','2013-05-18T13:00:11-04:00'),(221,8,'active','Suspending account u2706598','2013-05-19T13:00:09-04:00','2013-05-19T13:00:09-04:00'),(222,8,'active','Requesting WHM server action \"suspendacct\" with params \"Array\n(\n    [user] => u2706598\n    [reason] => Client created via BoxBilling\n)\n\" ','2013-05-19T13:00:09-04:00','2013-05-19T13:00:09-04:00'),(223,8,'active','Response: {\"cpanelresult\":{\"apiversion\":\"2\",\"error\":\"Access denied\",\"data\":{\"reason\":\"Access denied\",\"result\":\"0\"},\"type\":\"text\"}}\r\n','2013-05-19T13:00:11-04:00','2013-05-19T13:00:11-04:00'),(224,8,'active','Auth type: hash','2013-05-19T13:00:11-04:00','2013-05-19T13:00:11-04:00'),(225,8,'active','WHM server response error calling action suspendacct: \"Access denied\"','2013-05-19T13:00:11-04:00','2013-05-19T13:00:11-04:00'),(226,8,'active','Suspending account u2706598','2013-05-20T13:00:15-04:00','2013-05-20T13:00:15-04:00'),(227,8,'active','Requesting WHM server action \"suspendacct\" with params \"Array\n(\n    [user] => u2706598\n    [reason] => Client created via BoxBilling\n)\n\" ','2013-05-20T13:00:15-04:00','2013-05-20T13:00:15-04:00'),(228,8,'active','Response: {\"cpanelresult\":{\"apiversion\":\"2\",\"error\":\"Access denied\",\"data\":{\"reason\":\"Access denied\",\"result\":\"0\"},\"type\":\"text\"}}\r\n','2013-05-20T13:00:16-04:00','2013-05-20T13:00:16-04:00'),(229,8,'active','Auth type: hash','2013-05-20T13:00:16-04:00','2013-05-20T13:00:16-04:00'),(230,8,'active','WHM server response error calling action suspendacct: \"Access denied\"','2013-05-20T13:00:16-04:00','2013-05-20T13:00:16-04:00'),(231,8,'active','Suspending account u2706598','2013-05-21T13:00:36-04:00','2013-05-21T13:00:36-04:00'),(232,8,'active','Requesting WHM server action \"suspendacct\" with params \"Array\n(\n    [user] => u2706598\n    [reason] => Client created via BoxBilling\n)\n\" ','2013-05-21T13:00:36-04:00','2013-05-21T13:00:36-04:00'),(233,8,'active','Response: {\"cpanelresult\":{\"apiversion\":\"2\",\"error\":\"Access denied\",\"data\":{\"reason\":\"Access denied\",\"result\":\"0\"},\"type\":\"text\"}}\r\n','2013-05-21T13:00:41-04:00','2013-05-21T13:00:41-04:00'),(234,8,'active','Auth type: hash','2013-05-21T13:00:41-04:00','2013-05-21T13:00:41-04:00'),(235,8,'active','WHM server response error calling action suspendacct: \"Access denied\"','2013-05-21T13:00:41-04:00','2013-05-21T13:00:41-04:00'),(236,8,'active','Suspending account u2706598','2013-05-22T13:00:37-04:00','2013-05-22T13:00:37-04:00'),(237,8,'active','Requesting WHM server action \"suspendacct\" with params \"Array\n(\n    [user] => u2706598\n    [reason] => Client created via BoxBilling\n)\n\" ','2013-05-22T13:00:38-04:00','2013-05-22T13:00:38-04:00'),(238,8,'active','Response: {\"cpanelresult\":{\"apiversion\":\"2\",\"error\":\"Access denied\",\"data\":{\"reason\":\"Access denied\",\"result\":\"0\"},\"type\":\"text\"}}\r\n','2013-05-22T13:00:42-04:00','2013-05-22T13:00:42-04:00'),(239,8,'active','Auth type: hash','2013-05-22T13:00:42-04:00','2013-05-22T13:00:42-04:00'),(240,8,'active','WHM server response error calling action suspendacct: \"Access denied\"','2013-05-22T13:00:42-04:00','2013-05-22T13:00:42-04:00'),(241,8,'active','Suspending account u2706598','2013-05-23T13:00:09-04:00','2013-05-23T13:00:09-04:00'),(242,8,'active','Requesting WHM server action \"suspendacct\" with params \"Array\n(\n    [user] => u2706598\n    [reason] => Client created via BoxBilling\n)\n\" ','2013-05-23T13:00:09-04:00','2013-05-23T13:00:09-04:00'),(243,8,'active','Response: {\"cpanelresult\":{\"apiversion\":\"2\",\"error\":\"Access denied\",\"data\":{\"reason\":\"Access denied\",\"result\":\"0\"},\"type\":\"text\"}}\r\n','2013-05-23T13:00:10-04:00','2013-05-23T13:00:10-04:00'),(244,8,'active','Auth type: hash','2013-05-23T13:00:10-04:00','2013-05-23T13:00:10-04:00'),(245,8,'active','WHM server response error calling action suspendacct: \"Access denied\"','2013-05-23T13:00:10-04:00','2013-05-23T13:00:10-04:00'),(246,8,'active','Suspending account u2706598','2013-05-24T13:00:18-04:00','2013-05-24T13:00:18-04:00'),(247,8,'active','Requesting WHM server action \"suspendacct\" with params \"Array\n(\n    [user] => u2706598\n    [reason] => Client created via BoxBilling\n)\n\" ','2013-05-24T13:00:18-04:00','2013-05-24T13:00:18-04:00'),(248,8,'active','Response: {\"cpanelresult\":{\"apiversion\":\"2\",\"error\":\"Access denied\",\"data\":{\"reason\":\"Access denied\",\"result\":\"0\"},\"type\":\"text\"}}\r\n','2013-05-24T13:00:19-04:00','2013-05-24T13:00:19-04:00'),(249,8,'active','Auth type: hash','2013-05-24T13:00:19-04:00','2013-05-24T13:00:19-04:00'),(250,8,'active','WHM server response error calling action suspendacct: \"Access denied\"','2013-05-24T13:00:19-04:00','2013-05-24T13:00:19-04:00'),(251,8,'active','Suspending account u2706598','2013-05-25T13:00:24-04:00','2013-05-25T13:00:24-04:00'),(252,8,'active','Requesting WHM server action \"suspendacct\" with params \"Array\n(\n    [user] => u2706598\n    [reason] => Client created via BoxBilling\n)\n\" ','2013-05-25T13:00:24-04:00','2013-05-25T13:00:24-04:00'),(253,8,'active','Response: {\"cpanelresult\":{\"apiversion\":\"2\",\"error\":\"Access denied\",\"data\":{\"reason\":\"Access denied\",\"result\":\"0\"},\"type\":\"text\"}}\r\n','2013-05-25T13:00:27-04:00','2013-05-25T13:00:27-04:00'),(254,8,'active','Auth type: hash','2013-05-25T13:00:27-04:00','2013-05-25T13:00:27-04:00'),(255,8,'active','WHM server response error calling action suspendacct: \"Access denied\"','2013-05-25T13:00:27-04:00','2013-05-25T13:00:27-04:00'),(256,8,'active','Suspending account u2706598','2013-05-26T13:00:18-04:00','2013-05-26T13:00:18-04:00'),(257,8,'active','Requesting WHM server action \"suspendacct\" with params \"Array\n(\n    [user] => u2706598\n    [reason] => Client created via BoxBilling\n)\n\" ','2013-05-26T13:00:20-04:00','2013-05-26T13:00:20-04:00'),(258,8,'active','Response: {\"cpanelresult\":{\"apiversion\":\"2\",\"error\":\"Access denied\",\"data\":{\"reason\":\"Access denied\",\"result\":\"0\"},\"type\":\"text\"}}\r\n','2013-05-26T13:00:23-04:00','2013-05-26T13:00:23-04:00'),(259,8,'active','Auth type: hash','2013-05-26T13:00:23-04:00','2013-05-26T13:00:23-04:00'),(260,8,'active','WHM server response error calling action suspendacct: \"Access denied\"','2013-05-26T13:00:23-04:00','2013-05-26T13:00:23-04:00'),(261,8,'active','Suspending account u2706598','2013-05-27T13:00:14-04:00','2013-05-27T13:00:14-04:00'),(262,8,'active','Requesting WHM server action \"suspendacct\" with params \"Array\n(\n    [user] => u2706598\n    [reason] => Client created via BoxBilling\n)\n\" ','2013-05-27T13:00:14-04:00','2013-05-27T13:00:14-04:00'),(263,8,'active','Response: {\"cpanelresult\":{\"apiversion\":\"2\",\"error\":\"Access denied\",\"data\":{\"reason\":\"Access denied\",\"result\":\"0\"},\"type\":\"text\"}}\r\n','2013-05-27T13:00:15-04:00','2013-05-27T13:00:15-04:00'),(264,8,'active','Auth type: hash','2013-05-27T13:00:15-04:00','2013-05-27T13:00:15-04:00'),(265,8,'active','WHM server response error calling action suspendacct: \"Access denied\"','2013-05-27T13:00:15-04:00','2013-05-27T13:00:15-04:00'),(266,8,'active','Suspending account u2706598','2013-05-28T13:00:09-04:00','2013-05-28T13:00:09-04:00'),(267,8,'active','Requesting WHM server action \"suspendacct\" with params \"Array\n(\n    [user] => u2706598\n    [reason] => Client created via BoxBilling\n)\n\" ','2013-05-28T13:00:09-04:00','2013-05-28T13:00:09-04:00'),(268,8,'active','Response: {\"cpanelresult\":{\"apiversion\":\"2\",\"error\":\"Access denied\",\"data\":{\"reason\":\"Access denied\",\"result\":\"0\"},\"type\":\"text\"}}\r\n','2013-05-28T13:00:13-04:00','2013-05-28T13:00:13-04:00'),(269,8,'active','Auth type: hash','2013-05-28T13:00:13-04:00','2013-05-28T13:00:13-04:00'),(270,8,'active','WHM server response error calling action suspendacct: \"Access denied\"','2013-05-28T13:00:13-04:00','2013-05-28T13:00:13-04:00'),(271,8,'active','Suspending account u2706598','2013-05-29T13:00:09-04:00','2013-05-29T13:00:09-04:00'),(272,8,'active','Requesting WHM server action \"suspendacct\" with params \"Array\n(\n    [user] => u2706598\n    [reason] => Client created via BoxBilling\n)\n\" ','2013-05-29T13:00:09-04:00','2013-05-29T13:00:09-04:00'),(273,8,'active','Response: {\"cpanelresult\":{\"apiversion\":\"2\",\"error\":\"Access denied\",\"data\":{\"reason\":\"Access denied\",\"result\":\"0\"},\"type\":\"text\"}}\r\n','2013-05-29T13:00:10-04:00','2013-05-29T13:00:10-04:00'),(274,8,'active','Auth type: hash','2013-05-29T13:00:10-04:00','2013-05-29T13:00:10-04:00'),(275,8,'active','WHM server response error calling action suspendacct: \"Access denied\"','2013-05-29T13:00:10-04:00','2013-05-29T13:00:10-04:00'),(276,8,'active','Suspending account u2706598','2013-05-30T13:00:11-04:00','2013-05-30T13:00:11-04:00'),(277,8,'active','Requesting WHM server action \"suspendacct\" with params \"Array\n(\n    [user] => u2706598\n    [reason] => Client created via BoxBilling\n)\n\" ','2013-05-30T13:00:11-04:00','2013-05-30T13:00:11-04:00'),(278,8,'active','Response: {\"cpanelresult\":{\"apiversion\":\"2\",\"error\":\"Access denied\",\"data\":{\"reason\":\"Access denied\",\"result\":\"0\"},\"type\":\"text\"}}\r\n','2013-05-30T13:00:12-04:00','2013-05-30T13:00:12-04:00'),(279,8,'active','Auth type: hash','2013-05-30T13:00:12-04:00','2013-05-30T13:00:12-04:00'),(280,8,'active','WHM server response error calling action suspendacct: \"Access denied\"','2013-05-30T13:00:12-04:00','2013-05-30T13:00:12-04:00'),(281,8,'active','Suspending account u2706598','2013-05-31T13:00:42-04:00','2013-05-31T13:00:42-04:00'),(282,8,'active','Requesting WHM server action \"suspendacct\" with params \"Array\n(\n    [user] => u2706598\n    [reason] => Client created via BoxBilling\n)\n\" ','2013-05-31T13:00:43-04:00','2013-05-31T13:00:43-04:00'),(283,8,'active','Response: {\"cpanelresult\":{\"apiversion\":\"2\",\"error\":\"Access denied\",\"data\":{\"reason\":\"Access denied\",\"result\":\"0\"},\"type\":\"text\"}}\r\n','2013-05-31T13:00:59-04:00','2013-05-31T13:00:59-04:00'),(284,8,'active','Auth type: hash','2013-05-31T13:00:59-04:00','2013-05-31T13:00:59-04:00'),(285,8,'active','WHM server response error calling action suspendacct: \"Access denied\"','2013-05-31T13:00:59-04:00','2013-05-31T13:00:59-04:00'),(286,8,'active','Suspending account u2706598','2013-06-01T13:00:08-04:00','2013-06-01T13:00:08-04:00'),(287,8,'active','Requesting WHM server action \"suspendacct\" with params \"Array\n(\n    [user] => u2706598\n    [reason] => Client created via BoxBilling\n)\n\" ','2013-06-01T13:00:08-04:00','2013-06-01T13:00:08-04:00'),(288,8,'active','Response: {\"cpanelresult\":{\"apiversion\":\"2\",\"error\":\"Access denied\",\"data\":{\"reason\":\"Access denied\",\"result\":\"0\"},\"type\":\"text\"}}\r\n','2013-06-01T13:00:10-04:00','2013-06-01T13:00:10-04:00'),(289,8,'active','Auth type: hash','2013-06-01T13:00:10-04:00','2013-06-01T13:00:10-04:00'),(290,8,'active','WHM server response error calling action suspendacct: \"Access denied\"','2013-06-01T13:00:10-04:00','2013-06-01T13:00:10-04:00'),(291,8,'active','Suspending account u2706598','2013-06-02T13:00:08-04:00','2013-06-02T13:00:08-04:00'),(292,8,'active','Requesting WHM server action \"suspendacct\" with params \"Array\n(\n    [user] => u2706598\n    [reason] => Client created via BoxBilling\n)\n\" ','2013-06-02T13:00:08-04:00','2013-06-02T13:00:08-04:00'),(293,8,'active','Response: {\"cpanelresult\":{\"apiversion\":\"2\",\"error\":\"Access denied\",\"data\":{\"reason\":\"Access denied\",\"result\":\"0\"},\"type\":\"text\"}}\r\n','2013-06-02T13:00:08-04:00','2013-06-02T13:00:08-04:00'),(294,8,'active','Auth type: hash','2013-06-02T13:00:08-04:00','2013-06-02T13:00:08-04:00'),(295,8,'active','WHM server response error calling action suspendacct: \"Access denied\"','2013-06-02T13:00:08-04:00','2013-06-02T13:00:08-04:00'),(296,8,'active','Suspending account u2706598','2013-06-03T13:00:08-04:00','2013-06-03T13:00:08-04:00'),(297,8,'active','Requesting WHM server action \"suspendacct\" with params \"Array\n(\n    [user] => u2706598\n    [reason] => Client created via BoxBilling\n)\n\" ','2013-06-03T13:00:08-04:00','2013-06-03T13:00:08-04:00'),(298,8,'active','Response: {\"cpanelresult\":{\"apiversion\":\"2\",\"error\":\"Access denied\",\"data\":{\"reason\":\"Access denied\",\"result\":\"0\"},\"type\":\"text\"}}\r\n','2013-06-03T13:00:08-04:00','2013-06-03T13:00:08-04:00'),(299,8,'active','Auth type: hash','2013-06-03T13:00:08-04:00','2013-06-03T13:00:08-04:00'),(300,8,'active','WHM server response error calling action suspendacct: \"Access denied\"','2013-06-03T13:00:08-04:00','2013-06-03T13:00:08-04:00');

--
-- Table structure for table `client_password_reset`
--

CREATE TABLE `client_password_reset` (
  `id` bigint(20) NOT NULL AUTO_INCREMENT,
  `client_id` bigint(20) DEFAULT NULL,
  `hash` varchar(100) DEFAULT NULL,
  `ip` varchar(45) DEFAULT NULL,
  `created_at` varchar(35) DEFAULT NULL,
  `updated_at` varchar(35) DEFAULT NULL,
  PRIMARY KEY (`id`),
  KEY `client_id_idx` (`client_id`)
) ENGINE=MyISAM DEFAULT CHARSET=utf8;

--
-- Dumping data for table `client_password_reset`
--


--
-- Table structure for table `currency`
--

CREATE TABLE `currency` (
  `id` bigint(20) NOT NULL AUTO_INCREMENT,
  `title` varchar(50) DEFAULT NULL,
  `code` varchar(3) DEFAULT NULL,
  `is_default` tinyint(1) DEFAULT '0',
  `conversion_rate` decimal(13,6) DEFAULT '1.000000',
  `format` varchar(30) DEFAULT NULL,
  `price_format` varchar(50) DEFAULT '1',
  `created_at` varchar(35) DEFAULT NULL,
  `updated_at` varchar(35) DEFAULT NULL,
  PRIMARY KEY (`id`)
) ENGINE=MyISAM AUTO_INCREMENT=3 DEFAULT CHARSET=utf8;

--
-- Dumping data for table `currency`
--

INSERT INTO `currency` (`id`, `title`, `code`, `is_default`, `conversion_rate`, `format`, `price_format`, `created_at`, `updated_at`) VALUES (1,'US Dollar','USD',0,1.000000,'${{price}}','1','2012-01-01T12:00:00+00:00','2013-03-19T04:12:39-04:00'),(2,'IDR','IDR',1,1.000000,'IDR{{price}}','2','2013-03-19T04:13:32-04:00','2013-03-19T04:14:03-04:00');

--
-- Table structure for table `email_template`
--

CREATE TABLE `email_template` (
  `id` bigint(20) NOT NULL AUTO_INCREMENT,
  `action_code` varchar(255) DEFAULT NULL,
  `category` varchar(30) DEFAULT NULL COMMENT 'general, domain, invoice, hosting, support, download, custom, license',
  `enabled` tinyint(1) DEFAULT '1',
  `subject` varchar(255) DEFAULT NULL,
  `content` text,
  `description` text,
  `vars` text,
  PRIMARY KEY (`id`),
  UNIQUE KEY `action_code` (`action_code`)
) ENGINE=MyISAM AUTO_INCREMENT=15 DEFAULT CHARSET=utf8;

--
-- Dumping data for table `email_template`
--

INSERT INTO `email_template` (`id`, `action_code`, `category`, `enabled`, `subject`, `content`, `description`, `vars`) VALUES (1,'mod_client_signup','client',1,'[{{ guest.system_company.name }}] Welcome {{ c.first_name }}','\n{% filter markdown %}\nHello {{ c.first_name }} {{ c.last_name }},\n\nThank you for signing up with us. Your new account has been setup and you can now login to our client area using the details below.\n\n\nEmail: {{c.email}}    \nPassword: {{password}}\n\n{% if require_email_confirmation %}\n\nApprove your email by clicking on the link below:\n\n{{email_confirmation_link}}\n\n{% endif %}\n\nTo login, visit {{ \'login\'|link }}?email={{c.email}}      \nEdit your profile at {{\'me\'|link}}\n\n{{ guest.system_company.signature }}\n\n{% endfilter %}\n',NULL,'oLGFW2xVq4a0dZtTzKpuGKmWOHelOoSAAdqUh6h/Xf23wXGEWYuHLRI0OR9gS7zyxQJk7zhbb3pP154mULGLSzr0w5xS9Fp74tBPqaQlCtszNIlMwG8JZYA178bhXMfwhII3RxGahWGvLJfdyfp55CzUGlQZuEkeopNCHoZXSdtdoDZ6AzJqCOGkqilT+3rdWu1JeBaJunzRBRUMav2vWrzA09G92fnEygI77jXvHPoeAKQ0wqKbiGct+t+7PgmbarFaPbiBBN8pIkHZzFHMusGG/s5IY11SYuUarqFbRW7irLbupvjeCfPU2WjNFDiw02T4SSEvzgxleqdisQvDGP7I99St9ql4Wm6VDUTHL1pFT7uV09NYOYVpZcRfIE/Fr6/5qPwoeHI8xusaBx3lDpJjySJzYptajGvLMRrMFiTHOXYdkxH5FaCQXAXZjyu+fPFUqC+QvbA/4Vhud2g8knt2hij5c/yoiD/AH0LaEPQGHxtVsPdFMUyNK4+CywpCYDLD2cYM1hMPHrOc7rgb9Y3G3FB1Bh5yvYvzG5q4lsXp5/1+pcennKMFnRkaurEWJnCRFFS7g31isR1q7ZEUyP6BXgRQF41uXL5BRD4Mb2xPMurYR4MtFkGG4i8CwunGHk6lkJPpBTOFtHSoMK/ZlDoz4KyXpEKrM2C9MbqXuciRNy8DHxcj8CRwNl3PXSBgXgQcCaT0wE5UpKsY6CGx/xHitK21QUgFog7ZRJsDwpvMe7Z7ff0rBSdPkGNCPyXquzQxepBzxXQ1UI+ASDYdmN5psTm8cmKGNShyjxJzKiHhGCnNA6t4fNU4PTUQByfa5sGwq99mVCQCybqotvfdOQ=='),(2,'mod_staff_client_signup','staff',1,'[{{ guest.system_company.name }}] New Client Signed Up','\n{% filter markdown %}\nHi {{ staff.name }},\n\n *{{ c.first_name }} {{ c.last_name }}* has just signed up with {{ guest.system_company.name }}\n\nManage client at {{\'client/manage\'|alink}}/{{c.id}}\n\n{{ guest.system_company.signature }}\n\n{% endfilter %}\n',NULL,'WamvAUiHXw8jjgw2GcuC/ZZA0qa6/61hUo8pp0noIEgdKv7QRifXbn2M+lQPQpyou2bX57P+8+qc/kZ8SrtujStCAmMjyi9dVAQJl8ZixR5Buv1IvoozxjLCI6L3GOxijfxdb3FkYfFYqjOGwq3ojoz889Ldn1ynuMIHieM4H9cJ9+6PSzu6072Jv4Jcol4sfQzhf1ssx9bg2ka1rkBsTH/Vp6JlNLBORM/3XckVeJ3AupscXpOi3RUTUGYvkurd/gOfcexRxqqy1/l9wKKNdHbjvPMrmn6FUY567tkLRqEZfft5eZd5jyrpJXOFC742tnd0qVK9qWqQW4yfOUkhmFnxrt4yaf7p8s/orHfcWChK/KDXRK4viPsUTeWx2/YedNi+jXu87cO/WCPVUv+bNqt7AAWwX/MjaxaZaNG0HWAKtaQtinxUsYBVddqfvgH+9fzQFoSfUvAaJB428eRE6CHCGEt6Spo47zFL1GIRTZ2H9NR/U8+2y+zB74EolsjHusAIEOhh1YA2qGXdHf9qQFZvxl97cFfg3w2KeZ3LfHrEfcskLMH6mb5SN/Y02FQ6XK2bfYcDap7y1+8VcHZrPLuYiXWQQFUNxqyglQ16YnWN3xjOQicCtQ/qosY2gQgzZVUZbLqU0cdj5NWJ3f160WD5OxKnhSshNcXIF9lGkXZggoroXWCuhn4cAxe8Io56OhEEogq2n5X0tQEnSTgS2u5gRSvNqHL0McaybUwmtlKzdusVby1kVWbGX6X85dZVkd8c2nTJmKxfgjU1d3v6VFvXqDIMlaL+wrvOZV6UVvBexjWpEQ2+ii91u7S809k0C8w7C+aZ9L5tqcyCtn6HridVCJOo8gWmMBFw/kwe7lxeL4hA6T05t+Jeqc5c/2NbF6YBJ6SAMYPpFEc8esRJV4gFUGNaMV0AOuexQwhR/mOLzUQTms2bIvVw/jUNQ7kCqMF03LXnQjTzaufN6uyid1JRKAltnWiv+B6X14mLPwrBQBcMgd22OIouQkIi+WBJ+bwOpxK4VD+4TH2qWb5cSqbOdPqMYhV5UIMQozQlKbItIiMSmah5YVg42nnS5kKT/wIyp1piG0RKaIViUNfHkj8B/iYFQzB3OA5U45gRJbcZjOMu3NdijF+LiMQg47jA'),(3,'mod_invoice_created','invoice',1,'[{{ guest.system_company.name }}] Invoice Created','\n{% filter markdown %}\nHello {{ c.first_name }} {{ c.last_name }},\n\nThis is to notify that proforma invoice {{ invoice.id }} was generated on {{ invoice.created_at|date }}.      \nAmount Due: {{ invoice.total | money(invoice.currency) }}\nDue Date: {{invoice.due_at|date}}   \n\nYou can view and pay the invoice at: {{\'invoice\'|link}}/{{invoice.hash}}\n\nLogin to members area: {{ \'login\'|link }}?email={{ c.email }}   \n\n{{ guest.system_company.signature }}\n\n{% endfilter %}\n',NULL,'55Yq2HIYZ4lhyZ00B+v7ue5C4TskyyGBiTQhRrGOzP9m1sIE8eCjgCzXEL9cZ3QxtsEmZ6F4k5mhy1VFhV2pBCmrwZVP1NiVC5zpUDg6Ws613B/4dyYazFAPDXDv0UG8Xwy4sef0Vntn+YVLXF1Rvp80nJfN+dzkq5gpjyuJmGZceFNRu2xQOP5xVMuZPkPDtwbsrs4YW6+CLVmQeAgQ8nFSvM5OuuHbIJ1tw9dIN8kcdcnMiFeeM/9j7WHR1hcjcPfPZf4z1FeEVxzVHLSDlkeD827yBAmsY4W41NLNwplPDch5GDgm5eQM0FBvtvrbQizDV1uZ/eBArzEFlQ1pCmEy8WfofntHu5IPJ79kKmH20fqkrmA42i6NZETipmJIKq2STBqq8pVPMllFXFTDTOBlFEv3XFHzKCWK15yWxQcPvAVEzm5GTkdoksW4C4FjgattcdBV9QIdQ3lKHxzdIyfUM0HbF62SpBlazkDtH42JczffGOaOMsaBBq0pUHvdr9PwaCHLM8Zel2O6bPWnusXKAMfmAtJe05DO9vvNMCxOfApNCkXypQdZO1+QH8ZxnUf8jL7H+mYXi62mqhhFHa5WCFoS/BEx+Mr1CRv6+08hOcFAvUzgHqg7g42I5Uahs5JAg7ZiQElPHnVWjOZAXic4hZheXEUo/a4lnAHgDTAZfsQAQz+l1SnewMdetkyuCFjjOhTZe6w2wqubeJQJQ+yMaQcyIZ60oK/kLNrYCcFaVOaJLzFDmW2QZanDuK+6nyEUw+zzU1tcB0WwbIatuyH6ANE1XUpfIjCzZDJx7X27F84wc7hIVa+XPADHGuuuxTx6G+DHmmtMEj98OpRoNLUAcOi9J+Gjebq2hWPRFPTm71/pOfbVQSk6M9Se1fy/8kDxPtV2nuP3chaqqD2nRKDxfloQWWUpcDIvpf5pwgbqap/fQgB+phdmq+QZg31lZGqGZZ2b7lvPsmMy0bbMGomk8pUKRac3vlVaVBRb+3/NDLTFQjEEbuhikwjXHkQwU2u+rAgrv2YlNim6cgiqUr6TVOmBEZl0skG1ieNDkoA+AfW/hYyZNne9SmuAjjGITQSnvhok8I6Rwx0GDjNETXcNzDgRqKdXSVUihQrGNJPCfVUqpUpEJYie8Xwqz3VKQSodPVMD5+nsGEJnuOBqfgtEyapCdGwXPoQg8eXQ5yG9uLwqZR0+6B1n/NlyXMXyymj/Q4iZJc+jrCYU2/REHyzN6StsDNmsS4P6ygDPw5c5v9DXwW+xUDVgw6+QxpxLZxLWcnNP3z7iw8xekaDZo1Z8j0VGhiEHfnV4RH9Pq/zFGyRwg49PfV0PZVqUIWM4Y4DoVqizluewXD5K8mHtGv6sK+prG8CMS6DocRO1wqpQnvqDxHWhAYN1oEy76ofovobY/ZSt7cVauaawGSL2VeFXPEClV4ZmCLDouzaIKA+L6k/WoqxU2XVriKZhkMc5/lWMa5+2eUKNyFEkazrpp4Emmrdd0IcK4InMyMYDm4l/tw+YnUJ3JB/PxiexP2NjybeRVm32HRWhHiHcwvxsEPOQ4IkUsZll2bPPBFkgK6w0FRJYLb9po93JVjUGfnihz8TZhbaGt/Mk3pgWmVMaxY6pKlxUe4WWSAGDvsS+PcNbdaJkFrlThJpWwOSUd52PJPKCeTAy46uaazUXVhx8uwa5rY+8L1Bgs1mYuDG/qA+uUEmH3jH6k1heYmzEaz4t1JxvPdQI5W9iXqOC0ErvZR/O+TGQ/CTlnZEFO5LKasTKmFBNmtPpWXq3du9xT/ZrRB2jlZ5jxCvOJav5Hg3Zufu3rfnXkAjADImamcjmJZh96hXQqs6/qyZL5uKy7ERsh921hLOYO49GwYGvTpyErwmq7c7YHWFXilDARKL916iKAUFI9lX49kvhr15RjyvoUDxJtIXWhn790TpL1KRlJ9RjMqlJglbzK0xu3hMKOY9JjV1IeCMRxaEwHVJa2YuZ0hBjf8EGnpihQWJ81VYZ1I+zw3IEMFw8fvu8+8vffWFQ2ePOsOt60788EJQW9ZZ1AZnIyQzP+tvpLFIJayhDIH4kvRHeQ1S+/2LTa3opF4+EhEfyUa45DWu6xTbWuDxCsNW8yK+wfnDEmkHsJVnV659YrWxx3jlOzCKGWBzfDLeqFTmOIAwUqqfrH8Y6/sAqTt6DmtR2WuNJ6Y38AmREZWeBOYDol+lQ+aPyGhxfWf0EO4lzxXJOq8X/lvtevYD7ZF69KUY726xPZIcuBZBhZ7HMnrJmVJwU4NqPd5MIodsSYIE/9ObULdguL7sqmhkpoC/uh2OkcsIBWGLlsB0lj7xfLl0FpSp6zXGXvKSuvJz/pMO+UNhXFZ7iUg26XSZkGAt8gHz50LRpU9gtTaixFNxJAB3vIdADjhcF8LMe2Joa+RVTXNbw3uyRMs77a2kIM3YvIsVlyLCemg/jJQ4HrhLi9EAijVyFet7CErMjBncMLLoI8UqyAatVnZww3sapwi0UqS63BA6wTaUmOsQ0WLDhYsv2Xvrx8sYiLGTlWrf01iX8Hj6lFZ7vMixX9HkNWDOmHhkrKP+h/RJhfB8oE23p68VtMoqv2X3C+F1NVMuBMxGO2/zBDSpFy2sxo0HYIwhz1WAz9VEIgMY0NRDy8/23HxNo242mKl83g6AubjfHGlE3FkJh8zDpCy3p/EpZOf3n788NstaEQDmQcG19d7FhdpDelSk65/FAlX7DqxqmMyW8UL5PfF9LEWuXprB+lA9x0LdmHlmE+2LgB0gDFAp9uc5suJz4oDCaI4cjH5RTRAcNlb/vEspnPkRQdNkACj58cJHMg2p0G0GSTWwKyPtWuT3VNNLMV39D6jy9Bjx52WnawyHbcNJ0PF/eRMRFQ34PGqo4qNjtHWG4xNAvbqnNHAHLUSi1oSNt+h9io5I7nDjSnEjdSn50K9OjiXkO0A4Pw20SrMz8Hy4r+XlIhK22R7q8RswYmsq3XIIOeSY='),(4,'mod_staff_client_order','staff',1,'[{{ guest.system_company.name }}] New Order Placed','\n{% filter markdown %}\nHi {{ staff.name }},\n\nClient **{{ order.client.first_name }} {{ order.client.last_name }}** placed a new order for **{{ order.title }}** on {{ order.created_at|date }}\n\nManage order {{\'order/manage\'|alink}}/{{order.id}}\n\n{{ guest.system_company.signature }}\n\n{% endfilter %}\n',NULL,'Bcy0/JwYDH0sSFGzyLcWsHap5Ct+nthLmAY33PptYFaicJMZYKxL9bTRDBhE7cPy7NCGni/cOnya+qYCNLrGacMx4M7QuUh9EqTzTNOYYbd0OJe6RmTF5e8piOrKQjrjJkQYnI3ItdpJzPmMAQ7d0mTvZEducUuHrwoxyphO3VO7sUKbCe/Q5S+t29YfDoEh3H/KHg2qwGYi8ajqfWUtfVRRmD7ZoUKR2PXFmiQiYV/evdFZwihUsR6PA/4xKWat2G837ThA2BDD19u78jW3MHgPUvfudWilUqLgJLRInvqmyGTG6V8EmRpUj/87iL7LUrhblxM1lcFAcY7gh4Gu+GuBpL5RekwxKCNNsSh2HP9/H6YO1OOlCE69MalW+lzEsfH0WXwV2a3AT8wDgexkt/wv4NIbvoC5nvllG678hpc0fEZWV+N/f0JzoVblk1lnsJsqtX/uzSB+6o2/H7hs/IMsz5kCwWIsZqqD+JL5KQpGYwytx0tpjy1Cr4BJ1cHNca/FhBnLaUoO49B/8ESbsGTOvACRnxoLlZr+zRn/B2jPt5S94vCmNqn/qkp+aemNANLNUkVSKYSLar9IWG2r1k0HWgN4YVyWgZOTjJvVjLh6lrOYUyUgixM4mdcHwOmCIIbIAUsXuW+Ye5BnRyyI7mjLjtXJ4Gz5HZn05AwkDkzMqkK/0LV0JWQ7M8LHgJ7C2+8QTf7JjQF2W8il/cj6CD3oGOUI/ErlnawDWva+v8L8pInkla1tTTWLIrUmi9wRuw30OkF4mkKCZhlej7BLKY6RUg8YBSsa2yEJ2FijLSB72x5z9HDmJCbDRF/8NZLnUTYSdr/rHfsvA9tdrkeGpcGRoFLdZ/6I9hzs6s9ciLrJTKKdzobPoF8uw4GQh5pcvPyKmJskancDj55nyG9Two8zUL5FFJ2His6nHGjOsHnCnDEwOlVwIkHYPVnJHqBeEmwe0aY+uzK73TsW6Tjc1q1zq8nlCMTLuZ9Bk1GHy3Rpw4bvNeRGirq2sx2lvY0mWqnEQUnmgYLe7pC7uoqrQj5d5DGNa2uln33uUauSf2FZdhPrM97s30AODTXAP+ZJMlHJMWaUJmkKeN98CbkAujH7F0e2JMPG5gf7jV4i4c65tXFSciQ7PKeyHfX+swfSRN530AaHE1MOoDsOAtOMoc6tHdyMYhRYaPbvl6XaQnRy2ekTjago5eCW1rRx/agNKJB5TsUMzCuZoHv5uVpD04ofU8xFlTXJxZSjXG/BsjTWx/gsbCxK1fZuhznAqOgNC5RvJnehYZWVUF8p9vAyABE1WVHy+Nq0enjW90W/OSFKUbgN8tp4WynakABk/p0zn83c4yoe2HLcckxEoR6T9Kq3ulavzD57yGZme9GRTUTWxWQG0IMbUAZt+lyDYgJBHj61CrDPfPqhoFlwSoY7bRbF5mniUDxHmkJ0+s2O8VZ8xYB2uySgCSzrnurlyrza4tbLZkQTK2XlSy6cWGyr8DUEGV11w7EH59Rwnt3fC9Yhsr9dq50d5jJJYAzpzjaMkYDqKbffxENTz2GjyvgGG6uoEa+J8CeZlqEQjNBic0sH5a6BG7aGEl6uvTrKTgYW9M4HWPKd8zEPmUUA36dxYqOUEASV6PN8h+7A52icInob8FMZMafxEDsvPwZiknD2bA0tvTKzd2Ms6Ba0syvFDSJr+yDR5gYuYdKmNnfgNnYL7G8TcuA99maJ+gNZWuO9yD2dajVllOdqSbEv8KeKXbXeETBjhTcxV40V1vS+qgBtelyeVGQGc9vweXNiqwovR0oCMh5y6ubRoGUZM/JMh30jF8OpncilVPIqBLi4Z9b19bSp/zq/sJVKvCMk+DA9ADnH76egeYY7h6Ht5LGnhF/4uH4bepC23z6hAs58OflMO8gPK7JdNFzm+LwFbqHxzITxufd/UgmTXt4V9b3/3uX/DzmuusOFHCNEI+P0jmCcCoO7V8LaolKrn+ioGStPOopDP/nzK3mzVH3wrPC3RICXOVn7jaEQAYQi3gIC27h1BDKsZSawTmffIlMyycIGgEdlKUpXK9UL2j4Ast1D8lMIiCHaRqxQNlAi5oJV6W56HDNRVFEyrbgxv7QwTFupyHn97/nnaEaR8+6z+kiGAw=='),(6,'mod_invoice_payment_reminder','invoice',1,'[{{ guest.system_company.name }}] Payment Reminder','\n{% filter markdown %}\nHello {{ c.first_name }} {{ c.last_name }},\n\nThis is to remind that your proforma invoice **{{invoice.id}}** is due \nin {{ invoice.due_at|daysleft }} days.   \n\nAmount due: {{ invoice.total | money(invoice.currency) }}\nDue Date: {{ invoice.due_at|date }}\n\nYou can view and pay the invoice at: {{\'invoice\'|link}}/{{invoice.hash}}\n\nYou may review your invoice history at any time by logging in to your client area.\n\nLogin to members area: {{ \'login\'|link }}?email={{ c.email }}   \nView and manage invoices: {{\'invoice\'|link}}  \n\n\n{{ guest.system_company.signature }}\n\n{% endfilter %}\n',NULL,'55Yq2HIYZ4lhyZ00B+v7ue5C4TskyyGBiTQhRrGOzP9m1sIE8eCjgCzXEL9cZ3QxtsEmZ6F4k5mhy1VFhV2pBCmrwZVP1NiVC5zpUDg6Ws613B/4dyYazFAPDXDv0UG8Xwy4sef0Vntn+YVLXF1Rvp80nJfN+dzkq5gpjyuJmGZceFNRu2xQOP5xVMuZPkPDtwbsrs4YW6+CLVmQeAgQ8nFSvM5OuuHbIJ1tw9dIN8kcdcnMiFeeM/9j7WHR1hcjcPfPZf4z1FeEVxzVHLSDlkeD827yBAmsY4W41NLNwplPDch5GDgm5eQM0FBvtvrbQizDV1uZ/eBArzEFlQ1pCmEy8WfofntHu5IPJ79kKmH20fqkrmA42i6NZETipmJIKq2STBqq8pVPMllFXFTDTOBlFEv3XFHzKCWK15yWxQcPvAVEzm5GTkdoksW4C4FjgattcdBV9QIdQ3lKHxzdIyfUM0HbF62SpBlazkDtH42JczffGOaOMsaBBq0pUHvd+j6CEjjbjSpYykwdvK/SCh0He0mjjj6okz0MZy+o98NOfApNCkXypQdZO1+QH8ZxnUf8jL7H+mYXi62mqhhFHa5WCFoS/BEx+Mr1CRv6+08hOcFAvUzgHqg7g42I5Uahs5JAg7ZiQElPHnVWjOZAXic4hZheXEUo/a4lnAHgDTAZfsQAQz+l1SnewMdetkyuCFjjOhTZe6w2wqubeJQJQ+yMaQcyIZ60oK/kLNrYCcFaVOaJLzFDmW2QZanDuK+6nyEUw+zzU1tcB0WwbIatuyH6ANE1XUpfIjCzZDJx7X27F84wc7hIVa+XPADHGuuuxTx6G+DHmmtMEj98OpRoNLUAcOi9J+Gjebq2hWPRFPTm71/pOfbVQSk6M9Se1fy/8kDxPtV2nuP3chaqqD2nRKDxfloQWWUpcDIvpf5pwgbqap/fQgB+phdmq+QZg31lZGqGZZ2b7lvPsmMy0bbMGomk8pUKRac3vlVaVBRb+3/NDLTFQjEEbuhikwjXHkQwU2u+rAgrv2YlNim6cgiqUr6TVOmBEZl0skG1ieNDkoA+AfW/hYyZNne9SmuAjjGITQSnvhok8I6Rwx0GDjNETXcNzDgRqKdXSVUihQrGNJPCfVUqpUpEJYie8Xwqz3VKQSodPVMD5+nsGEJnuOBqfgtEyapCdGwXPoQg8eXQ5yG9uLwqZR0+6B1n/NlyXMXyymj/Q4iZJc+jrCYU2/REHyzN6StsDNmsS4P6ygDPw5c5v9DXwW+xUDVgw6+QxpxLZxLWcnNP3z7iw8xekaDZo1Z8j0VGhiEHfnV4RH9Pq/zFGyRwg49PfV0PZVqUIWM4Y4DoVqizluewXD5K8mHtGv6sK+prG8CMS6DocRO1wqpQnvqDxHWhAYN1oEy76ofovobY/ZSt7cVauaawGSL2VeFXPEClV4ZmCLDouzaIKA+L6k/WoqxU2XVriKZhkMc5/lWMa5+2eUKNyFEkazrpp4Emmrdd0IcK4InMyMYDm4l/tw+YnUJ3JB/PxiexP2NjybeRVm32HRWhHiHcwvxsEPOQ4IkUsZll2bPPBFkgK6w0FRJYLb9po93JVjUGfnihz8TZhbaGt/Mk3pgWmVMaxY6pKlxUe4WWSAGDvsS+PcNbdaJkFrlThJpWwOSUd52PJPKCeTAy46uaazUXVhx8uwa5rY+8L1Bgs1mYuDG/qA+uUEmH3jH6k1heYmzEaz4t1JxvPdQI5W9iXqOC0ErvZR/O+TGQ/CTlnZEFO5LKasTKmFBNmtPpWXq3du9xT/ZrRB2jlZ5jxCvOJav5Hg3Zufu3rfnXkAjADImamcjmJZh96hXQqs6/qyZL5uKy7ERsh921hLOYO49GwYGvTpyErwmq7c7YHWFXilDARKL916iKAUFI9lX49kvhr15RjyvoUDxJtIXWhn790TpL1KRlJ9RjMqlJglbzK0xu3hMKOY9JjV1IeCMRxaEwHVJa2YuZ0hBjf8EGnpihQWJ81VYZ1P283goM7j+1f7hbTDGXpOTBfVVx4yFm8Pf8HEd8vZnCbjqYs4sBIn4Q0NixhL7ZKqboaRiVdVyhU9LYASLuVyt0MgUkLQFPUeELsCVNnPMZ1aZXUY7c+HvWVvMK1nZFxs1RO7WwcG/ww8C9nDxAlt6Xn9Eb/YnHwm1VQEqpBe0m48m2IAGktwWpv2BsorGIol9Zs0STVHkDikcRUuv9f5SkvQMNvtyvbVSMs38DEK2YGZcKJV+Uj6usLcYyb4Dt4QDP7z1IsCnBmU4SoxmLoIFLaagh29DzS/DxwwDS6zXwcq8fCa4t5r2kweK3kCfOq5+fCbiDH0TfkMP6/ZNETvDuVj4PV/hA6ySZkTWNcedhDkWpZwL4MXd1tHyZz+3qRvVx7D0UQ1J6ytk2eHJTldpooX70Ym97Xkw40KhfOUwjMa+TCg3RqniTUxGO+3RcO3PtB1qkX5JNMhMppyk/dqfvucVTr629jgbvB3TMOLnDsdm6tCPbxej7c/8LXd3wQlBnCV5D1Wf4EgjMHliC8THB0kFfcGoAgEd3U5elKskfYKqfMVz3ZOv0K8XtZbXTe0wtHaPx+DRlhJVQi4jKiZxfHqlPMPingtbvOIkzdKpUkAGf0Jt4S8L7PZa+mkc/IbLQXbgNB921aj8zZ6ejZMakl1c8gYGwipE0Jzt1uKdjAmdUDdTVn+gYW0x22iBziwxNgX5uE/zrKii2WWai9cOx1RZGKQ+2dAEkhussFol+4VsqUWpbBcm1OmFbJoqlT5+JxXU7liZCSayC+ANFXtM5DqKMhWdrqj0Ioeu6gOLp3QuVYs1OHNslshO1bQQUY7Z6/RrfetaeTIa4FWicR1kouQOpRe8o4Ox5qJwOvjRZwOpVe+Ooqn3UaB9LB/rJOZMtAa1msulo3zTuv/kF7yyzaPzEzS3kschWF3lwi+yroyUv1tJfQFlmKtFLier55TtcxsQF62scXKAFl4qVWd0='),(5,'mod_invoice_paid','invoice',1,'[{{ guest.system_company.name }}] Payment Received','\n{% filter markdown %}\nHello {{ c.first_name }} {{ c.last_name }},\n\nThis is a payment receipt for Invoice {{ invoice.serie }}{{ invoice.nr }} issued on \n{{invoice.created_at|date(\'Y-m-d\')}}\n\nTotal Paid: {{ invoice.total | money(invoice.currency) }}\n\nYou may review your invoice history at any time by logging in to your client area.\nNote: This email serves as an official receipt for this payment.\n\nLogin to members area: {{ \'login\'|link }}?email={{ c.email }}   \nView invoice: {{\'invoice\'|link}}/{{invoice.hash}}\n\n{{ guest.system_company.signature }}\n\n{% endfilter %}\n',NULL,'S8ajYYl+Q10Tqw/Dwz1Wox0A85Af2+cZFzBRzSvKHkW7L2RUEDmpkEVlwxJ9T4KKNEbogt/UtH2uJ1fUisGRAth6C1s/CRZwV8DZSsZFC8xcTD/PoCWHjXLEoZ76NkAvj2WVoV5ddN5XEPR8uvTQk+Dl3DDvdl/ktw30MHdUoZ07xX/iZ9vunjvW1qecBiQPa3zvVdb15CeG06qpjzkG/q0CkjlwBUF4FDkSkbVhhGs+1Gwp/f2l6dG3N17DK0CF3IYckcFxWnA7lvcGzQOu+cBFWbywP0klj5h2QOQDCRAnZnrYumhwlgxPuhe+3d0G2vvZrcFyCAVnVuHGq8bthNc1kZKCAVf4UEZ1PxclQav83qH62K+FRkKoem435AjfG/Zcqdxt53DUA/Itc8kpDpdpvVh0oJ59CB+Yg3GpOAz91+aZmJTEjzETVAF2j++INJx4/heM4ILAthzObGVS3eb4Lyan9l52Td0c6nUi19twK2CrwjW/uNfkcbrWi9y/7zMgi1BNISK6x42Yd3HQrIlexKNajcNfArPWvQyZrM6JXl5px+gqucMSEfKPiod8y6wb9mRKCXxisnX40qauvZxEeaQFNYoKvWcy+3CpIlb64oKx2JcN/1BZkWnmh+LtRiUk5A+ULQiC2aWWBQvmYBuNlXI1aTEbm8z2T9LKPWC++0KvrrHqBS1606e8Y2OGS0mT+NY/r9NN8rJqqpH3UJu0NrLHAHF2v86S/2oUE+d6S07q8QwIOg4L+l/ICg6tRqhjhtjpzU695KPMg8jezigedESLMvhFkCC/xIwidd6dkyDkj5iBx2DKJepELQpJWyjlUvrhnnToIY2A2Jw8AcTAAHFg4NNC3/qEJ9TthNWVjK4AyXMXZoyqQNLBv4Eev70q8xMF7+hekeLOzuguuqvqy+dFfQ0yr8hJswfcy1qWYspRaIFuUzK8FwlMRlf1bUyOLM/cDUNS4i0Ucgj2UsIjqW7OwK5E0nqtTkGQ7EWmm+Lv+cE4dWKUPElsyBnYieypU55SSKRsaKSOHsyHeJoHh+nPL7Z4Ess90Ubm44fORb2d9FlbEToVncCl/QEulvmC5I8Wq7EVNm2NAc3uxiUvlqTFHCnyrfppX/UVbQrgt8OZkk/XCRzYB8+0lfGRZRkhW0Ap5X5PLhJI5w87lrApHABtyUdLkGjIADUeuChf+cPo9HHAHtnTs7L+26Y+99D4UFOiQtwM1m0wL9djp67n6pcQ1xAqu5f5YUKJRWXliAYf6OWZcjWiJ1749AvM8uZuicepHS0I9z8PjcdZiOFv9Zv6Dry/aRFNVEKWr1fWZFNUXoGPJat7lbmURr6oCekMY06hnzHhtW36iR2xeq4T7wFQ+jQb09IEwExwHpwIJaNW4U5dFloWcu5CrE3B+whdJagJ3gERO6ptcLEzrkmnxOhqKoOpZE29UrwNXwR3MfjIcJLtkGo7zBOGmOd04oMG7AjW1gPCgejdvBUNvZwG88rR0+TDVYG7OF8v4HNjOhY2t/XXZVaAreBfeQG/g4KLTCE+SE+4EwcYqnyLm9WFU1CKljFgZXn9zdCzASK9HKf2l+onjEcLEUcyxIjeMANw2afquPdxhn+nGXOLEIuX0GA1gVvJqTwHdiY5Msd/L2FEWdMGjoed9IJ29U8c6toYba33/pMTdSj5cDdhYRIcOmp33x2k8Q0N1prNTtOzQcgGihbdmNlef5qoLSLFkWHogymNw2/7wODtNDCCcBSIhVjM8IfA5c+ZE7qYQQJw1n5Y8yMuR2SOV9aRT+MeIGkVnKvxQpvO8eDuMuw0xhPFBB+eZjvDRD0+DGZW7hGHgpF2YCJGj58SjbA7FAE+SN4101mgX9QJFpQKWzm9pWLiKFxzBoYKdkjlYritQxHq0tVM4Qx6PTA3FFz53Ryu9NIqmzab0gUiKqJDm1Fumn0RnDF3wTTKFtXDGOhNWQ8ZrS2X7LaTATxGiLERQq8gKZefd1tI9hCabUrg19BpzHUMvX/qRk7tob0K2N10PkU8juNP9BEcyxYLxtSazgLVKAuN28g4Ip2SZcCjDglNx7CsPohhQaqEQu5uecO3ywzpVzASvMcEV9kWg4GUpBXuGqwAtoLmRgW9Li5ugBUIWURoPU95M6ZWQ/Y0m14HxGqZQIkp12v1UgUIN6bK+giemuBSO7oP2WOJiK8RhdfAH0ZCL6jGIC929SFosNOpohy2rElfCtAO6jFEUIlf40rrMj6VTe6NTkk6a0SPeUbE7BKlfujPmqvfJJKliFDGChu1tAIZoZOd1wVCkf7HOlaiXaA2egMyagjhpKopU/t63VrtSXgWibp80QUVDGr9r1q8wNPRvdn5xMoCO+417xz6HgCkNMKim4hnLfrfuz4JmyTSeyL4czr05mWShljeG81qT0PSvOmxtIKtBTOrhPhulThtHFK3aJpDgPKjQzUkoyj8t6cgeLK2Fv1ZWv9zDMfUVJUjuyeQYf/vFVxEFWTI8TC0zTzaS5QswUYBCNdMaeuVKWZ8/24Z3g0vnPbOHzz9lUoaf+XchV4a5cyZieELlo2SP2NKsk4hWTPj6e+J/D4BfuNa9qQsLs9Hdogcqehw7h+wQClqMC/WZ/mFMHlhkafwe3jkxT1FnMOlPq5XsbrpDKhcKwt0qjtZA+bnbEzaqLEbaowrEFSA7RmLmAXZxeMFqsqzTw1Kfd9WbpDBT/ea4lt214R9nsA+kNRzcV98+EBbwdswqMviG5vCFa6XNOXlXANwzyOpj4kSZjPx4lPMVlJcxjNfkPPxec30qI295cu10XQ2wUbdUn4kNj3McmiCan65qRTMC+/o6mfK6NTYhjzSonajsQr1Wq7+1qsSGtd18zUVIG3SaLYHhVsRXUHlELTnKbPK5hoY6+BRNWvWexqzHX5FXE8e12xn/eL8KkQ64NVTJnggUkWuv4e9QmTQRykug8ODem2N2TmyhhCsrS4hTCK0q7ICJ3NMu7g='),(8,'mod_servicehosting_activated','servicehosting',1,'[{{ guest.system_company.name }}] {{ order.title }} Activated','\n{% filter markdown %}\n\nHello {{ c.first_name }} {{ c.last_name }},\n\nThank you for ordering with us! Your hosting account has now been set up. This email contains all the information you will need in order to begin using your service.\n\nIf you have requested a domain name during the signup, please keep in mind that \nyour domain name will not be visible  on the internet instantly. \nThis process is called propagation and can take up to 48 hours. \nYour website and email will not function until your domain has propagated.\n\n**{{ order.title }}**\n\nActivated: {{ order.activated_at|date }}      \n{% if order.expires_at %}Expires: {{ order.expires_at|date }} {% endif %}     \n{% if order.period %}\nBilling period:\n\n{{ order.total | money(order.currency) }}\n{{ order.period | period_title }}\n\n{% endif %}       \n\n**New Account Information**\n\n\nHosting Package: {{ service.hosting_plan.name }}    \nDomain: {{ service.domain }}    \nIP Address: {{ service.server.ip }}\n\n\n**Control Panel Login Details**\n\nUsername: {{ service.username }}    \nPassword: {{ password }}     \nControl Panel URL: {{ service.server.cpanel_url }}\n\n\n**Server Information**\n\nServer Name: {{ service.server.name }}     \nServer IP: {{ service.server.ip }}\n\nIf you are using an existing domain with your new hosting account, you  will \nneed to update the domain settings to point it to the nameservers listed below.\n\nNameserver 1: {{ service.server.ns1 }}   \nNameserver 2: {{ service.server.ns2 }}   \n{% if  service.server.ns3 %}Nameserver 3: {{ service.server.ns3 }}   {% endif %}\n{% if  service.server.ns4 %}Nameserver 4: {{ service.server.ns4 }}   {% endif %}\n\n**Uploading Your Website**\n\n\nYou may use one of the addresses given below to manage your web site:\n\n\nTemporary FTP Hostname: {{ service.server.ip }}    \nFull FTP Hostname: {{ service.domain }}    \nFTP Username: {{ service.username }}    \nFTP Password: {{ password }}    \n\nYou must upload files to the **public_html** folder!\nThank you for choosing us.\n\n\nLogin to members area: {{ \'login\'|link }}?email={{ c.email }}   \nManage order: {{ \'service/manage\'|link }}/{{ order.id }}     \n\n{{ guest.system_company.signature }}\n\n{% endfilter %}\n',NULL,'[encoded data, 5676 characters]'),(7,'mod_servicecustom_activated','servicecustom',1,'[{{ guest.system_company.name }}] {{ order.title }} Activated','\n{% filter markdown %}\n\nHello {{ c.first_name }} {{ c.last_name }},\n\nYour **{{ order.title }}** is now active.\n\nLogin to members area: {{ \'login\'|link }}?email={{ c.email }}   \nManage order: {{ \'service/manage\'|link }}/{{ order.id }}     \n\n{{ guest.system_company.signature }}\n\n{% endfilter %}\n',NULL,'M6Hqv1w4Pst3tdquVjyO8SS1P5Au+4c2yrCHsRSsbuPwptN6OVOYfEKrC4mVJiMf1omhQXM9ySlunWjq82YeeBOLJ/2I7dhMr4r8rlOMUgYhRfBR2d0ETpUJ/glcEc0F3w1FkisL8A6zKpIqVPD2evZwrVebuKaZhjKr20u0GK2UvgtDNb016n+X0KlJy8drkkdwZ11Tl6elPzhuvl4CebIET2F6/hVzp/l/c0HRJiz9vdT0qJZGc/6hS5g9JszfA1FiiFvf9NjnGeunIAzekwwVggQPCZjPCjvTIGm4xcYI3wJ7anFgL0+MMZ+OmGzgbc7M7CXUoeQIgI3Ig6uur2p1SmfvM4xtqWjYJjc0RoK7PZCtbST/TS8KGrCPeG8twEfUedWX0/N551dF06b+3WjnUFwNYdn2IfOL2wS+ukqJkftuiEtxV7/+NcAeLZCxmS3M0vfr/nBYJad4YJ6IV5rJtD9r7Tugbwn1FIv4LdmjAOYYASePVTnxr06pEKY+tMJQWA18tesOTjxRGPhL6q1bXq6eHuLtOB+YuOFtqJZCvHhUjf5w6wqypXbxweE9IEVmQKZIXPN6fSrz9A6JUEZXkDZEtTKvwYW7H5Jlz7nEOFZIehKHWkYFJDWLoJI7jTj875D1sarvJUuh9D1yvFIvAjbxX7CjGyk8B1XpD+6Em40es9iQcNYo2PkgL23Zcdw5CXtjGfZIrN2SS+DS3c0PzdAlG/ArIc9Ad+w8AnQL1AO9s8WwWF1zW3wJMSsu9CivvtwlBWa1sG6hzMn/mWueEGiOrr7/zpnR/KHFfQ4AyaOgXMzTJpxL9+MXnGbBcsYoiAGlKSQecDTbGvtsk+uGRXQ1BvAtoMcsgkQFjtsdTZGrKZiPXcgo8igEbNCcSQNyvqowadWrmOV7sdoki+SD/rRCNUEV5JxpvUVpurUq613hMtY0ZKD99BMGT9y6ZtEFJX5rz8NrDOTAaIuVODRJLfO2p85HmW6JfQVXkZv121SNxolGZz9pdQna92vTnavCFIwGkLu9mlZ77FdDPSp2UdRHXAqO5Lwqhrhxgij0alfHaCLpoPdkzAHC1roJoDnF/Zsn9FyWNpNqrVrNMAdQs0y62jVOuyd7a+vtdIqAMXUD9qS1QSchwNcNFJcZYtgWg91vI8p1sTb/Tlrpqf1eQ+fLBIiLh+tOhfMvdlfDLekyBsrvIEWzjvhlEIo33XHe72h0J57doxiOIQAnAnbVLf/PSbwi3DjJCovmcgm9hNU+y1QzUB0QyB8MsV7jx3FSYK6VpEXxUamYke76wWzeYHXx0PiZl7o5rCV0ujooxn/qgG3P1XmBDhFweshXqXAr4UI+m2Ajm48mBf4g3F2hW54TTu0RGcKvR0ADqPXOBl/6gFd4kLQorS2Q9re0Afoa+4e2a146tC04PhmfSP5wGIw/Q+MijgJDamwDSxW/rzZkndyvJdzJBQO26s9TRtPN69KCt7hsULozFpn2xX/x/Anekhq7ig9uP3EZuiCz0OslY9u2LEKQE7n0eNSnB5HBade1ezlm3PEIKotPlMFaw4Y2fkAIYgCLcjH7DKdQqllzWcQZpLbVYNIrK8ippeGEmhB3G4R6+V+y1ThyO+AawXfb8+OpsgyYyYaBIfdAt85ay4wRx9ODzGYfaxQ8mQxGEIVaQ6Fyaw4VCRa4+9fLRmf4w4UaP8PZANWzb2Mcy/30eDed7cNFS7VXrU7yRPAioSY5G+JbS/jzMPB5YutyOE5zgxWEC8BzUZJ0pDdZs6399X29CVeOb7HEfs2KG6jPO46RvzJ0iQ9vxdDodciTx6EG4NE6cg2hBpJXjITHG6Zpap2wzI6A2Fq7OrqP1Uc/frCpS5abq27jyYWqRbUGpB5ySpiIu8w4z1ee36dwCppFUFkLBkv+dDtZqgbmyLpTlorVcyP4TEW6Im5B1xUhsY/XOWnjfptmj6gAefnvucVTr629jgbvB3TMOLnDsdm6tCPbxej7c/8LXd3wQlBnCV5D1Wf4EgjMHliC8THB0kFfcGoAgEd3U5elKskfYKqfMVz3ZOv0K8XtZbXTe0wtHaPx+DRlhJVQi4jKiZxfHqlPMPingtbvOIkzdKpUkAGf0Jt4S8L7PZa+mkc/IbLQXbgNB921aj8zZ6ejZMakl1c8gYGwipE0Jzt1uKdjAmdUDdTVn+gYW0x22iBziwxNgX5uE/zrKii2WWai9cOn2nZNOU20eK5vvMlndxD0650SPWta2lggi/dyYuYy+Oj5ucbtkrjcXHVgPzBbmLzboUbKKXaqEdY77b5JCC/V6NC/Btcl3gnEWmaq/52L6e3uI86tZxMwlFQEddEzefxQdC/FEmXl0qDeuQmNjXHJanKLvFlSrFhjoXJSDOuTBNmceP5WDT4hTGbA0S3v6m5PbmPj09UDKMN+hFNvSH1uw/icASQ2ukf8G2d4Z8JDrE4ykcaEBMYmAp8ER0852Qh9jJTepiqnPCdPbnBArDqrhOK3T1Q4XJcKmRz6AvU6UU0Ew+dSgrIfoDk7u/JoJE1CPv63on3oTi2508rQ/s0pRqt9cEb0Yoy55cJtRV6ZakRA2I5qwYWiDu/aGj57xaKTPCVOjJpbioDDE3kmpT6+DihN1PPSQpusEsWNM69yFLh3tUFGLCqG7DP8ASDLWoHtBzHrEIG7aTk0UpfRca5k5/PMhnreeaDJnY5YWWn6/8lzLHDkkbQ852Ppv61ek/PyDr62maU3hvdw/PrqZtoYikUz2igDSwE1V+o71YxbiMsDC4hvG4tlZ46Fc4Mqu/XUjxcrrDTIjMril7xwBLn2p7KpPd992XV7aW56IaT5tuKy9D2OEawZ+A/89fVPAHrJ6/ItuPimSClWF8O9EBphinNnKsL0NojrDafhaVVAqKrzUGjNRdzSF1pSO82+tic2qgRdYXC0zkHztVs91BVbeOMwKs33wzy9P/Qz2kQDYeM6E9QbHuSu1aAlmSOiB5R5dw7okePhbbQtcKwV0Mvj2J7kClslc6qb16/FtX/Cwg=='),(9,'mod_staff_ticket_open','staff',1,'[{{ guest.system_company.name }}] {{ ticket.subject }}','\n{% filter markdown %}\nHi {{ staff.name }},\n\n **{{ ticket.client.first_name }} {{ ticket.client.last_name }}** opened a new support ticket #{{ ticket.id }}\n\n***\n\n{{ ticket.messages[0].content }}\n\n***\n\nTicket ID: #{{ticket.id}}   \nDepartment: {{ticket.helpdesk.name}}   \nStatus: {{ticket.status|title}}\n\nReply at {{\'support/ticket\'|alink }}/{{ ticket.id }}\n\n{{ guest.system_company.signature }}\n\n{% endfilter %}\n',NULL,'[encoded data, 4268 characters]'),(10,'mod_support_ticket_open','support',1,'[{{ guest.system_company.name }}] {{ ticket.subject }}','\n{% filter markdown %}\nHi {{ c.first_name }} {{ c.last_name }},\n\nThank you for contacting our support team. \nA support ticket has now been opened for your request. You will be notified when \na response is made by email. The details of your ticket are shown below.\n\nTicket ID: #{{ticket.id}}   \nDepartment: {{ticket.helpdesk.name}}   \nStatus: {{ticket.status|title}}\n\nLogin to members area: {{ \'login\'|link }}?email={{ c.email }}   \nReply Ticket at: {{\'support/ticket\'|link}}/{{ ticket.id }}\n\nPlease do not reply to this email directly.\n      \n{{ guest.system_company.signature }}\n\n{% endfilter %}\n',NULL,'[encoded data, 4608 characters]'),(11,'mod_servicehosting_canceled','servicehosting',1,'[{{ guest.system_company.name }}] {{ order.title }} Canceled','\n{% filter markdown %}\n\nHello {{ c.first_name }} {{ c.last_name }},\n\nYour *{{ order.title }}* that was issued on *{{ order.activated_at|date }}* is now canceled. \n{% if order.reason %} Reason:     \n\n**{{ order.reason }}** {% endif %}   \n\nIf you have any questions regarding this message please login to the members area and submit a support ticket.\n\nLogin to members area: {{ \'login\'|link }}?email={{ c.email }}   \nSubmit support ticket: {{ \'support\'|link }}?ticket=1     \n\n{{ guest.system_company.signature }}\n\n{% endfilter %}\n',NULL,'7MVb7Xk6XLwXnqShubRHelMRVi/fKj8OMWNq2Gyd1AcjAoWKztUrp+WfAI8cAaG69jH+xEX0U7utCudPI8UHVv3AazpWIJXl9j2Cx2uoV/1UrwzXjVuVSEs8c2gMmqiLWpWlVQPfqzqIM28qh/MtGx96KIw76ZI+lDXCq5tNJ/3i+KPTukta43KJNnwVbSGmqzDmgQJQETnMVRCPcRYRoqJ4e6rm11oBGKXTXmgbBmc7okYhqfOmSCuq5eIAASm+5VC9ANAhpH1FaJYkk7MNYaueL6EU+Mff5yKzOORuwxYDx/Daz7HoANpMmSA0wVr6G1jJNQbkTQJkokFvSBIbTCmtHdLoQoKykh8DaA46+v86Y8kwqbwzWtfSyXYIvdBDGy+1V0TnUXdU5yQmys1DMDIwj91G08thEKGL81bcX3ilOgyzpyb9Kk9JYIhHNaQ7c6vqq//k+RLQshsLdbsWGJXL7rLPdfKN/FV8vzrcOCsnVBUDJtK9KnIYoDAgYztquvPnx1EOM7BjhLj1zPq+q32zDRFavDlNUt+TG0yK9/IGMSkgB8rT5PAsoRx+FF8H4YK9xotFv7JtnI13XpvrwU6mq/mHxnXlYZzswlRzv9FbB4yJGXmjPOJ1qlj8SsYzL8v0nnNC42xCJ8Txq9T2wosKcgOfIsvZUHdCiclXMWdMNNbE6hzmqrXfcDAywt6NY/cSXYo/IsSwhT16PeaQrKDFlSUThfetwpLjp17iFwZq/RcPHRAYTWMvOVCee/EsK6x6K9N7zkJJKmKHRXfpxNRd1c+NrS4xjjcWyUSjP02NfHlG5AV66Tzo96qC11Lvs+YH9Mfr0uxtjwZYwzVqdLR0YOj2d+eUB59WHo38BvYLN1pUH7MUSFeTVCXWmHeYVXJFBZze9JR//3N5F2qK4xXJTIcdjXPJ1EmFk9dcj5HzqHu4YfqemcLU6tU0ARmKNQkZ7q1+wkw++UsYu7Eua7FCEjRw7VDokpE2SnHH+eXZ5yRqC+eXwA85nb8aEj4S4gr3Subh+1VB/+47TfTuQHGTgeveLOi5Dpt+rRupFSDDpz5IfRpa2VxjNzeT0RjhPchpmM4BjBM2giV1m8f5bpyAM4N4v+HGTW7rzr/VjIofMx3zhVbAefOw2yQ9/ciOrDhpOVBLKuzETEONDnJmd7OA23YSDICZ7xMw8ybpTpYGoATyPs6ZPDi9r/B4rFuD/6eOnxBmT8dl+ilRhHgifT/roRQQqJdSkH/ZwuMN46O+6sXO5/BrPOPWHdROlvxEE1QyPtVo1g2Y297lCX89CZABKhq2fq2B2EVb8zii5gZOhSwXZm1JKyd3o89zJWiNJih+5sm6FvkaG1LB92Tu4HbbSLITe5rutODqGJuboPQjLhzAA+4c2YRZl36vnZZEwFsqCXYyjY1dE4H1jrf3HmDb2bMj8r9Ad7/QezSdMJ3q8RL+sYmBiUUpmDTERJQ3Gn3HEdmRK/RpRd+2Zq5yVqsWfGjizJgIRzDZEQh7DCprhIpatZ+VBpQKMViWB5ebEKsW2r6mEhPzwq53H0Yy1z7F11NHanG1Tkfb5L8TGowQqhND8punNJRsy4fNW9pG3BVdkU1ZMOuN7xKgKftOwEvw78XRUgLn6cXmZI/VX2T6CUPTg6CDBWUvIF97mB22+Ge+jkHCGTfZYCgksDWHQjX8Ve2aWSCzqbhUQTcvqS6Qzj8x5wSM3GzuCQ5BVXkoO8y+YfjG1pOB4wgozt799Xx2btqm/YRrScjBD5db4Ywbg3OD9wCv56EIbWW3BNf4FIEz0qLygF3sDCMOBd+oG5C3GVXPDO6nGA1hXmuUsM9EeYxa3iZXD4n2qSvN+Q3wTqZUl0S7AiPOc9rmgexgJigzx8a1iAg0foXbknkpFi7vqwL3Og49wAITQvT0sriYRCvyWa3WjiVD5rpGVMRdgu4oxmULhoVZH3zGYCbrKzsynAToOpqdXU8sECy9oWxUdPF33UR3kl4zMwgtSlhButjY8WBY+BdFu/7/uZn768Cd7yFMdJmIZq88ByEIVD1QI/6UX8I1We8bc3hhlU8IZ4TNrQao3j/pCfuXCobwrOqFxbbosyjIzHDj9OOStBfU/7lJ7oh+30qlC5gXt1Wv5gKzxyAwyZQX9oZn6zjA1FlWGNRIe6nh0svacgBx7qZ4PzarmlQiKOv5sLqWoZZIvlda2otIgNoUkVbRmaq7gf+xRV8fosWgJo/OE94dGueTxN2oiBpJicYY96CLkO65fFNjG06b77uPVjWaavZytFiRT7cLiwo3ohD8b16GdyvxgVeXuDf20eGOrYDUnKU5wIAJE9Cfvi8stzWij+OlSGYThL7z9hfFOi2nSWG8ZtUCqZ08/Caqm3UxxVrIVWKsRvqiRBhBoAuBed8qBmMZKKfawwtZEMLyB3F8FO+264GxFfODIHC1ZA3DAC7xxXP3jQLQb1z1xhSIH4HmiFR8udPM1xOmDAUgapm+otLCwpbdglkha960SagDrPpX0xCg2rK1GZV/qXzb7+W2MdW3P1902lqy33KAAKzEblCUxZ6BDN6gkayMT1x7wMkqX1mH7HgHB7A7bJ1GnxkOramokint43v0QrQ8Y9uFE/ZWAAbYi2Og7rHK06cAvJrfvnI+PdMcHU1FuTsNFTqYdGmAPfQiMccZuHy0tBJFf8WoAXVStba0fdV0Z6YiEu4yFL3zC81TQb2V696ivti8i8TD5Wiv00SEN5Gqpjzw0E0ei3uBr4OcrDzkWl8CpCskMCVcGlOmnF/m01Fk2CBcxtVZI/4biHIx8KcG+vtwvF+ZtP3oKjrco+Xu6m2YeL10Zxb5iFAcWUO+nd2rfzG+deeW8NfU2mRzpU+nDET90NO3Xl7FkWHMH7RPWeJNAJQjmlGiUSsiM5TccsQlVyhgyOwRRGJt0ESiGJaXVNpoIr9fsKUBvhva/aCyfVU4nf5f/N8VCwjpMlxilxQfKzTqe3LYvnk='),(12,'mod_support_ticket_staff_close','support',1,'[{{ guest.system_company.name }}] {{ticket.subject}}','\n{% filter markdown %}\n\nHi {{ c.first_name }} {{ c.last_name }},\n\nThis a notification message to inform you that ticket **{{ticket.subject}}**\nis now closed.\n\n\nTicket ID: #{{ticket.id}}   \nDepartment: {{ticket.helpdesk.name}}   \nStatus: {{ticket.status|title}}   \n\nLogin to members area: {{ \'login\'|link }}?email={{ c.email }}   \nReply Ticket at: {{\'support/ticket\'|link}}/{{ ticket.id }}\n\nPlease do not reply to this email directly. Use the link provided above.\n      \n{{ guest.system_company.signature }}\n\n{% endfilter %}\n',NULL,'[encoded data, 4652 characters]'),(13,'mod_invoice_due_after','invoice',1,'[{{ guest.system_company.name }}] Invoice Due','\n{% filter markdown %}\nHello {{ c.first_name }} {{ c.last_name }},\n\nThis is a payment reminder that your proforma invoice **{{invoice.id}}** is already \ndue for {{ days_passed }} days.   \n\nAmount due: {{ invoice.total | money(invoice.currency) }}\nDue Date: {{ invoice.due_at|date }}\n\nYou can view and pay the invoice at: {{\'invoice\'|link}}/{{invoice.hash}}\n\nYou may review your invoice history at any time by logging in to your client area.\n\nLogin to members area: {{ \'login\'|link }}?email={{ c.email }}   \nView and manage invoices: {{\'invoice\'|link}}  \n\n\n{{ guest.system_company.signature }}\n\n{% endfilter %}\n',NULL,'om3/k58az58DB5MthKo3DTwdEmF0pgqarDU53OrHvr+asXmBG2hrDrFPod53gnkCxl8NPD7JF/DjtOi11fdDH5LR8ESBIlKWxl1OqLTbsP2RIZ0PUOj9Oru8B0cHgtFEHMvQPhWYhG2XGrMvbChQ7YwvcxBnGbAKvcc9d7SkjlZrb0U20jlgdWGsueWUHYjKe8rFYLhGlNpy9MkkRc0ivlJrAlKan5hRlBa3c2yW4wntZpS0VzHoKOJzqRFJU+0Fbyd3XfEGMYNow9WwTh/zaiP1sGYNeRZivnwQ7OBKYgWby6kfr4a1Up/qi3S4GQv9In9XL5fbnxzz/pF5a4QHtnO4sK8i+OV9vbueRA3mkPLFLM+LP50+vg+cjJ7aEfmhQO/KTrGDRdHHe3zeicF8uSgmj0iQYN4ni+qcQU3uhOPiHMbkRa7DzLfGMnNGtup8iBr/Re5qogt/yJrT0XuahPq4kb22WGMK+dmHQ1KhfH9QtJ5SEfXLGedIF5tE+YvgN1xfowvTirhJy4DsLItWx82XIxKLBOr4/WnFa++xgedHxcdP5GKtydBMmDIN4OaC6RHnDw6MEOE7Wl2aKAE07UdA9ols3nEWrUZIAMBv2yoa6XYPJlcaoTHXWtWyWETYbjiFlquUY/aqRx1QMi4Y192dJ9j9yWc7OOeNa2UxaG3f9bl6v9nStT+fTMqjR0yurcfQzQmFv93m8Fhhl15OPfIQIeGvutlIvxKX1hTVH08jM3qxPtDnvgQFlAiC4HP5z53mCgKACamSO18PRbf//upDz7pU0FlP7dS8cIEI/r7MX0HgVZd2wS8cn4Zqe40ai2BOFmwh7qzEn/+1o8PVGeDc2VUiMUBewFbdW4ZNQX+2JATim/JJdMzfmGQKJdChd565vm5PQqlkFrpftvalES+Rhzfx+iYdfSxAdryyrYIxr5MKDdGqeJNTEY77dFw7c+0HWqRfkk0yEymnKT92p/Wu9pnUO/jOSFxtHk6oCik8U3zLfmJ7zf9+xsBJs1sWON2253fnttUXgQiOQNdWDdpXxEDwA/fn6DRBaTv5Gdne8pwAE/rItA1dHrm/IJvhGCdssSUUhow/36Tjj7yCCwN8qcAo76kHIMi5RKIc2NTuJR5XhSAfTsqhoX4dg7YgldA8YtqTR+FlrD9itRyEdEY7x+zRvbUai/gYTN3vQdJLTI0O6+ICa3M73d/z6EIVBZ5oXNFC8W7MMR/ihjC2Bampin12JOU02PyA+FO8br0sIgqGY1mreKKhBWQWP6wl++eKqUAgRHsYs8QnFS2nwVRMIwMjtoWo0K2gVDo+KV9wpRMSCpYLv4nfh+AJN6M5hvFBUTKxw0iTHP76LMdP0TrtZeCa2Rn6T9WwuG0z1EqiNNRHh9QoJWpwcZVFXjt+szZbgzVGXAsR05PCUa7Nn7h4n2mkSFa+aYnEqo7j29/jruUJKHIKfZ+thP2usgS5DiVaSFTC7Gndxg5rmjW+YI5jyV0YyyyBFIGtkMqTKBXBo8MNbDCXLPhiySVF8e0Os0d3IRDk5gulPtNfgwtPXqPbayEuv7w5EW6/pqPSjDA0QKNPdz7rjI+vlFvlElYcvR35CmDobT53ET3BW5kOFYfcU9sATPiiMnNpchs9J3K6ohRBmn571+ls4VnrVNkyC9yrX8LZfnMG566b1lCozSnf9B2w7VAhHCb1lf0aJeV53QmFKCMNcVw707lRsG091djaN+CUmMl1tyy2t8aSl36RwOr5Vn1AY2p8Iu1BpHypEBNDgDZHb+FQLrsSu/V6nVAjGsiStG1sSXlXHjGPXFWH7AJzv5Cl6ClKChiaRtpCMGWWN7Lx/CO6oyO/F1tUQJZQDjcs8xwqcJlvqKD8BzCy02aMg+6PviWWXw8pl5UKC6wBw3IXvotYooB+eZy4y7+pTqkAK7cAvcjWzJ/VLYeWnx5XfQmwn1/FxUcQrLIJchPZ+fCV04nozREBknplysbRV0KHGTyxwmMxwfpm7c4wErJ2a6ZHW6OMYpDoHCQHW0LPrKNbuExztc/lQY5WY9+sO5aJvbpFJjb80XNTPrx5Zt0pHbXx2kmJ04OTv0rxF9ea6yETckuC6ZMEjaidCPtAnE5bkVCB4020oce2VelXMBK8xwRX2RaDgZSkFe4arAC2guZGBb0uLm6AFQhZRGg9T3kzplZD9jSbXgfEaplAiSnXa/VSBQg3psr6CJ6aRFJrnCIyl5xS8dY7o5l8xQRt6K+2wscmOV1y6O0JE+Wx8OsinQnefISbEsB5CRU9Nxg5+/v2q10ChbzFKiABsxqG2hpvr/2XDb94UF4pWgiTqYPQh9teXCxJjr9Kzijsb1mnOrmv7MVfmbqSWU4pZjGWK2NF8MMLa71bH3gpb76aQmQsyPafYOgKgHFZiqvZmbMfcTPiyVE+dU78v8JtNfTo0oYdp8nLGWpI1NJJAH1mnoOitOCA9D7FYuXRI6xTsAoEv2Q7VT2SqqPstajLAKTZOFljG8r3YIxG2KK/poTTi1sFZRHOuYRHEkykyXW2dguW+VwQ34CK784la+nrBO9qIsiwAoG3YLs5bzlFiDdDIRzQB5YHdP/VZeGjcXqv0MnCet64CN6z16fR2S45W9IVFeOQvJgbQ2Gz1Zu04EwNDs1/M+3k+o1gYEgtJ1pmIf2PNQNP5QQvE720orl/tFasrPilHqqbMFWh1ObTliz1xE8qLF08w7ROf4q79aBR4XZKQ5YZT73CGxdijM1GVEBT2A/tBvHuqdyYrNtW7K41DAFQl2FHdBBOu+dm3rT8G4EhSbGm2SPXxrzBmJOJbNQGIFT3VTciz4vwItXr6Ozg3V7035Tw4J8I/43fkuJvyA9DAh8dtC3yUlcuzCEk23qPKVouD1lIMLfINmQZPVHA+qP539/ERBO5YEMbJU32dV7WUNXwsNBxW2IFogoNcN7PwfJocm2vDpaotfHVxoLMpQWoJcgoJOo7OZVYJ95djFIlpRz54WxWFggTRZHgoaYwPBqTDvs31HkQcROiuw=='),(14,'mod_servicecustom_suspended','servicecustom',1,'[{{ guest.system_company.name }}] {{ order.title }} Suspended','\n{% filter markdown %}\n\nHello {{ c.first_name }} {{ c.last_name }},\n\nYour *{{ order.title }}* that was activated at *{{ order.activated_at|date }}* is now suspended \n{% if order.reason %} Reason:     \n\n**{{ order.reason }}** {% endif %}   \n\nIf you have any questions regarding this message please login to the members area and submit a support ticket.\n\nLogin to members area: {{ \'login\'|link }}?email={{ c.email }}   \nSubmit support ticket: {{ \'support\'|link }}?ticket=1     \n\n{{ guest.system_company.signature }}\n\n{% endfilter %}\n',NULL,'p8szEhy80poplANPbSUKWU+b/aIMzKEYGjQXTPtN5Jw5u0IKHmCk0oxDcFqzTfR32naLvF4Ji7dV9xV+3KxDeTpBa9hpjOwwrSNu7xrnl/bfoCTJwzXBCCyGhqo49WexglXcNTP9fFeVFV75zltV/wI19Xa3ZYDf4oYxkTorUQaVy18myVdJbaZtig2DzYslPkX6yInBiKxoPmUbMHnVRB0BOjdChfNy2JnsQfJBaRUs6D5xY8yrv9JNG7dzRo4BLXmi9SrIz5C0wL1VoHbRPCHtN0DQ1RLZBX7rqUpR6otxb2876nLmDCtcZ/3QAkHkAgN37/UuibvE8o1ET4phbpd3CoLrQlnDNxshF8c7H6HYuTa8BrdT2Rqpj5kfTqzxbiZVxFLoTykzFKaX3sG039dl5rOZ7FKOcsCpDZYQnJnku7HJw/6k8InOFg6ER0m3zWwkse2nLes174EjNkSgRPCj2Hrq3a9oT5qP0ijDsD1GYwHJIjGJdJKIgFz4sUy9GshNTFwEPrjN/8MO1aaV3vU2U+Mslg2h4Qm5Angi1BbAlyaPWBPtyBqsTZ3TS6ZNwqzSPee1X9R59Ej2G1kpL20brNwT+SekuSah7WHQzUG1wz3+pvcv6AsJFKTatCrrBkndD1ViXg72BFUezJbqAarOUp9tdkmziNH0O+aAK3iuAUixjnZOy1IQbe8EFwLpKbDJPlcjzE3TSPfrfvGtidL1YKUL3BNCn6QInmb4FUjlCIc9/HFffUdSI/9udYyn9LIjzRsvLY+bOtz4JShTmtUzs5xLxHbHJ8IaNwkhizDbVYZVMPbjq3DwY+lOHfYQRqc9UB8Kvh4h3t5xIqGyUYx4eQsvpF1Wu8DoGUWRflcMjU9+7lw2rjoumMLa5p93ClttvYoSL3f5VNYVTxA/tqfHYACGb0c8ZQEvy1Kzr7rDWWhDdj9v9WcWenMD8ntYuiKgU4SRBFn+nyZOvO8ZiDW/C/eW+A0OivJ9YnY4tfDoSjESPEytnHwGH699L9JnMjk+thAcchkuh2kY293IQScUjLyQzxxH99warplNtdc5j+d0Vfl3kgfOWFvk4bDRwi8MqXUPNGGWuVx3tFUXs8YKkXQURgqEUjLT8/550i1DG2ynPFPoDZ1LrDfmsZQlSXnWR0RVV+KD7eB8vBGY8KlJTqo6hV+l6h19EbIs033FcIzijuIWhd8tQHAEdNk9gorTFL7/WnRgtFkIKGY0fryhe4BIh+dtloXy4pzKjqHPnsGUcySeDsGwLYBAa8pbj77lw6ff/q2j5FMQB62VQyx/mkPOJsU8fd9EePiO95upvNbK+LqN+cMPitUsSHs3qeuOIddIKOTY5IP4M+yRncM1i0LUlw8ABl5HrF4bspqZ71BQYneLMp914R1Ys2dEuKU6HcEjweqPvE2oZsuPBcCz68LIvyE+14GfIcdS7WqTicgkelnUeV3pkx0KcYRF0jJZWwczqP8jxWrTn3BVQFYLmegapDadXjUdQ8dozPuPgULui1AXYh68ttURgKf14VyS9U1ZUwWX1AN2i61Zdl3r6UnTBY84SMyA+69fshih9Yy9YdHGuaV/wugjD9juCHciRsIdt9HE06V1rxIPrCzdNdeKQCYtIf3BDo7bfCKn6gIWRk0eTfGjFGPF7DpZDwONLV7g0ifS/s6+x255aAa7MD2m7cG4hqwzQ7c8WnFE3nfQBocTUw6gOw4C04yhzq0d3IxiFFho9u+XpdpCdMoIcGNiYzGp8FBBFqvaA3bYWHfPgdpKjC0jwFiDTLNOdq+HxNY48v+WuuvmwqpgKCfq9ZVyQ/jHK7ncB6NGdZYkMfjwi5TT4aWcuN+NaffaapHL5f0J0TFRXeq82aU6d/Wu9pnUO/jOSFxtHk6oCik8U3zLfmJ7zf9+xsBJs1sWHfPRKJZAaGOV2EKvnkNEQnGAb2SvyU7KRswNZY7JpBh6Ob2DoP9X+NpVQ7c0nkz6FVo1r0iOCM0b4KntJayprC0rqhgEcyzdibgwJbCvhusb8Z0en5SJ6LOeiYe/EBta7RLA8iM8X2CiytA9zlpLPLfTV1UUVwnKOnNFJsTneDsath+yV0xFP8bJ9SMITN/OGByoDzrrSnJV1yK0+g7XHZ2M78zEayWaWfL1OTx/aDdLvUWMjXIM7LaoiJ63fqiYDahWn1rxliQBzD3KWtcEFaGJJ4zaTcG+PQezk7va6Dejzw1LR0YcFbOpBsAQWGOCxZ/ozCPUXWANNEQ9FNhjY2dF1pi00li5lW0eDcm4hUVD4nHvQ+O59XkiBuqLOa5wPCzFtuaQjWGD76tFw5Tb9wUcbz05mkF0HapPNcvr0uDV2kFofxvWII8UNxbp1urqgH/BskIH38YFcFOq9ztbNEQ0egZujb8LRNt71+JNY4CGFOFZJkpyBy2YxIA3yk+mHjiMxYpmqIDa/v3ILkhUqwVTdvBkhDxD6KUkZkQ1uZ/MED7DYpbz0LqigvOwacLP1h6R3Y9SAoq3vQrYQ2bmgKZ7y/MyxAE4JjFhkyKiGUiNo96CRBfKP/Cxn8xCxOvuJr5HUtbWSC99d5SU/r3bKjA4L/0s/ZGjGaBK1g18o1z8/S0Op6dt+durV/mWe4QvIDpCDDJWagmUjA67WDHG511Y7wfII0t8xlNMDPo8To5B0gk2dU8q6yTWYMPh1UCgsfYpwIc+7No3ugJnqDQOsqNnQ9GcS7pyWTdbZxJy8iITO/kKoGSNnsKzBOOdqdPcKM+v+wskCoO1UGKu6XQv8CpzMhFHo2Fecn/fXWS0gzMzmp+VyvmyfDtedVaxxG+ajJFVbYKt9dqhYTcEZ2q7SO7thrHhU8QRdRXfE02Q6rls/x4sHns3vZtrXVSBQemoVB+vUSEVBhl1qOXPKaX8C+AtmOKMCkdUXrUo7KHYn1FGW9PhfDhwaiKTpforbxAjZTYkgJLL2FSIZEY7tnyLgtytQ29lht7rig1DEvaXw8nVhQ9Jtw9h8LeLkbkwIj4T8ONe9HBGWE6HQrNjoMWVNmL0i2bJAj2ztMhwSRUVIVnPVzFeu4tYBBa+yDh3gDxE');

--
-- Table structure for table `extension`
--

CREATE TABLE `extension` (
  `id` bigint(20) NOT NULL AUTO_INCREMENT,
  `type` varchar(255) DEFAULT NULL,
  `name` varchar(255) DEFAULT NULL,
  `status` varchar(100) DEFAULT NULL,
  `version` varchar(100) DEFAULT NULL,
  `manifest` text,
  PRIMARY KEY (`id`)
) ENGINE=MyISAM AUTO_INCREMENT=12 DEFAULT CHARSET=utf8;

--
-- Dumping data for table `extension`
--

INSERT INTO `extension` (`id`, `type`, `name`, `status`, `version`, `manifest`) VALUES (1,'mod','forum','installed','1.0.0','{\"id\":\"forum\",\"type\":\"mod\",\"name\":\"Forum\",\"description\":\"Forum for BoxBilling\",\"homepage_url\":\"http:\\/\\/github.com\\/boxbilling\\/\",\"author\":\"BoxBilling\",\"author_url\":\"http:\\/\\/extensions.boxbilling.com\\/\",\"license\":\"http:\\/\\/www.boxbilling.com\\/license.txt\",\"version\":\"1.0.0\",\"icon_url\":null,\"download_url\":null,\"project_url\":\"https:\\/\\/extensions.boxbilling.com\\/\",\"minimum_boxbilling_version\":null,\"maximum_boxbilling_version\":null}\n'),(2,'mod','kb','installed','1.0.0','{\"id\":\"kb\",\"type\":\"mod\",\"name\":\"Knowledge base\",\"description\":\"Knowledge base module for BoxBilling\",\"homepage_url\":\"http:\\/\\/github.com\\/boxbilling\\/\",\"author\":\"BoxBilling\",\"author_url\":\"http:\\/\\/extensions.boxbilling.com\\/\",\"license\":\"http:\\/\\/www.boxbilling.com\\/license.txt\",\"version\":\"1.0.0\",\"icon_url\":null,\"download_url\":null,\"project_url\":\"https:\\/\\/extensions.boxbilling.com\\/\",\"minimum_boxbilling_version\":null,\"maximum_boxbilling_version\":null}\n'),(3,'mod','news','installed','1.0.0','{\"id\":\"news\",\"type\":\"mod\",\"name\":\"News\",\"description\":\"News module for BoxBilling\",\"homepage_url\":\"http:\\/\\/github.com\\/boxbilling\\/\",\"author\":\"BoxBilling\",\"author_url\":\"http:\\/\\/extensions.boxbilling.com\\/\",\"license\":\"http:\\/\\/www.boxbilling.com\\/license.txt\",\"version\":\"1.0.0\",\"icon_url\":null,\"download_url\":null,\"project_url\":\"https:\\/\\/extensions.boxbilling.com\\/\",\"minimum_boxbilling_version\":null,\"maximum_boxbilling_version\":null}\n'),(4,'mod','branding','installed','1.0.0','{\"id\":\"branding\",\"type\":\"mod\",\"name\":\"Branding\",\"description\":\"BoxBilling branding module. Can be deactivated by PRO license owners only.\",\"homepage_url\":\"http:\\/\\/github.com\\/boxbilling\\/\",\"author\":\"BoxBilling\",\"author_url\":\"http:\\/\\/extensions.boxbilling.com\\/\",\"license\":\"http:\\/\\/www.boxbilling.com\\/license.txt\",\"version\":\"1.0.0\",\"icon_url\":null,\"download_url\":null,\"project_url\":\"https:\\/\\/extensions.boxbilling.com\\/\",\"minimum_boxbilling_version\":null,\"maximum_boxbilling_version\":null}\n'),(10,'mod','massmailer','installed','1.0.0','{\"id\":\"massmailer\",\"type\":\"mod\",\"name\":\"Mass mail tool\",\"description\":\"Send batch email to filtered clients\",\"homepage_url\":\"https:\\/\\/github.com\\/boxbilling\\/\",\"author\":\"BoxBilling\",\"author_url\":\"https:\\/\\/extensions.boxbilling.com\\/\",\"license\":\"GPL version 2 or later - http:\\/\\/www.gnu.org\\/licenses\\/old-licenses\\/gpl-2.0.html\",\"version\":\"1.0.0\",\"icon_url\":\"http:\\/\\/www.client.vinhostmedia.com\\/bb-modules\\/mod_massmailer\\/icon.png\",\"download_url\":null,\"project_url\":\"https:\\/\\/extensions.boxbilling.com\\/\",\"minimum_boxbilling_version\":null,\"maximum_boxbilling_version\":null}'),(11,'mod','queue','installed','1.0.0','{\"id\":\"queue\",\"type\":\"mod\",\"name\":\"Queue manager\",\"description\":\"Execute long running tasks in queue\",\"homepage_url\":\"http:\\/\\/github.com\\/boxbilling\\/\",\"author\":\"BoxBilling\",\"author_url\":\"http:\\/\\/extensions.boxbilling.com\\/\",\"license\":\"http:\\/\\/www.boxbilling.com\\/license.txt\",\"version\":\"1.0.0\",\"icon_url\":null,\"download_url\":null,\"project_url\":\"https:\\/\\/extensions.boxbilling.com\\/\",\"minimum_boxbilling_version\":null,\"maximum_boxbilling_version\":null}'),(6,'mod','servicesolusvm','installed','1.0.0','{\"id\":\"servicesolusvm\",\"type\":\"mod\",\"name\":\"SolusVM product\",\"description\":\"Sell virtual servers using SolusVM extension for BoxBilling\",\"homepage_url\":\"http:\\/\\/github.com\\/boxbilling\\/\",\"author\":\"BoxBilling\",\"author_url\":\"http:\\/\\/extensions.boxbilling.com\\/\",\"license\":\"http:\\/\\/www.boxbilling.com\\/license.txt\",\"version\":\"1.0.0\",\"icon_url\":\"http:\\/\\/www.client.vinhostmedia.com\\/bb-modules\\/mod_servicesolusvm\\/icon.png\",\"download_url\":null,\"project_url\":\"https:\\/\\/extensions.boxbilling.com\\/\",\"minimum_boxbilling_version\":null,\"maximum_boxbilling_version\":null}');

--
-- Table structure for table `extension_meta`
--

CREATE TABLE `extension_meta` (
  `id` bigint(20) NOT NULL AUTO_INCREMENT,
  `client_id` bigint(20) DEFAULT NULL,
  `extension` varchar(255) DEFAULT NULL,
  `rel_type` varchar(255) DEFAULT NULL,
  `rel_id` varchar(255) DEFAULT NULL,
  `meta_key` varchar(255) DEFAULT NULL,
  `meta_value` longtext,
  `created_at` varchar(35) DEFAULT NULL,
  `updated_at` varchar(35) DEFAULT NULL,
  PRIMARY KEY (`id`),
  KEY `client_id_idx` (`client_id`)
) ENGINE=MyISAM AUTO_INCREMENT=58 DEFAULT CHARSET=utf8;

--
-- Dumping data for table `extension_meta`
--

INSERT INTO `extension_meta` (`id`, `client_id`, `extension`, `rel_type`, `rel_id`, `meta_key`, `meta_value`, `created_at`, `updated_at`) VALUES (1,NULL,'mod_hook','mod','activity','listener','onAfterClientLogin','2013-03-19T03:56:01-04:00','2013-03-19T03:56:01-04:00'),(2,NULL,'mod_hook','mod','activity','listener','onAfterAdminLogin','2013-03-19T03:56:01-04:00','2013-03-19T03:56:01-04:00'),(3,NULL,'mod_hook','mod','client','listener','onAfterClientSignUp','2013-03-19T03:56:01-04:00','2013-03-19T03:56:01-04:00'),(4,NULL,'mod_hook','mod','extension','listener','onBeforeAdminCronRun','2013-03-19T03:56:01-04:00','2013-03-19T03:56:01-04:00'),(5,NULL,'mod_hook','mod','forum','listener','onAfterClientCreateForumTopic','2013-03-19T03:56:01-04:00','2013-03-19T03:56:01-04:00'),(6,NULL,'mod_hook','mod','forum','listener','onAfterAdminRepliedInForum','2013-03-19T03:56:01-04:00','2013-03-19T03:56:01-04:00'),(7,NULL,'mod_hook','mod','forum','listener','onAfterClientRepliedInForum','2013-03-19T03:56:01-04:00','2013-03-19T03:56:01-04:00'),(8,NULL,'mod_hook','mod','hook','listener','onAfterAdminActivateExtension','2013-03-19T03:56:01-04:00','2013-03-19T03:56:01-04:00'),(9,NULL,'mod_hook','mod','hook','listener','onAfterAdminDeactivateExtension','2013-03-19T03:56:01-04:00','2013-03-19T03:56:01-04:00'),(10,NULL,'mod_hook','mod','invoice','listener','onAfterAdminInvoicePaymentReceived','2013-03-19T03:56:01-04:00','2013-03-19T03:56:01-04:00'),(11,NULL,'mod_hook','mod','invoice','listener','onAfterAdminInvoiceApprove','2013-03-19T03:56:01-04:00','2013-03-19T03:56:01-04:00'),(12,NULL,'mod_hook','mod','invoice','listener','onAfterAdminInvoiceReminderSent','2013-03-19T03:56:01-04:00','2013-03-19T03:56:01-04:00'),(13,NULL,'mod_hook','mod','invoice','listener','onEventAfterInvoiceIsDue','2013-03-19T03:56:01-04:00','2013-03-19T03:56:01-04:00'),(14,NULL,'mod_hook','mod','order','listener','onAfterAdminOrderActivate','2013-03-19T03:56:01-04:00','2013-03-19T03:56:01-04:00'),(15,NULL,'mod_hook','mod','order','listener','onAfterAdminOrderRenew','2013-03-19T03:56:01-04:00','2013-03-19T03:56:01-04:00'),(16,NULL,'mod_hook','mod','order','listener','onAfterAdminOrderSuspend','2013-03-19T03:56:01-04:00','2013-03-19T03:56:01-04:00'),(17,NULL,'mod_hook','mod','order','listener','onAfterAdminOrderUnsuspend','2013-03-19T03:56:01-04:00','2013-03-19T03:56:01-04:00'),(18,NULL,'mod_hook','mod','order','listener','onAfterAdminOrderCancel','2013-03-19T03:56:01-04:00','2013-03-19T03:56:01-04:00'),(19,NULL,'mod_hook','mod','order','listener','onAfterAdminOrderUncancel','2013-03-19T03:56:01-04:00','2013-03-19T03:56:01-04:00'),(20,NULL,'mod_hook','mod','servicedomain','listener','onBeforeAdminCronRun','2013-03-19T03:56:01-04:00','2013-03-19T03:56:01-04:00'),(21,NULL,'mod_hook','mod','staff','listener','onAfterClientOrderCreate','2013-03-19T03:56:01-04:00','2013-03-19T03:56:01-04:00'),(22,NULL,'mod_hook','mod','staff','listener','onAfterClientOpenTicket','2013-03-19T03:56:01-04:00','2013-03-19T03:56:01-04:00'),(23,NULL,'mod_hook','mod','staff','listener','onAfterClientReplyTicket','2013-03-19T03:56:01-04:00','2013-03-19T03:56:01-04:00'),(24,NULL,'mod_hook','mod','staff','listener','onAfterClientCloseTicket','2013-03-19T03:56:01-04:00','2013-03-19T03:56:01-04:00'),(25,NULL,'mod_hook','mod','staff','listener','onAfterGuestPublicTicketOpen','2013-03-19T03:56:01-04:00','2013-03-19T03:56:01-04:00'),(26,NULL,'mod_hook','mod','staff','listener','onAfterClientSignUp','2013-03-19T03:56:01-04:00','2013-03-19T03:56:01-04:00'),(27,NULL,'mod_hook','mod','staff','listener','onAfterGuestPublicTicketReply','2013-03-19T03:56:01-04:00','2013-03-19T03:56:01-04:00'),(28,NULL,'mod_hook','mod','staff','listener','onAfterGuestPublicTicketClose','2013-03-19T03:56:01-04:00','2013-03-19T03:56:01-04:00'),(29,NULL,'mod_hook','mod','support','listener','onAfterClientOpenTicket','2013-03-19T03:56:01-04:00','2013-03-19T03:56:01-04:00'),(30,NULL,'mod_hook','mod','support','listener','onAfterAdminOpenTicket','2013-03-19T03:56:01-04:00','2013-03-19T03:56:01-04:00'),(31,NULL,'mod_hook','mod','support','listener','onAfterAdminCloseTicket','2013-03-19T03:56:01-04:00','2013-03-19T03:56:01-04:00'),(32,NULL,'mod_hook','mod','support','listener','onAfterAdminReplyTicket','2013-03-19T03:56:01-04:00','2013-03-19T03:56:01-04:00'),(33,NULL,'mod_hook','mod','support','listener','onAfterGuestPublicTicketOpen','2013-03-19T03:56:01-04:00','2013-03-19T03:56:01-04:00'),(34,NULL,'mod_hook','mod','support','listener','onAfterAdminPublicTicketOpen','2013-03-19T03:56:01-04:00','2013-03-19T03:56:01-04:00'),(35,NULL,'mod_hook','mod','support','listener','onAfterAdminPublicTicketReply','2013-03-19T03:56:01-04:00','2013-03-19T03:56:01-04:00'),(36,NULL,'mod_hook','mod','support','listener','onAfterAdminPublicTicketClose','2013-03-19T03:56:01-04:00','2013-03-19T03:56:01-04:00'),(37,NULL,'mod_staff',NULL,NULL,'config',NULL,'2013-03-19T03:57:02-04:00','2013-03-19T03:57:02-04:00'),(38,NULL,'mod_theme','preset','current','boxbilling','default','2013-03-19 14:58:35','2013-03-19 14:58:35'),(39,NULL,'mod_theme','settings','boxbilling','default','{\"text_input\":\"labas\",\"textarea_input\":\"Put your description here\",\"color_scheme\":\"ocean.css\",\"logo_font\":\"\'BebasNeueRegular\', Helvetica, Arial, sans-serif\",\"example_yn\":\"1\",\"example_color\":\"#FF00FF\",\"sidebar_widget\":\"\",\"product1\":\"\"}','2013-03-19T03:58:35-04:00','2013-03-20T09:46:26-04:00'),(45,NULL,'mod_support',NULL,NULL,'config',NULL,'2013-03-20T12:38:09-04:00','2013-03-20T12:38:09-04:00'),(57,NULL,'mod_hook','mod','massmailer','listener','onAfterAdminCronRun','2013-03-21T03:28:56-04:00','2013-03-21T03:28:56-04:00'),(56,NULL,'mod_massmailer',NULL,NULL,'config','Xx+wynMY7JzQJw4YSj1qIMK3JK0nzInaryaXgj8yppassWwM721d2q8MwzKLvUFEbsD+BskOYAOufIQmfhwj0A==','2013-03-21T03:28:56-04:00','2013-03-21T03:28:56-04:00'),(50,NULL,'mod_spamchecker',NULL,NULL,'config','VVFWzLhH8RFfmHzhEiO+gWcuNx3JyI6vdARY9J1IFViZQ1U5V4nNJjX93mJJJOR3sDzewGjtwmVphX8fdChsicMshcGWISYHgkmRyETWkbKpKvkYJU5XhvGNlFml2ATuXknagkN8CAjMVyexmXHkrkmk5zP9qwSRhdk0EKoluwLLTEyIZIvtZVatpNcSOhoLC4N3oJpXSy8ftvb0ZI2Asg==','2013-03-20T12:41:40-04:00','2013-03-20T12:41:40-04:00'),(54,NULL,'mod_serviceboxbillinglicense',NULL,NULL,'config','{\"api_key\":\"PRO-SOL7-4HH2-LGIU-8S8T-VGYU\"}','2013-03-20T13:01:46-04:00','2013-03-20T13:01:46-04:00'),(55,NULL,'mod_servicesolusvm','cluster','1','config','[]','2013-03-20T13:11:08-04:00','2013-03-20T13:11:08-04:00'),(40,NULL,'mod_theme','settings','boxbilling','White','{\"blog_tag_background\":\"#3bb5ed\",\"marquee_content\":\"enabled\",\"mailing_list_form_action\":\"\",\"nav_active_link_bg_color\":\"#dddddd\",\"secondary_text_color_two\":\"#999999\",\"accent_hover\":\"#333333\",\"sidebar_text_color\":\"#777777\",\"display_recently_viewed\":\"enabled\",\"share_products\":\"enabled\",\"shop_bybrand\":\"enabled\",\"nav_bg_color\":\"#eeeeee\",\"rectangle_font\":\"\'OstrichSansBlack\', Helvetica, Arial, sans-serif\",\"footer_bg\":\"#f1f1f1\",\"shop_bycat\":\"enabled\",\"twitter_footer\":\"enabled\",\"secondary_text_color\":\"#AAAAAA\",\"nav_link_color\":\"#555555\",\"twitter_count\":\"3\",\"show_amex\":true,\"featured_products_hidden\":false,\"twitter_handle\":\"pixelunion\",\"text_accent_color\":\"#44b3e3\",\"side_blog_excerpt\":\"no_excerpt\",\"we_ship_to\":\"Shipping regions include Canada, US, Europe, Australia, Japan. Contact us to get a quote for other territories.\",\"intro\":\"frontpage\",\"customer_layout\":\"theme\",\"fixed_height\":\"300\",\"marquee_product\":\"\",\"enable_mailing_list\":true,\"home_blog\":\"enabled\",\"nav_active_link_color\":\"#555555\",\"link_color\":\"#44b3e3\",\"secondary_header_font\":\"\'BebasNeueRegular\', Helvetica, Arial, sans-serif\",\"footer_link_color\":\"#3bb5ed\",\"notes\":\"enabled\",\"facebook_url\":\"\",\"show_pu_link\":true,\"logo_text_color\":\"#333333\",\"blog_tags\":\"enabled\",\"marquee_url\":\"http:\\/\\/pixelunion.net\",\"notes_text\":\"Tell us about any special instructions:\",\"show_paypal\":true,\"product_bg\":\"#F1F1F1\",\"home_twitter\":\"enabled\",\"shop_byprice\":\"enabled\",\"nav_link_hover\":\"#FFF\",\"blog_tag_text\":\"#FFFFFF\",\"twitter_side\":\"enabled\",\"logo\":\"disabled\",\"sidebar_title_color\":\"#555555\",\"nav_link_hover_bg_color\":\"#3bb5ed\",\"share_articles\":\"enabled\",\"footer_text_color\":\"#777777\",\"text_color\":\"#555555\",\"home_blog_excerpt\":\"body\",\"footer_title_color\":\"#555555\",\"show_visa\":true,\"link_hover\":\"#63cbfb\",\"secondary_featured_products\":\"\",\"show_mastercard\":true,\"twitter_follow\":\"enabled\",\"product_display_type\":\"fixed\",\"text_font\":\"\'Helvetica Neue\', Helvetica, Arial, sans-serif\",\"side_blog\":\"enabled\",\"products_per_page\":\"9\",\"show_discover\":true,\"featured_products\":\"frontpage\",\"cart_row_border_color\":\"#dddddd\",\"secondary_featured_products_hidden\":false,\"enable_creditcards\":true,\"marquee\":\"enabled\",\"title_color\":\"#333333\",\"logo_font\":\"\'BebasNeueRegular\', Helvetica, Arial, sans-serif\",\"text_over_accent\":\"#FFFFFF\"}','2013-03-19T03:58:35-04:00','2013-03-19T03:58:35-04:00'),(41,NULL,'mod_system',NULL,NULL,'config',NULL,'2013-03-19T03:59:08-04:00','2013-03-19T03:59:08-04:00'),(42,NULL,'mod_cron',NULL,NULL,'config',NULL,'2013-03-19T04:02:46-04:00','2013-03-19T04:02:46-04:00'),(43,NULL,'mod_client',NULL,NULL,'config',NULL,'2013-03-19T04:29:44-04:00','2013-03-19T04:29:44-04:00'),(44,NULL,'mod_email',NULL,NULL,'config',NULL,'2013-03-19T04:30:17-04:00','2013-03-19T04:30:17-04:00');

--
-- Table structure for table `forum`
--

CREATE TABLE `forum` (
  `id` bigint(20) NOT NULL AUTO_INCREMENT,
  `category` varchar(255) DEFAULT NULL,
  `title` text,
  `description` text,
  `slug` varchar(255) DEFAULT NULL,
  `status` varchar(100) DEFAULT NULL,
  `priority` int(11) DEFAULT NULL,
  `created_at` varchar(35) DEFAULT NULL,
  `updated_at` varchar(35) DEFAULT NULL,
  PRIMARY KEY (`id`),
  UNIQUE KEY `slug` (`slug`)
) ENGINE=MyISAM AUTO_INCREMENT=2 DEFAULT CHARSET=utf8;

--
-- Dumping data for table `forum`
--

INSERT INTO `forum` (`id`, `category`, `title`, `description`, `slug`, `status`, `priority`, `created_at`, `updated_at`) VALUES (1,'General','Discussions Rules','Please read our forum rules before posting to our forums','forum-rules','active',1,'2012-01-01T12:00:00+00:00','2012-01-01T12:00:00+00:00');

--
-- Table structure for table `forum_topic`
--

CREATE TABLE `forum_topic` (
  `id` bigint(20) NOT NULL AUTO_INCREMENT,
  `forum_id` bigint(20) DEFAULT NULL,
  `title` text,
  `slug` varchar(255) DEFAULT NULL,
  `status` varchar(100) DEFAULT NULL,
  `sticky` tinyint(1) DEFAULT '0',
  `views` int(11) DEFAULT '0',
  `created_at` varchar(35) DEFAULT NULL,
  `updated_at` varchar(35) DEFAULT NULL,
  PRIMARY KEY (`id`),
  UNIQUE KEY `slug` (`slug`),
  KEY `forum_id_idx` (`forum_id`)
) ENGINE=MyISAM DEFAULT CHARSET=utf8;

--
-- Dumping data for table `forum_topic`
--


--
-- Table structure for table `forum_topic_message`
--

CREATE TABLE `forum_topic_message` (
  `id` bigint(20) NOT NULL AUTO_INCREMENT,
  `forum_topic_id` bigint(20) DEFAULT NULL,
  `client_id` bigint(20) DEFAULT NULL,
  `admin_id` bigint(20) DEFAULT NULL,
  `message` text,
  `ip` varchar(45) DEFAULT NULL,
  `points` varchar(255) DEFAULT NULL,
  `created_at` varchar(35) DEFAULT NULL,
  `updated_at` varchar(35) DEFAULT NULL,
  PRIMARY KEY (`id`),
  KEY `forum_topic_id_idx` (`forum_topic_id`),
  KEY `client_id_idx` (`client_id`),
  KEY `admin_id_idx` (`admin_id`)
) ENGINE=MyISAM DEFAULT CHARSET=utf8;

--
-- Dumping data for table `forum_topic_message`
--


--
-- Table structure for table `invoice`
--

CREATE TABLE `invoice` (
  `id` bigint(20) NOT NULL AUTO_INCREMENT,
  `client_id` bigint(20) DEFAULT NULL,
  `serie` varchar(50) DEFAULT NULL,
  `nr` varchar(255) DEFAULT NULL,
  `hash` varchar(255) DEFAULT NULL COMMENT 'To access via public link',
  `currency` varchar(25) DEFAULT NULL,
  `currency_rate` decimal(13,6) DEFAULT NULL,
  `credit` double(18,2) DEFAULT NULL,
  `base_income` double(18,2) DEFAULT NULL COMMENT 'Income in default currency',
  `base_refund` double(18,2) DEFAULT NULL COMMENT 'Refund in default currency',
  `refund` double(18,2) DEFAULT NULL,
  `notes` text,
  `text_1` text,
  `text_2` text,
  `status` varchar(50) DEFAULT 'unpaid' COMMENT 'paid, unpaid',
  `seller_company` varchar(255) DEFAULT NULL,
  `seller_company_vat` varchar(255) DEFAULT NULL,
  `seller_company_number` varchar(255) DEFAULT NULL,
  `seller_address` varchar(255) DEFAULT NULL,
  `seller_phone` varchar(255) DEFAULT NULL,
  `seller_email` varchar(255) DEFAULT NULL,
  `buyer_first_name` varchar(255) DEFAULT NULL,
  `buyer_last_name` varchar(255) DEFAULT NULL,
  `buyer_company` varchar(255) DEFAULT NULL,
  `buyer_company_vat` varchar(255) DEFAULT NULL,
  `buyer_company_number` varchar(255) DEFAULT NULL,
  `buyer_address` varchar(255) DEFAULT NULL,
  `buyer_city` varchar(255) DEFAULT NULL,
  `buyer_state` varchar(255) DEFAULT NULL,
  `buyer_country` varchar(255) DEFAULT NULL,
  `buyer_zip` varchar(255) DEFAULT NULL,
  `buyer_phone` varchar(255) DEFAULT NULL,
  `buyer_phone_cc` varchar(255) DEFAULT NULL,
  `buyer_email` varchar(255) DEFAULT NULL,
  `gateway_id` int(11) DEFAULT NULL,
  `approved` tinyint(1) DEFAULT '0',
  `taxname` varchar(255) DEFAULT NULL,
  `taxrate` varchar(35) DEFAULT NULL,
  `due_at` varchar(35) DEFAULT NULL,
  `reminded_at` varchar(35) DEFAULT NULL,
  `paid_at` varchar(35) DEFAULT NULL,
  `created_at` varchar(35) DEFAULT NULL,
  `updated_at` varchar(35) DEFAULT NULL,
  PRIMARY KEY (`id`),
  UNIQUE KEY `hash` (`hash`),
  KEY `client_id_idx` (`client_id`)
) ENGINE=MyISAM AUTO_INCREMENT=16 DEFAULT CHARSET=utf8;

--
-- Dumping data for table `invoice`
--

INSERT INTO `invoice` (`id`, `client_id`, `serie`, `nr`, `hash`, `currency`, `currency_rate`, `credit`, `base_income`, `base_refund`, `refund`, `notes`, `text_1`, `text_2`, `status`, `seller_company`, `seller_company_vat`, `seller_company_number`, `seller_address`, `seller_phone`, `seller_email`, `buyer_first_name`, `buyer_last_name`, `buyer_company`, `buyer_company_vat`, `buyer_company_number`, `buyer_address`, `buyer_city`, `buyer_state`, `buyer_country`, `buyer_zip`, `buyer_phone`, `buyer_phone_cc`, `buyer_email`, `gateway_id`, `approved`, `taxname`, `taxrate`, `due_at`, `reminded_at`, `paid_at`, `created_at`, `updated_at`) VALUES (1,1,'BOX','1','58421f0b4dbbf0d4146ba3de4dd89795242a8b81','IDR',NULL,NULL,NULL,NULL,NULL,'',NULL,NULL,'refunded','vinhostmedia','','','perkantoran pasar induk kramat jati blok d1 no 11  ','+62-85888232737','sales@vinhostmedia.com','Vincent',NULL,NULL,NULL,NULL,' ',NULL,NULL,NULL,NULL,' ',NULL,'support@vin-fm.com',1,1,'','0','2013-03-24T00:00:00-04:00',NULL,NULL,'2013-03-19T00:00:00-04:00','2013-03-20T00:59:54-04:00'),(2,1,'BOX','3','a73b5d0a18f7d3caf53a895648ffabe6a682c7f1','IDR',1.000000,NULL,8000.00,NULL,NULL,NULL,NULL,NULL,'paid','vinhostmedia','','','perkantoran pasar induk kramat jati blok d1 no 11  ','+62-85888232737','sales@vinhostmedia.com','Vincent',NULL,NULL,NULL,NULL,' ',NULL,NULL,NULL,NULL,' ',NULL,'support@vin-fm.com',1,1,NULL,'0','2013-03-24T04:31:09-04:00',NULL,'2013-03-19T04:34:51-04:00','2013-03-19T04:31:09-04:00','2013-03-19T04:34:51-04:00'),(5,3,NULL,'4','644fd444ff393e356cd9acb6da32c58698fbf3f6','IDR',1.000000,NULL,30000.00,NULL,NULL,NULL,NULL,NULL,'paid','vinhostmedia','','','perkantoran pasar induk kramat jati blok d1 no 11  ','+62-85888232737','sales@vinhostmedia.com','Indra',NULL,NULL,NULL,NULL,' ',NULL,NULL,NULL,NULL,' ',NULL,'domain@vinhostmedia.com',NULL,1,NULL,'0','2013-03-25T04:59:21-04:00','2013-03-20T05:02:57-04:00','2013-03-20T05:03:17-04:00','2013-03-20T04:59:21-04:00','2013-03-20T05:03:17-04:00'),(4,3,'BOX','4','8a93c794e9266bb396d31ad9167996c7aeed172a','IDR',NULL,NULL,NULL,NULL,NULL,'',NULL,NULL,'refunded','vinhostmedia','','','perkantoran pasar induk kramat jati blok d1 no 11  ','+62-85888232737','sales@vinhostmedia.com','Indra',NULL,NULL,NULL,NULL,' ',NULL,NULL,NULL,NULL,' ',NULL,'domain@vinhostmedia.com',1,1,'','0','2013-03-25T00:00:00-04:00',NULL,NULL,'2013-03-20T00:00:00-04:00','2013-03-20T05:20:15-04:00'),(6,4,NULL,'5','11cecac2a3e11cf62f37100dad3670bfa03c716c','IDR',1.000000,NULL,0.00,NULL,NULL,NULL,NULL,NULL,'paid','vinhostmedia','','','perkantoran pasar induk kramat jati blok d1 no 11  ','+62-85888232737','sales@vinhostmedia.com','Edy',NULL,NULL,NULL,NULL,' ',NULL,NULL,NULL,NULL,' ',NULL,'edydhj@yahoo.com.au',1,1,NULL,'0','2013-03-25T07:46:01-04:00',NULL,'2013-03-20T07:47:01-04:00','2013-03-20T07:46:01-04:00','2013-03-20T07:47:01-04:00'),(7,4,'BOX','7','1dfa52ffea57fb5cd2cb2df30ee6881230ced3f5','IDR',NULL,NULL,NULL,NULL,NULL,NULL,NULL,NULL,'unpaid','vinhostmedia','','','perkantoran pasar induk kramat jati blok d1 no 11  ','+62-85888232737','sales@vinhostmedia.com','Edy',NULL,NULL,NULL,NULL,' ',NULL,NULL,NULL,NULL,' ',NULL,'edydhj@yahoo.com.au',NULL,1,NULL,'0','2013-03-25T07:48:17-04:00','2013-03-20T22:46:26-04:00',NULL,'2013-03-20T07:48:17-04:00','2013-03-20T22:46:26-04:00'),(8,3,NULL,'6','381d2a635d0f93cb7207cda01dd8726c4afe0c28','IDR',1.000000,NULL,8000.00,NULL,NULL,NULL,NULL,NULL,'paid','vinhostmedia','','','perkantoran pasar induk kramat jati blok d1 no 11  ','+62-85888232737','sales@vinhostmedia.com','Indra',NULL,NULL,NULL,NULL,' ',NULL,NULL,NULL,NULL,' ',NULL,'domain@vinhostmedia.com',NULL,1,NULL,'0','2013-03-25T11:52:31-04:00',NULL,'2013-03-20T11:52:53-04:00','2013-03-20T11:52:31-04:00','2013-03-20T11:52:53-04:00'),(9,6,'','7','8116aec4b5faf9844d25b762c7d351128dd94a1a','IDR',1.000000,NULL,10000.00,NULL,NULL,'2013-03-20T13:47:02-04:00: Charged clients balance with 10000 IDR for RADIO US 25       \n',NULL,NULL,'paid','vinhostmedia','','','perkantoran pasar induk kramat jati blok d1 no 11  ','+62-85888232737','sales@vinhostmedia.com','Yanchriestiano','','','','',' ','','','ID','',' ',NULL,'yan_chriestiano@rocketmail.com',1,1,NULL,'0','2013-03-25T13:47:02-04:00',NULL,'2013-03-20T13:47:02-04:00','2013-03-20T13:47:01-04:00','2013-03-20T13:47:02-04:00'),(10,1,'','8','93e4be2998dff2f502cc7a1dcd3e8cc2efe3c49f','IDR',1.000000,NULL,8000.00,NULL,NULL,'2013-03-21T00:26:07-04:00: Charged clients balance with 8000 IDR for VH-WEBHOST-100 for indovinmedia.com       \n',NULL,NULL,'paid','vinhostmedia','','','perkantoran pasar induk kramat jati blok d1 no 11  ','+62-85888232737','sales@vinhostmedia.com','Vincent',NULL,NULL,NULL,NULL,' ',NULL,NULL,NULL,NULL,' ',NULL,'support@vin-fm.com',NULL,1,NULL,'0','2013-03-26T00:26:06-04:00',NULL,'2013-03-21T00:26:07-04:00','2013-03-21T00:26:06-04:00','2013-03-21T00:26:07-04:00'),(11,4,'','9','72e5380262c58a217102089fac63c65418b36a5b','IDR',1.000000,NULL,80000.00,NULL,NULL,'2013-03-21T02:49:39-04:00: Charged clients balance with 80000 IDR for VH-WEBHOST-100 for pasandafm.com       \n',NULL,NULL,'paid','vinhostmedia','','','perkantoran pasar induk kramat jati blok d1 no 11  ','+62-85888232737','sales@vinhostmedia.com','Edy',NULL,NULL,NULL,NULL,' ',NULL,NULL,NULL,NULL,' ',NULL,'edydhj@yahoo.com.au',NULL,1,NULL,'0','2013-03-26T02:49:38-04:00',NULL,'2013-03-21T02:49:39-04:00','2013-03-21T02:49:38-04:00','2013-03-21T02:49:39-04:00'),(12,4,'','10','d340a710692059ccb5b78ec2ca6751c59aa98b25','IDR',1.000000,NULL,300000.00,NULL,NULL,NULL,NULL,NULL,'paid','vinhostmedia','','','perkantoran pasar induk kramat jati blok d1 no 11  ','+62-85888232737','sales@vinhostmedia.com','Edy',NULL,NULL,NULL,NULL,' ',NULL,NULL,NULL,NULL,' ',NULL,'edydhj@yahoo.com.au',NULL,1,NULL,'0','2013-03-26T04:08:44-04:00',NULL,'2013-03-21T04:09:23-04:00','2013-03-21T04:08:44-04:00','2013-03-21T04:09:23-04:00'),(13,7,'vh','13','4182fb3b1a79234afbeb829a10866cb9f9e1cea8','IDR',NULL,NULL,NULL,NULL,NULL,NULL,NULL,NULL,'unpaid','vinhostmedia','','','perkantoran pasar induk kramat jati blok d1 no 11  ','+62-85888232737','sales@vinhostmedia.com','Ahmad',NULL,NULL,NULL,NULL,' ',NULL,NULL,NULL,NULL,' ',NULL,'radionasyid@yahoo.com',1,1,NULL,'0','2013-03-31T12:46:11-04:00','2013-03-23T13:00:04-04:00',NULL,'2013-03-21T12:46:11-04:00','2013-03-23T13:00:04-04:00'),(14,3,'vh','14','bdc02502b02f8bdf6a7db86d6b88eed5921f3c91','IDR',NULL,NULL,NULL,NULL,NULL,NULL,NULL,NULL,'unpaid','vinhostmedia','','','perkantoran pasar induk kramat jati blok d1 no 11  ','+62-85888232737','sales@vinhostmedia.com','Indra',NULL,NULL,NULL,NULL,' ',NULL,NULL,NULL,NULL,' ',NULL,'domain@vinhostmedia.com',NULL,1,NULL,'0','2013-04-20T05:03:18-04:00','2013-04-07T13:00:43-04:00',NULL,'2013-04-05T13:00:15-04:00','2013-04-07T13:00:43-04:00'),(15,3,'vh','15','0a4f16cc979f204688f9f327e9829ff79d6b6f16','IDR',NULL,NULL,NULL,NULL,NULL,NULL,NULL,NULL,'unpaid','vinhostmedia','','','perkantoran pasar induk kramat jati blok d1 no 11  ','+62-85888232737','sales@vinhostmedia.com','Indra',NULL,NULL,NULL,NULL,' ',NULL,NULL,NULL,NULL,' ',NULL,'domain@vinhostmedia.com',NULL,1,NULL,'0','2013-04-20T12:03:02-04:00','2013-04-07T13:00:55-04:00',NULL,'2013-04-05T13:00:21-04:00','2013-04-07T13:00:55-04:00');

--
-- Table structure for table `invoice_item`
--

CREATE TABLE `invoice_item` (
  `id` bigint(20) NOT NULL AUTO_INCREMENT,
  `invoice_id` bigint(20) DEFAULT NULL,
  `type` varchar(100) DEFAULT NULL,
  `rel_id` text,
  `task` varchar(100) DEFAULT NULL,
  `status` varchar(100) DEFAULT NULL,
  `title` varchar(255) DEFAULT NULL,
  `period` varchar(10) DEFAULT NULL,
  `quantity` bigint(20) DEFAULT NULL,
  `unit` varchar(100) DEFAULT NULL,
  `price` double(18,2) DEFAULT NULL,
  `charged` tinyint(1) DEFAULT '0',
  `taxed` tinyint(1) DEFAULT '0',
  `created_at` varchar(35) DEFAULT NULL,
  `updated_at` varchar(35) DEFAULT NULL,
  PRIMARY KEY (`id`),
  KEY `invoice_id_idx` (`invoice_id`)
) ENGINE=MyISAM AUTO_INCREMENT=16 DEFAULT CHARSET=utf8;

--
-- Dumping data for table `invoice_item`
--

INSERT INTO `invoice_item` (`id`, `invoice_id`, `type`, `rel_id`, `task`, `status`, `title`, `period`, `quantity`, `unit`, `price`, `charged`, `taxed`, `created_at`, `updated_at`) VALUES (1,1,'order','1','activate','pending_payment','VH-WEBHOST-100 for rs3fm.com','1M',1,'product',8000.00,0,0,'2013-03-19T04:30:29-04:00','2013-03-19T04:30:29-04:00'),(2,2,'order','2','activate','executed','VH-WEBHOST-100 for ferdihostmedia.com','1M',1,'product',8000.00,0,0,'2013-03-19T04:31:09-04:00','2013-03-19T04:34:51-04:00'),(4,4,'order','4','activate','pending_payment','AUTO DJ 1','1M',1,'product',30000.00,0,0,'2013-03-20T04:58:48-04:00','2013-03-20T04:58:48-04:00'),(5,5,'order','5','activate','executed','AUTO DJ 1','1M',1,'product',30000.00,0,0,'2013-03-20T04:59:21-04:00','2013-03-20T05:03:18-04:00'),(7,7,'order','7','activate','pending_payment','paket 1','1Y',1,'product',450000.00,0,0,'2013-03-20T07:48:17-04:00','2013-03-20T07:48:17-04:00'),(8,8,'order','8','activate','executed','VH-WEBHOST-100 for indonetid.com','1M',1,'product',8000.00,0,0,'2013-03-20T11:52:31-04:00','2013-03-20T11:52:53-04:00'),(9,9,'order','9','activate','executed','RADIO US 25','1M',1,'product',10000.00,1,0,'2013-03-20T13:47:02-04:00','2013-03-20T13:47:04-04:00'),(10,10,'order','10','activate','executed','VH-WEBHOST-100 for indovinmedia.com','1M',1,'product',8000.00,1,0,'2013-03-21T00:26:06-04:00','2013-03-21T00:27:01-04:00'),(11,11,'order','11','activate','executed','VH-WEBHOST-100 for pasandafm.com','1Y',1,'product',80000.00,1,0,'2013-03-21T02:49:38-04:00','2013-03-21T02:53:19-04:00'),(12,12,'order','12','activate','executed','RADIO US 150','1Y',1,'product',300000.00,0,0,'2013-03-21T04:08:44-04:00','2013-03-21T04:09:24-04:00'),(13,13,'order','13','activate','pending_payment','RADIO US 25','1M',1,'product',10000.00,0,0,'2013-03-21T12:46:11-04:00','2013-03-21T12:46:11-04:00'),(14,14,'order','5','renew','pending_payment','AUTO DJ 1','1M',1,'product',30000.00,0,0,'2013-04-05T13:00:17-04:00','2013-04-05T13:00:17-04:00'),(15,15,'order','8','renew','pending_payment','VH-WEBHOST-100 for indonetid.com','1M',1,'product',8000.00,0,0,'2013-04-05T13:00:21-04:00','2013-04-05T13:00:21-04:00');

--
-- Table structure for table `kb_article`
--

CREATE TABLE `kb_article` (
  `id` bigint(20) NOT NULL AUTO_INCREMENT,
  `kb_article_category_id` bigint(20) DEFAULT NULL,
  `views` int(11) DEFAULT '0',
  `title` varchar(100) DEFAULT NULL,
  `content` text,
  `slug` varchar(255) DEFAULT NULL,
  `status` varchar(30) DEFAULT 'active' COMMENT 'active, draft',
  `created_at` varchar(35) DEFAULT NULL,
  `updated_at` varchar(35) DEFAULT NULL,
  PRIMARY KEY (`id`),
  UNIQUE KEY `slug` (`slug`),
  KEY `kb_article_category_id_idx` (`kb_article_category_id`)
) ENGINE=MyISAM AUTO_INCREMENT=4 DEFAULT CHARSET=utf8;

--
-- Dumping data for table `kb_article`
--

INSERT INTO `kb_article` (`id`, `kb_article_category_id`, `views`, `title`, `content`, `slug`, `status`, `created_at`, `updated_at`) VALUES (1,2,1,'How to contact support','Registered clients can contact our support team:\n------------------------------------------------------------\n\n* Login to clients area\n* Select **Support** menu item\n* Click **Submit new ticket**\n* Fill the form and press *Submit*\n\nGuests can contact our support team:\n------------------------------------------------------------\n\n* Use our contact form.\n* Fill the form and click *Submit*\n','how-to-contact-support','active','2012-01-01T12:00:00+00:00','2012-01-01T12:00:00+00:00'),(2,2,1,'How to place new order','To place new order, follow these steps:\n------------------------------------------------------------\n\n* Select our services at *Order* page.\n* Depending on selected product, you might need to provide additional information to complete order request.\n* Click \"Continue\" and your product/service is now in shopping cart.\n* If you have promo code, you can apply it and get discount.\n* Click on \"Checkout\" button to proceed with checkout process\n    * If you are already logged in, uou will be automaticaly redirected to new invoice\n    * If you are registerd client, you can provide your login details\n    * If you have never purchased any service from us, fill up client sign up form, and continue checkout\n* Choose payment method to pay for invoice. List of all avalable payment methods will be listed below invoice details.\n* Choose payment method\n* You will be redirected to payment gateway page\n* After successfull payment, You will be redirected back to invoice page.\n* Depending on selected services your order will be reviewed and activated by our staff members.\n* After you receive confirmation email about order activation you are able to manage your services.\n','how-to-place-new-order','active','2012-01-01T12:00:00+00:00','2012-01-01T12:00:00+00:00'),(3,2,1,'Example article','Example article heading\n------------------------------------------------------------\n\nCursus, parturient porta dis sit? Habitasse non, sociis porttitor, sagittis dapibus scelerisque? Pid, porttitor integer, montes. Hac, in? Arcu nunc integer nascetur dis nisi. In, sed a amet? Adipiscing odio mauris mauris, porta, integer, adipiscing habitasse, elementum phasellus, turpis in? Quis magna placerat eu, cursus urna mattis egestas, a ac massa turpis mus et odio pid in, urna dapibus ridiculus in turpis cursus ac a urna magna purus etiam ac nisi porttitor! Auctor est? In adipiscing, hac platea augue vut, hac est cum sagittis! Montes nascetur pulvinar tristique porta platea? Magnis vel etiam nisi augue auctor sit pulvinar! Aliquet rhoncus, elit porta? Magnis pulvinar eu turpis purus sociis a augue? Sit, nascetur! Mattis nisi, penatibus ac ac natoque auctor turpis.\n\nExample article heading\n------------------------------------------------------------\n\nUt diam cursus, elit pulvinar, habitasse purus? Enim. Urna? Velit arcu, rhoncus sociis sed, et, ultrices nascetur lacus vut purus tempor a. Vel? Sagittis integer scelerisque, dapibus lectus mid, magnis, augue duis velit etiam tortor! Eros, a et phasellus est ultricies integer elementum in, tempor sed parturient. Dictumst rhoncus, ut sed sagittis facilisis? In, proin? Urna augue in sociis enim dignissim! Velit magna tincidunt ac. Nunc, vel auctor porta enim integer. Phasellus amet eu. Tristique lundium arcu! In? Massa penatibus arcu, rhoncus augue ut pid pulvinar, porttitor, porta, et! A sit odio, proin natoque ultrices cras cras magna porttitor! Ultrices sed magna in! Porttitor nunc, tincidunt nec, amet integer aenean. Tincidunt, placerat nec dolor parturient et ac pulvinar a.\n','example-article-slug','active','2012-01-01T12:00:00+00:00','2012-01-01T12:00:00+00:00');

--
-- Table structure for table `kb_article_category`
--

CREATE TABLE `kb_article_category` (
  `id` bigint(20) NOT NULL AUTO_INCREMENT,
  `title` varchar(100) DEFAULT NULL,
  `description` text,
  `slug` varchar(255) DEFAULT NULL,
  `created_at` varchar(35) DEFAULT NULL,
  `updated_at` varchar(35) DEFAULT NULL,
  PRIMARY KEY (`id`),
  UNIQUE KEY `slug` (`slug`)
) ENGINE=MyISAM AUTO_INCREMENT=3 DEFAULT CHARSET=utf8;

--
-- Dumping data for table `kb_article_category`
--

INSERT INTO `kb_article_category` (`id`, `title`, `description`, `slug`, `created_at`, `updated_at`) VALUES (1,'Frequently asked questions','Section for common issues','faq','2012-01-01T12:00:00+00:00','2012-01-01T12:00:00+00:00'),(2,'How to\'s','Section dedicated for tutorials','how-to','2012-01-01T12:00:00+00:00','2012-01-01T12:00:00+00:00');

--
-- Table structure for table `mod_massmailer`
--

CREATE TABLE `mod_massmailer` (
  `id` bigint(20) NOT NULL AUTO_INCREMENT,
  `from_email` varchar(255) DEFAULT NULL,
  `from_name` varchar(255) DEFAULT NULL,
  `subject` varchar(255) DEFAULT NULL,
  `content` text,
  `filter` text,
  `status` varchar(255) DEFAULT NULL,
  `sent_at` varchar(35) DEFAULT NULL,
  `created_at` varchar(35) DEFAULT NULL,
  `updated_at` varchar(35) DEFAULT NULL,
  PRIMARY KEY (`id`)
) ENGINE=MyISAM AUTO_INCREMENT=2 DEFAULT CHARSET=utf8;

--
-- Dumping data for table `mod_massmailer`
--

INSERT INTO `mod_massmailer` (`id`, `from_email`, `from_name`, `subject`, `content`, `filter`, `status`, `sent_at`, `created_at`, `updated_at`) VALUES (1,'sales@vinhostmedia.com','vinhostmedia','account information','{% filter markdown %}\nHi {{ c.first_name }} {{ c.last_name }},\n\nYour email is: {{ c.email }}\n\nAenean vut sagittis in natoque tortor. Facilisis magnis duis nec eros! Augue \nsed quis tortor porttitor? Rhoncus tortor pid et a enim dis adipiscing eros \nfacilisis nunc. Phasellus dis odio lacus pulvinar vel lundium dapibus turpis.\n\nUrna parturient, ultricies nascetur? Et a. Elementum in dapibus ut vel ut \nmagna tempor, dapibus lacus sed? Ut velit dignissim placerat, tristique pid \nvut amet et nunc! Elementum dolor, dictumst porta ultrices. Rhoncus, amet. \n\nOrder our services at {{ \"order\"|link }}\n\n{{ guest.system_company.name }} - {{ guest.system_company.signature }}\n{% endfilter %}\n        ',NULL,'draft',NULL,'2013-03-21T03:32:04-04:00','2013-03-21T03:32:04-04:00');

--
-- Table structure for table `pay_gateway`
--

CREATE TABLE `pay_gateway` (
  `id` bigint(20) NOT NULL AUTO_INCREMENT,
  `name` varchar(255) DEFAULT NULL,
  `gateway` varchar(255) DEFAULT NULL,
  `accepted_currencies` text,
  `enabled` tinyint(1) DEFAULT '1',
  `allow_single` tinyint(1) DEFAULT '1',
  `allow_recurrent` tinyint(1) DEFAULT '1',
  `test_mode` tinyint(1) DEFAULT '0',
  `config` text,
  PRIMARY KEY (`id`)
) ENGINE=MyISAM AUTO_INCREMENT=4 DEFAULT CHARSET=utf8;

--
-- Dumping data for table `pay_gateway`
--

INSERT INTO `pay_gateway` (`id`, `name`, `gateway`, `accepted_currencies`, `enabled`, `allow_single`, `allow_recurrent`, `test_mode`, `config`) VALUES (1,'Custom','Custom',NULL,1,1,1,0,NULL),(2,'PayPal','PayPalEmail',NULL,0,1,1,0,NULL),(3,'AlertPay','AlertPay',NULL,0,1,1,0,NULL);

--
-- Table structure for table `post`
--

CREATE TABLE `post` (
  `id` bigint(20) NOT NULL AUTO_INCREMENT,
  `admin_id` bigint(20) DEFAULT NULL,
  `title` varchar(255) DEFAULT NULL,
  `content` text,
  `slug` varchar(255) DEFAULT NULL,
  `status` varchar(30) DEFAULT 'draft' COMMENT 'active, draft',
  `image` varchar(255) DEFAULT NULL,
  `section` varchar(255) DEFAULT NULL,
  `publish_at` varchar(35) DEFAULT NULL,
  `published_at` varchar(35) DEFAULT NULL,
  `expires_at` varchar(35) DEFAULT NULL,
  `created_at` varchar(35) DEFAULT NULL,
  `updated_at` varchar(35) DEFAULT NULL,
  PRIMARY KEY (`id`),
  UNIQUE KEY `slug` (`slug`),
  KEY `admin_id_idx` (`admin_id`)
) ENGINE=MyISAM AUTO_INCREMENT=4 DEFAULT CHARSET=utf8;

--
-- Dumping data for table `post`
--

INSERT INTO `post` (`id`, `admin_id`, `title`, `content`, `slug`, `status`, `image`, `section`, `publish_at`, `published_at`, `expires_at`, `created_at`, `updated_at`) VALUES (1,1,'BoxBilling is the most affordable Billing Application Ever!','Just in case you weren\'t already aware, BoxBilling is the most affordable client management application ever!\n\nTo learn more about it You can always visit [www.boxbilling.com](http://www.boxbilling.com/)\n','boxbilling-is-affordable-billing-system','active',NULL,NULL,NULL,NULL,NULL,'2012-01-01T12:00:00+00:00','2012-01-01T12:00:00+00:00'),(2,1,'Check out great features of BoxBilling','* Supports automated billing, invoicing, product provisioning\n* Automatically create accounts as soon as the payment is received, suspend when account becomes overdue, terminate when a specified amount of time passes.\n* Boxbilling is perfectly created to sell shared and reseller hosting accounts, software licenses and downloadable products.\n* Integrated helpdesk, knowledgebase, news and announcements system.\n','great-features-of-boxbilling','active',NULL,NULL,NULL,NULL,NULL,'2012-01-01T12:00:00+00:00','2012-01-01T12:00:00+00:00'),(3,1,'BoxBilling is customizable','* You can create your own simple or advanced hooks on BoxBilling events. For example, send notification via sms when new client signs up.\n* Create custom theme for your client interface\n','boxbilling-is-customizable','active',NULL,NULL,NULL,NULL,NULL,'2012-01-01T12:00:00+00:00','2012-01-01T12:00:00+00:00');

--
-- Table structure for table `product`
--

CREATE TABLE `product` (
  `id` bigint(20) NOT NULL AUTO_INCREMENT,
  `product_category_id` bigint(20) DEFAULT NULL,
  `product_payment_id` bigint(20) DEFAULT NULL,
  `title` varchar(255) DEFAULT NULL,
  `slug` varchar(255) DEFAULT NULL,
  `description` text,
  `unit` varchar(50) DEFAULT 'product',
  `active` tinyint(1) DEFAULT '1',
  `status` varchar(50) DEFAULT 'enabled' COMMENT 'enabled, disabled',
  `hidden` tinyint(1) DEFAULT '0',
  `is_addon` tinyint(1) DEFAULT '0',
  `setup` varchar(50) DEFAULT 'after_payment',
  `addons` text,
  `icon_url` varchar(255) DEFAULT NULL,
  `allow_quantity_select` tinyint(1) DEFAULT '0',
  `stock_control` tinyint(1) DEFAULT '0',
  `quantity_in_stock` int(11) DEFAULT '0',
  `plugin` varchar(255) DEFAULT NULL,
  `plugin_config` text,
  `upgrades` text,
  `priority` bigint(20) DEFAULT NULL,
  `config` text,
  `created_at` varchar(35) DEFAULT NULL,
  `updated_at` varchar(35) DEFAULT NULL,
  `type` varchar(255) DEFAULT NULL,
  PRIMARY KEY (`id`),
  UNIQUE KEY `slug` (`slug`),
  KEY `product_type_idx` (`type`),
  KEY `product_category_id_idx` (`product_category_id`),
  KEY `product_payment_id_idx` (`product_payment_id`)
) ENGINE=MyISAM AUTO_INCREMENT=32 DEFAULT CHARSET=utf8;

--
-- Dumping data for table `product`
--

INSERT INTO `product` (`id`, `product_category_id`, `product_payment_id`, `title`, `slug`, `description`, `unit`, `active`, `status`, `hidden`, `is_addon`, `setup`, `addons`, `icon_url`, `allow_quantity_select`, `stock_control`, `quantity_in_stock`, `plugin`, `plugin_config`, `upgrades`, `priority`, `config`, `created_at`, `updated_at`, `type`) VALUES (1,1,NULL,'Domains registration and transfer','domain-checker','','product',1,'disabled',0,0,'after_payment',NULL,'',0,0,0,NULL,NULL,NULL,1,NULL,'2012-01-01T12:00:00+00:00','2013-03-19T05:07:00-04:00','domain'),(2,2,1,'VH-WEBHOST-100','vh-webhost-100','100 MB Disk Space\r\nUnmetered Bandwidth\r\nUnlimited Email Account\r\nUnlimited mySQL Database\r\n2 Add On Domain','product',1,'enabled',0,0,'after_payment',NULL,'',0,0,0,NULL,NULL,NULL,11,'{\"server_id\":\"1\",\"hosting_plan_id\":\"1\"}','2013-03-19T04:04:16-04:00','2013-03-21T00:29:42-04:00','hosting'),(4,2,3,'VH-WEBHOST-150','vh-webhost-150','150 MB Disk Space\r\nUnmetered Bandwidth\r\nUnlimited Email Account\r\nUnlimited mySQL Database\r\n5 Add On Domain','product',1,'enabled',0,0,'after_payment',NULL,'',0,0,0,NULL,NULL,NULL,21,'{\"server_id\":\"1\",\"hosting_plan_id\":\"2\"}','2013-03-19T04:38:21-04:00','2013-03-19T04:45:31-04:00','hosting'),(5,2,4,'VH-WEBHOST-200','vh-webhost-200','200 MB Disk Space\r\nUnmetered Bandwidth\r\nUnlimited Email Account\r\nUnlimited mySQL Database\r\nUnlimited Add On Domain','product',1,'enabled',0,0,'after_payment',NULL,'',0,0,0,NULL,NULL,NULL,31,'{\"server_id\":\"1\",\"hosting_plan_id\":\"3\"}','2013-03-19T04:46:56-04:00','2013-03-19T05:02:47-04:00','hosting'),(7,2,6,'VH-WEBHOST-500','vh-webhost-500','500 MB Disk Space\r\nUnmetered Bandwidth\r\nUnlimited Email Account\r\nUnlimited mySQL Database\r\nUnlimited Add On Domain','product',1,'enabled',0,0,'after_payment',NULL,'',0,0,0,NULL,NULL,NULL,41,'{\"server_id\":\"1\",\"hosting_plan_id\":\"4\"}','2013-03-19T04:57:35-04:00','2013-03-19T05:21:00-04:00','hosting'),(8,1,7,'RADIO US 25','radio-us-25','JUMLAH LISTENERS 25,\r\nBITRATE 8-128 KBPS,\r\nNO AUTO DJ,\r\nMP3&AAC+,\r\nBONUS AAC+ WEB PLAYER\r\n','product',1,'enabled',0,0,'after_payment',NULL,'',0,0,0,NULL,NULL,NULL,51,NULL,'2013-03-20T02:41:03-04:00','2013-03-20T02:52:20-04:00','custom'),(9,1,8,'RADIO US 50','radio-us-50','JUMLAH LISTENERS:50,\r\nBIRATE 8-128 KBPS,\r\nNO AUTO DJ,\r\nMP3 & AAC+,\r\nbonus aac+ web player','product',1,'enabled',0,0,'after_payment',NULL,'',0,0,0,'',NULL,NULL,61,NULL,'2013-03-20T02:56:01-04:00','2013-03-20T02:58:23-04:00','custom'),(10,1,9,'RADIO US 100','radio-us-100','JUMLAH LISTENERS:100,\r\nBIRATE 8-128 KBPS,\r\nNO AUTO DJ,\r\nMP3 & AAC+,\r\nbonus aac+ web player','product',1,'enabled',0,0,'after_payment',NULL,'',0,0,0,NULL,NULL,NULL,71,NULL,'2013-03-20T03:08:19-04:00','2013-03-20T04:11:01-04:00','custom'),(11,1,10,'RADIO US 150','radio-us-150','JUMLAH LISTENERS:150,\r\nBIRATE 8-128 KBPS,\r\nNO AUTO DJ,\r\nMP3 & AAC+,\r\nbonus aac+ web player','product',1,'enabled',0,0,'after_payment',NULL,'',0,0,0,NULL,NULL,NULL,81,NULL,'2013-03-20T03:11:30-04:00','2013-03-20T03:13:17-04:00','custom'),(12,1,11,'RADIO US 200','radio-us-200','JUMLAH LISTENERS:200,\r\nBIRATE 8-128 KBPS,\r\nNO AUTO DJ,\r\nMP3 & AAC+,\r\nbonus aac+ web player','product',1,'enabled',0,0,'after_payment',NULL,'',0,0,0,NULL,NULL,NULL,91,NULL,'2013-03-20T03:15:07-04:00','2013-03-20T04:10:21-04:00','custom'),(15,3,14,'ICECAST-25','icecast-25','LISTENERS MAKS 25\r\nBIRATE 8-128KBPS\r\nAAC+&MP3\r\n24/7 SUPPORT\r\nfree aac+ web player','product',1,'enabled',0,0,'after_payment',NULL,'',0,0,0,NULL,NULL,NULL,121,NULL,'2013-03-20T04:01:53-04:00','2013-03-20T04:03:13-04:00','custom'),(14,1,13,'RADIO US 300','radio-us-300-','JUMLAH LISTENERS 300,\r\nBIRATE 8-128 KBPS,\r\nMP3 & AAC+,\r\nbonus aac+ web player','product',1,'enabled',0,0,'after_payment',NULL,'',0,0,0,NULL,NULL,NULL,111,NULL,'2013-03-20T03:23:02-04:00','2013-03-20T03:25:48-04:00','custom'),(16,3,15,'ICECAST-50','icecast-50','LISTENERS MAKS 50\r\nBIRATE 8-128KBPS\r\nAAC+&MP3\r\n24/7 SUPPORT\r\nfree aac+ web player','product',1,'enabled',0,0,'after_payment',NULL,'',0,0,0,NULL,NULL,NULL,131,NULL,'2013-03-20T04:03:48-04:00','2013-03-20T04:08:48-04:00','custom'),(17,3,16,'ICECAST-100','icecast-100','LISTENERS MAKS 100\r\nBIRATE 8-128KBPS\r\nAAC+&MP3\r\n24/7 SUPPORT\r\nfree aac+ web player','product',1,'enabled',0,0,'after_payment',NULL,'',0,0,0,NULL,NULL,NULL,141,NULL,'2013-03-20T04:05:06-04:00','2013-03-20T04:06:14-04:00','custom'),(18,3,17,'ICECAST-150','icecast-150','LISTENERS MAKS 150\r\nBIRATE 8-128KBPS\r\nAAC+&MP3\r\n24/7 SUPPORT\r\nfree aac+ web player','product',1,'enabled',0,0,'after_payment',NULL,'',0,0,0,NULL,NULL,NULL,151,NULL,'2013-03-20T04:06:47-04:00','2013-03-20T04:07:49-04:00','custom'),(19,3,18,'ICECAST-200','icecast-200','LISTENERS MAKS 200,\r\nBIRATE 8-128KBPS,\r\nAAC+&MP3,\r\n24/7 SUPPORT,\r\nfree aac+ web player','product',1,'enabled',0,0,'after_payment',NULL,'',0,0,0,NULL,NULL,NULL,161,NULL,'2013-03-20T04:12:41-04:00','2013-03-20T04:24:02-04:00','custom'),(20,4,19,'IC-1-IIX','ic-1-iix','100 LISTENERS\r\nBIRATE 8-128KBPS\r\nAACP&MP3\r\n24/7 SUPPORT\r\nFREE AAC+ WEB PLAYER','product',1,'enabled',0,0,'after_payment',NULL,'',0,0,0,NULL,NULL,NULL,171,NULL,'2013-03-20T04:28:44-04:00','2013-03-20T04:29:47-04:00','custom'),(21,4,20,'IC-2-IIX','ic-2-iix','200 LISTENERS\r\nBIRATE 8-128KBPS\r\nAACP&MP3\r\n24/7 SUPPORT','product',1,'enabled',0,0,'after_payment',NULL,'',0,0,0,NULL,NULL,NULL,181,NULL,'2013-03-20T04:31:38-04:00','2013-03-20T04:32:28-04:00','custom'),(22,5,21,'AUTO DJ 1','auto-dj-1','BIRATE MAKS 32 KBPS,\r\nSPACE:2 GB,\r\n100 LISTENERS,\r\nAAC&MP3,\r\nFREE AAC+ FLASH PLAYER,\r\nSUPPORT 24/7,\r\nSERVER UPTIME 99.8%','product',1,'enabled',0,0,'after_payment',NULL,'',0,0,0,NULL,NULL,NULL,191,NULL,'2013-03-20T04:34:39-04:00','2013-03-20T04:36:52-04:00','custom'),(23,5,22,'AUTO DJ 2','auto-dj-2','BIRATE MAKS 48 KBPS\r\nSPACE:2,2 GB\r\n110 LISTENERS\r\nAAC&MP3\r\nFREE AAC+ FLASH PLAYER\r\nSUPPORT 24/7\r\nSERVER UPTIME 99.8%','product',1,'enabled',0,0,'after_payment',NULL,'',0,0,0,NULL,NULL,NULL,201,NULL,'2013-03-20T04:37:28-04:00','2013-03-20T04:42:01-04:00','custom'),(24,5,23,'AUTO DJ 3','auto-dj-3','BIRATE MAKS 64KBPS\r\nSPACE:2,5 GB\r\n150 LISTENERS\r\nAAC&MP3\r\nFREE AAC+ FLASH PLAYER\r\nSUPPORT 24/7\r\nSERVER UPTIME 99.8%','product',1,'enabled',0,0,'after_payment',NULL,'',0,0,0,NULL,NULL,NULL,211,NULL,'2013-03-20T04:39:14-04:00','2013-03-20T04:40:37-04:00','custom'),(25,6,24,'AAC+ PLAYER 1','aac-player-1','PLAYER AAC+ UNTUK SHOUTCAST SUPPORT DI WEB\r\nJUMLAH LISTENERS 50','product',1,'enabled',0,0,'after_payment',NULL,'',0,0,0,NULL,NULL,NULL,221,NULL,'2013-03-20T04:49:06-04:00','2013-03-20T04:50:09-04:00','custom'),(26,6,25,'AAC+ PLAYER 2','aac-player-2','AAC+ FLASH PLAYER UNTUK SHOUTCAST SUPPORT AAC+ DI WEB\r\nMAKS 100 LISTENERS','product',1,'enabled',0,0,'after_payment',NULL,'',0,0,0,NULL,NULL,NULL,231,NULL,'2013-03-20T04:50:47-04:00','2013-03-20T04:51:42-04:00','custom'),(27,7,26,'paket 1','paket-1','paket web desain include\r\nhosting 100 mb\r\ndomain .com.net.info.org\r\nstreaming server\r\ndesain\r\nplayer web aac+','product',1,'enabled',0,0,'after_payment',NULL,'',0,0,0,NULL,NULL,NULL,241,NULL,'2013-03-20T05:52:54-04:00','2013-03-20T05:55:10-04:00','custom'),(28,7,27,'blog wordpress siap pakai','blog-wordpress-siap-pakai','blog wordpress siap pakai  sudah include\r\nhosting 100 mb\r\ndomain .com .net .info .org\r\ndesain\r\n','product',1,'enabled',0,0,'after_payment',NULL,'',0,0,0,NULL,NULL,NULL,251,NULL,'2013-03-20T09:42:51-04:00','2013-03-20T09:44:28-04:00','custom'),(31,1,30,'RADIO US 500','radio-us-500','Radio us 500\r\nLISTENERS 500\r\nBITRATE 8-128 kbps\r\nFREE AAC+ PLAYER','product',1,'enabled',0,0,'after_payment',NULL,'',0,0,0,'whmsonic',NULL,NULL,261,NULL,'2013-03-20T22:53:09-04:00','2013-03-20T22:55:12-04:00','custom');

--
-- Table structure for table `product_category`
--

CREATE TABLE `product_category` (
  `id` bigint(20) NOT NULL AUTO_INCREMENT,
  `title` varchar(100) DEFAULT NULL,
  `description` text,
  `icon_url` varchar(255) DEFAULT NULL,
  `created_at` varchar(35) DEFAULT NULL,
  `updated_at` varchar(35) DEFAULT NULL,
  PRIMARY KEY (`id`)
) ENGINE=MyISAM AUTO_INCREMENT=9 DEFAULT CHARSET=utf8;

--
-- Dumping data for table `product_category`
--

INSERT INTO `product_category` (`id`, `title`, `description`, `icon_url`, `created_at`, `updated_at`) VALUES (1,'SHOUTCAST','','','2012-01-01T12:00:00+00:00','2013-03-19T05:06:34-04:00'),(2,'hosting','','','2013-03-19T04:03:30-04:00','2013-03-19T04:03:30-04:00'),(3,'ICECAST USA','','','2013-03-20T03:26:28-04:00','2013-03-20T03:27:06-04:00'),(4,'ICECAST IIX','','','2013-03-20T04:28:28-04:00','2013-03-20T04:28:28-04:00'),(5,'SHOUTCAST AUTO DJ','','','2013-03-20T04:34:18-04:00','2013-03-20T04:34:18-04:00'),(6,'AAC+ FLASH PLAYER','','','2013-03-20T04:48:26-04:00','2013-03-20T04:48:26-04:00'),(7,'web design','','','2013-03-20T05:52:42-04:00','2013-03-20T05:52:42-04:00'),(8,'VPS','','','2013-03-20T13:08:12-04:00','2013-03-20T13:08:12-04:00');

--
-- Table structure for table `product_payment`
--

CREATE TABLE `product_payment` (
  `id` bigint(20) NOT NULL AUTO_INCREMENT,
  `type` varchar(30) DEFAULT NULL COMMENT 'free, once, recurrent',
  `once_price` decimal(18,2) DEFAULT '0.00',
  `once_setup_price` decimal(18,2) DEFAULT '0.00',
  `w_price` decimal(18,2) DEFAULT '0.00',
  `m_price` decimal(18,2) DEFAULT '0.00',
  `q_price` decimal(18,2) DEFAULT '0.00',
  `b_price` decimal(18,2) DEFAULT '0.00',
  `a_price` decimal(18,2) DEFAULT '0.00',
  `bia_price` decimal(18,2) DEFAULT '0.00',
  `tria_price` decimal(18,2) DEFAULT '0.00',
  `w_setup_price` decimal(18,2) DEFAULT '0.00',
  `m_setup_price` decimal(18,2) DEFAULT '0.00',
  `q_setup_price` decimal(18,2) DEFAULT '0.00',
  `b_setup_price` decimal(18,2) DEFAULT '0.00',
  `a_setup_price` decimal(18,2) DEFAULT '0.00',
  `bia_setup_price` decimal(18,2) DEFAULT '0.00',
  `tria_setup_price` decimal(18,2) DEFAULT '0.00',
  `w_enabled` tinyint(1) DEFAULT '1',
  `m_enabled` tinyint(1) DEFAULT '1',
  `q_enabled` tinyint(1) DEFAULT '1',
  `b_enabled` tinyint(1) DEFAULT '1',
  `a_enabled` tinyint(1) DEFAULT '1',
  `bia_enabled` tinyint(1) DEFAULT '1',
  `tria_enabled` tinyint(1) DEFAULT '1',
  PRIMARY KEY (`id`)
) ENGINE=MyISAM AUTO_INCREMENT=31 DEFAULT CHARSET=utf8;

--
-- Dumping data for table `product_payment`
--

INSERT INTO `product_payment` (`id`, `type`, `once_price`, `once_setup_price`, `w_price`, `m_price`, `q_price`, `b_price`, `a_price`, `bia_price`, `tria_price`, `w_setup_price`, `m_setup_price`, `q_setup_price`, `b_setup_price`, `a_setup_price`, `bia_setup_price`, `tria_setup_price`, `w_enabled`, `m_enabled`, `q_enabled`, `b_enabled`, `a_enabled`, `bia_enabled`, `tria_enabled`) VALUES (1,'recurrent',0.00,0.00,0.00,8000.00,24000.00,48000.00,80000.00,0.00,0.00,0.00,0.00,0.00,0.00,0.00,0.00,0.00,0,1,1,1,1,0,0),(2,'free',0.00,0.00,0.00,0.00,0.00,0.00,0.00,0.00,0.00,0.00,0.00,0.00,0.00,0.00,0.00,0.00,1,1,1,1,1,1,1),(3,'recurrent',0.00,0.00,0.00,10000.00,30000.00,60000.00,110000.00,0.00,0.00,0.00,0.00,0.00,0.00,0.00,0.00,0.00,0,1,1,1,1,0,0),(4,'recurrent',0.00,0.00,0.00,15000.00,45000.00,90000.00,170000.00,0.00,0.00,0.00,0.00,0.00,0.00,0.00,0.00,0.00,0,1,1,1,1,0,0),(5,'free',0.00,0.00,0.00,0.00,0.00,0.00,0.00,0.00,0.00,0.00,0.00,0.00,0.00,0.00,0.00,0.00,1,1,1,1,1,1,1),(6,'recurrent',0.00,0.00,0.00,25000.00,75000.00,150000.00,300000.00,0.00,0.00,0.00,0.00,0.00,0.00,0.00,0.00,0.00,0,1,1,1,1,0,0),(7,'recurrent',0.00,0.00,0.00,10000.00,30000.00,60000.00,120000.00,0.00,0.00,0.00,0.00,0.00,0.00,0.00,0.00,0.00,0,1,1,1,1,0,0),(8,'recurrent',0.00,0.00,0.00,15000.00,45000.00,90000.00,170000.00,0.00,0.00,0.00,0.00,0.00,0.00,0.00,0.00,0.00,0,1,1,1,1,0,0),(9,'recurrent',0.00,0.00,0.00,25000.00,50000.00,100000.00,200000.00,0.00,0.00,0.00,0.00,0.00,0.00,0.00,0.00,0.00,0,1,1,1,1,0,0),(18,'recurrent',0.00,0.00,0.00,40000.00,120000.00,240000.00,400000.00,0.00,0.00,0.00,0.00,0.00,0.00,0.00,0.00,0.00,0,1,1,1,1,0,0),(10,'recurrent',0.00,0.00,0.00,30000.00,90000.00,180000.00,300000.00,0.00,0.00,0.00,0.00,0.00,0.00,0.00,0.00,0.00,0,1,1,1,1,0,0),(11,'recurrent',0.00,0.00,0.00,40000.00,120000.00,240000.00,400000.00,0.00,0.00,0.00,0.00,0.00,0.00,0.00,0.00,0.00,0,1,1,1,1,0,0),(12,'free',0.00,0.00,0.00,0.00,0.00,0.00,0.00,0.00,0.00,0.00,0.00,0.00,0.00,0.00,0.00,0.00,1,1,1,1,1,1,1),(13,'recurrent',0.00,0.00,0.00,60000.00,180000.00,360000.00,600000.00,0.00,0.00,0.00,0.00,0.00,0.00,0.00,0.00,0.00,0,1,1,1,1,0,0),(14,'recurrent',0.00,0.00,0.00,10000.00,30000.00,60000.00,120000.00,0.00,0.00,0.00,0.00,0.00,0.00,0.00,0.00,0.00,0,1,1,1,1,0,0),(15,'recurrent',0.00,0.00,0.00,15000.00,45000.00,90000.00,170000.00,0.00,0.00,0.00,0.00,0.00,0.00,0.00,0.00,0.00,0,1,1,1,1,0,0),(16,'recurrent',0.00,0.00,0.00,25000.00,75000.00,150000.00,300000.00,0.00,0.00,0.00,0.00,0.00,0.00,0.00,0.00,0.00,0,1,1,1,1,0,0),(17,'recurrent',0.00,0.00,0.00,0.00,30000.00,60000.00,120000.00,0.00,0.00,0.00,0.00,0.00,0.00,0.00,0.00,0.00,0,0,1,1,1,0,0),(19,'recurrent',0.00,0.00,0.00,40000.00,0.00,0.00,0.00,0.00,0.00,0.00,0.00,0.00,0.00,0.00,0.00,0.00,0,1,0,0,0,0,0),(20,'recurrent',0.00,0.00,0.00,69000.00,0.00,0.00,0.00,0.00,0.00,0.00,0.00,0.00,0.00,0.00,0.00,0.00,0,1,0,0,0,0,0),(21,'recurrent',0.00,0.00,0.00,30000.00,0.00,0.00,360000.00,0.00,0.00,0.00,0.00,0.00,0.00,0.00,0.00,0.00,0,1,0,0,1,0,0),(22,'recurrent',0.00,0.00,0.00,40000.00,0.00,0.00,400000.00,0.00,0.00,0.00,0.00,0.00,0.00,0.00,0.00,0.00,0,1,0,0,1,0,0),(23,'recurrent',0.00,0.00,0.00,50000.00,0.00,0.00,500000.00,0.00,0.00,0.00,0.00,0.00,0.00,0.00,0.00,0.00,0,1,0,0,1,0,0),(24,'recurrent',0.00,0.00,0.00,15000.00,0.00,0.00,0.00,0.00,0.00,0.00,0.00,0.00,0.00,0.00,0.00,0.00,0,1,0,0,0,0,0),(25,'recurrent',0.00,0.00,0.00,25000.00,0.00,0.00,0.00,0.00,0.00,0.00,0.00,0.00,0.00,0.00,0.00,0.00,0,1,0,0,0,0,0),(26,'recurrent',0.00,0.00,0.00,0.00,0.00,0.00,500000.00,0.00,0.00,0.00,0.00,0.00,0.00,0.00,0.00,0.00,0,0,0,0,1,0,0),(27,'recurrent',0.00,0.00,0.00,0.00,0.00,0.00,300000.00,0.00,0.00,0.00,0.00,0.00,0.00,0.00,0.00,0.00,0,0,0,0,1,0,0),(28,'free',0.00,0.00,0.00,0.00,0.00,0.00,0.00,0.00,0.00,0.00,0.00,0.00,0.00,0.00,0.00,0.00,1,1,1,1,1,1,1),(29,'once',200000.00,0.00,0.00,0.00,0.00,0.00,0.00,0.00,0.00,0.00,0.00,0.00,0.00,0.00,0.00,0.00,1,1,1,1,1,1,1),(30,'recurrent',0.00,0.00,0.00,70000.00,0.00,0.00,700000.00,0.00,0.00,0.00,0.00,0.00,0.00,0.00,0.00,0.00,0,1,0,0,1,0,0);

--
-- Table structure for table `promo`
--

CREATE TABLE `promo` (
  `id` bigint(20) NOT NULL AUTO_INCREMENT,
  `code` varchar(100) DEFAULT NULL,
  `description` text,
  `type` varchar(30) NOT NULL DEFAULT 'percentage' COMMENT 'absolute, percentage, trial',
  `value` decimal(18,2) DEFAULT NULL,
  `maxuses` int(11) DEFAULT '0',
  `used` int(11) DEFAULT '0',
  `freesetup` tinyint(1) DEFAULT '0',
  `once_per_client` tinyint(1) DEFAULT '0',
  `recurring` tinyint(1) DEFAULT '0',
  `active` tinyint(1) DEFAULT '0',
  `products` text,
  `periods` text,
  `start_at` varchar(35) DEFAULT NULL,
  `end_at` varchar(35) DEFAULT NULL,
  `created_at` varchar(35) DEFAULT NULL,
  `updated_at` varchar(35) DEFAULT NULL,
  PRIMARY KEY (`id`),
  KEY `start_index_idx` (`start_at`),
  KEY `end_index_idx` (`end_at`),
  KEY `active_index_idx` (`active`),
  KEY `code_index_idx` (`code`)
) ENGINE=MyISAM AUTO_INCREMENT=4 DEFAULT CHARSET=utf8;

--
-- Dumping data for table `promo`
--

INSERT INTO `promo` (`id`, `code`, `description`, `type`, `value`, `maxuses`, `used`, `freesetup`, `once_per_client`, `recurring`, `active`, `products`, `periods`, `start_at`, `end_at`, `created_at`, `updated_at`) VALUES (1,'mar10',NULL,'absolute',50000.00,2,2,1,1,0,1,'[\"27\"]','[]',NULL,'2013-03-31T00:00:00-04:00','2013-03-20T06:01:59-04:00','2013-03-20T07:48:17-04:00'),(2,'promo10',NULL,'absolute',50000.00,0,0,1,1,0,1,'[\"27\"]','[\"1Y\"]',NULL,'2013-04-30T00:00:00-04:00','2013-03-20T10:48:18-04:00','2013-03-20T10:48:18-04:00'),(3,'promo20',NULL,'absolute',20000.00,0,0,1,1,0,1,'[\"28\"]','[\"1Y\"]',NULL,'2013-04-30T00:00:00-04:00','2013-03-20T10:52:36-04:00','2013-03-20T10:52:36-04:00');

--
-- Table structure for table `queue`
--

CREATE TABLE `queue` (
  `id` bigint(20) NOT NULL AUTO_INCREMENT,
  `name` varchar(100) DEFAULT NULL,
  `mod` varchar(255) DEFAULT NULL,
  `timeout` bigint(20) DEFAULT NULL,
  `iteration` int(10) DEFAULT NULL,
  `created_at` varchar(35) DEFAULT NULL,
  `updated_at` varchar(35) DEFAULT NULL,
  PRIMARY KEY (`id`)
) ENGINE=MyISAM DEFAULT CHARSET=utf8;

--
-- Dumping data for table `queue`
--


--
-- Table structure for table `queue_message`
--

CREATE TABLE `queue_message` (
  `id` bigint(20) NOT NULL AUTO_INCREMENT,
  `queue_id` bigint(20) DEFAULT NULL,
  `handle` char(32) DEFAULT NULL,
  `handler` varchar(255) DEFAULT NULL,
  `body` longblob,
  `hash` char(32) DEFAULT NULL,
  `timeout` double(18,2) DEFAULT NULL,
  `log` text,
  `execute_at` varchar(35) DEFAULT NULL,
  `created_at` varchar(35) DEFAULT NULL,
  `updated_at` varchar(35) DEFAULT NULL,
  PRIMARY KEY (`id`),
  KEY `queue_id_idx` (`queue_id`)
) ENGINE=MyISAM DEFAULT CHARSET=utf8;

--
-- Dumping data for table `queue_message`
--


--
-- Table structure for table `service_centovacast`
--

CREATE TABLE `service_centovacast` (
  `id` bigint(20) NOT NULL AUTO_INCREMENT,
  `client_id` bigint(20) DEFAULT NULL,
  `server_id` int(20) DEFAULT NULL,
  `username` varchar(255) DEFAULT NULL,
  `pass` varchar(255) DEFAULT NULL,
  `created_at` varchar(35) DEFAULT NULL,
  `updated_at` varchar(35) DEFAULT NULL,
  PRIMARY KEY (`id`),
  UNIQUE KEY `username` (`username`),
  KEY `client_id_idx` (`client_id`)
) ENGINE=MyISAM DEFAULT CHARSET=utf8;

--
-- Dumping data for table `service_centovacast`
--


--
-- Table structure for table `service_custom`
--

CREATE TABLE `service_custom` (
  `id` bigint(20) NOT NULL AUTO_INCREMENT,
  `client_id` bigint(20) DEFAULT NULL,
  `plugin` varchar(255) DEFAULT NULL,
  `plugin_config` text,
  `f1` text,
  `f2` text,
  `f3` text,
  `f4` text,
  `f5` text,
  `f6` text,
  `f7` text,
  `f8` text,
  `f9` text,
  `f10` text,
  `config` text,
  `created_at` varchar(35) DEFAULT NULL,
  `updated_at` varchar(35) DEFAULT NULL,
  PRIMARY KEY (`id`),
  KEY `client_id_idx` (`client_id`)
) ENGINE=MyISAM AUTO_INCREMENT=5 DEFAULT CHARSET=utf8;

--
-- Dumping data for table `service_custom`
--

INSERT INTO `service_custom` (`id`, `client_id`, `plugin`, `plugin_config`, `f1`, `f2`, `f3`, `f4`, `f5`, `f6`, `f7`, `f8`, `f9`, `f10`, `config`, `created_at`, `updated_at`) VALUES (1,3,NULL,NULL,NULL,NULL,NULL,NULL,NULL,NULL,NULL,NULL,NULL,NULL,'{\"period\":\"1M\",\"id\":\"8\",\"product_id\":\"22\",\"title\":\"AUTO DJ 1\",\"type\":\"custom\",\"quantity\":1,\"unit\":\"product\",\"price\":\"30000.00\",\"setup_price\":0,\"discount\":0,\"discount_price\":0,\"discount_setup\":0,\"total\":30000}','2013-03-20T05:03:18-04:00','2013-04-20T13:00:45-04:00'),(2,6,NULL,NULL,NULL,NULL,NULL,NULL,NULL,NULL,NULL,NULL,NULL,NULL,'{\"period\":\"1M\",\"id\":\"14\",\"product_id\":\"8\",\"title\":\"RADIO US 25\",\"type\":\"custom\",\"quantity\":1,\"unit\":\"product\",\"price\":\"10000.00\",\"setup_price\":0,\"discount\":0,\"discount_price\":0,\"discount_setup\":0,\"total\":10000}','2013-03-20T13:47:03-04:00','2013-04-20T13:01:20-04:00'),(3,3,NULL,NULL,NULL,NULL,NULL,NULL,NULL,NULL,NULL,NULL,NULL,NULL,'{\"period\":\"1M\",\"id\":\"7\",\"product_id\":\"22\",\"title\":\"AUTO DJ 1\",\"type\":\"custom\",\"quantity\":1,\"unit\":\"product\",\"price\":\"30000.00\",\"setup_price\":0,\"discount\":0,\"discount_price\":0,\"discount_setup\":0,\"total\":30000}','2013-03-21T02:01:05-04:00','2013-04-21T13:00:47-04:00'),(4,4,NULL,NULL,NULL,NULL,NULL,NULL,NULL,NULL,NULL,NULL,NULL,NULL,'{\"period\":\"1Y\",\"id\":\"18\",\"product_id\":\"11\",\"title\":\"RADIO US 150\",\"type\":\"custom\",\"quantity\":1,\"unit\":\"product\",\"price\":\"300000.00\",\"setup_price\":0,\"discount\":0,\"discount_price\":0,\"discount_setup\":0,\"total\":300000}','2013-03-21T04:09:23-04:00','2013-03-21T04:09:23-04:00');

--
-- Table structure for table `service_domain`
--

CREATE TABLE `service_domain` (
  `id` bigint(20) NOT NULL AUTO_INCREMENT,
  `client_id` bigint(20) DEFAULT NULL,
  `tld_registrar_id` bigint(20) DEFAULT NULL,
  `sld` varchar(255) DEFAULT NULL,
  `tld` varchar(100) DEFAULT NULL,
  `ns1` varchar(255) DEFAULT NULL,
  `ns2` varchar(255) DEFAULT NULL,
  `ns3` varchar(255) DEFAULT NULL,
  `ns4` varchar(255) DEFAULT NULL,
  `period` int(11) DEFAULT NULL,
  `privacy` int(11) DEFAULT NULL,
  `locked` tinyint(1) DEFAULT '1',
  `transfer_code` varchar(255) DEFAULT NULL,
  `action` varchar(30) DEFAULT NULL,
  `contact_email` varchar(255) DEFAULT NULL,
  `contact_company` varchar(255) DEFAULT NULL,
  `contact_first_name` varchar(255) DEFAULT NULL,
  `contact_last_name` varchar(255) DEFAULT NULL,
  `contact_address1` varchar(255) DEFAULT NULL,
  `contact_address2` varchar(255) DEFAULT NULL,
  `contact_city` varchar(255) DEFAULT NULL,
  `contact_state` varchar(255) DEFAULT NULL,
  `contact_postcode` varchar(255) DEFAULT NULL,
  `contact_country` varchar(255) DEFAULT NULL,
  `contact_phone_cc` varchar(255) DEFAULT NULL,
  `contact_phone` varchar(255) DEFAULT NULL,
  `details` text,
  `synced_at` varchar(35) DEFAULT NULL,
  `registered_at` varchar(35) DEFAULT NULL,
  `expires_at` varchar(35) DEFAULT NULL,
  `created_at` varchar(35) DEFAULT NULL,
  `updated_at` varchar(35) DEFAULT NULL,
  PRIMARY KEY (`id`),
  KEY `client_id_idx` (`client_id`),
  KEY `tld_registrar_id_idx` (`tld_registrar_id`)
) ENGINE=MyISAM DEFAULT CHARSET=utf8;

--
-- Dumping data for table `service_domain`
--


--
-- Table structure for table `service_downloadable`
--

CREATE TABLE `service_downloadable` (
  `id` bigint(20) NOT NULL AUTO_INCREMENT,
  `client_id` bigint(20) DEFAULT NULL,
  `filename` varchar(100) DEFAULT NULL,
  `downloads` int(11) DEFAULT NULL,
  `created_at` varchar(35) DEFAULT NULL,
  `updated_at` varchar(35) DEFAULT NULL,
  PRIMARY KEY (`id`),
  KEY `client_id_idx` (`client_id`)
) ENGINE=MyISAM DEFAULT CHARSET=utf8;

--
-- Dumping data for table `service_downloadable`
--


--
-- Table structure for table `service_hosting`
--

CREATE TABLE `service_hosting` (
  `id` bigint(20) NOT NULL AUTO_INCREMENT,
  `client_id` bigint(20) DEFAULT NULL,
  `service_hosting_server_id` bigint(20) DEFAULT NULL,
  `service_hosting_hp_id` bigint(20) DEFAULT NULL,
  `sld` varchar(255) DEFAULT NULL,
  `tld` varchar(255) DEFAULT NULL,
  `ip` varchar(45) DEFAULT NULL,
  `username` varchar(255) DEFAULT NULL,
  `pass` varchar(255) DEFAULT NULL,
  `reseller` tinyint(1) DEFAULT NULL,
  `created_at` varchar(35) DEFAULT NULL,
  `updated_at` varchar(35) DEFAULT NULL,
  PRIMARY KEY (`id`),
  KEY `client_id_idx` (`client_id`),
  KEY `service_hosting_server_id_idx` (`service_hosting_server_id`),
  KEY `service_hosting_hp_id_idx` (`service_hosting_hp_id`)
) ENGINE=MyISAM AUTO_INCREMENT=5 DEFAULT CHARSET=utf8;

--
-- Dumping data for table `service_hosting`
--

INSERT INTO `service_hosting` (`id`, `client_id`, `service_hosting_server_id`, `service_hosting_hp_id`, `sld`, `tld`, `ip`, `username`, `pass`, `reseller`, `created_at`, `updated_at`) VALUES (1,3,1,1,'indonetid','.com','117.103.67.22','u2706598','b06e47c5c8aff97c264b35b6ace0550533df7527',0,'2013-03-20T12:02:05-04:00','2013-03-20T12:02:05-04:00'),(2,1,1,1,'ferdihostmedia','.com','117.103.67.22','u5850454','1e6960f0e24b5f25b5397c2b115122987dc87b34',0,'2013-03-20T12:30:01-04:00','2013-03-20T12:39:54-04:00'),(4,4,1,1,'pasandafm','.com','117.103.67.22','u2212604','9cb4f1edbbd7e9bcde02c39b9b024ba6778c23c4',0,'2013-03-21T02:50:03-04:00','2013-03-21T02:50:03-04:00');

--
-- Table structure for table `service_hosting_hp`
--

CREATE TABLE `service_hosting_hp` (
  `id` bigint(20) NOT NULL AUTO_INCREMENT,
  `name` varchar(255) DEFAULT NULL,
  `quota` varchar(50) DEFAULT NULL,
  `bandwidth` varchar(50) DEFAULT NULL,
  `max_ftp` varchar(50) DEFAULT NULL,
  `max_sql` varchar(50) DEFAULT NULL,
  `max_pop` varchar(50) DEFAULT NULL,
  `max_sub` varchar(50) DEFAULT NULL,
  `max_park` varchar(50) DEFAULT NULL,
  `max_addon` varchar(50) DEFAULT NULL,
  `config` text,
  `created_at` varchar(35) DEFAULT NULL,
  `updated_at` varchar(35) DEFAULT NULL,
  PRIMARY KEY (`id`)
) ENGINE=MyISAM AUTO_INCREMENT=5 DEFAULT CHARSET=utf8;

--
-- Dumping data for table `service_hosting_hp`
--

INSERT INTO `service_hosting_hp` (`id`, `name`, `quota`, `bandwidth`, `max_ftp`, `max_sql`, `max_pop`, `max_sub`, `max_park`, `max_addon`, `config`, `created_at`, `updated_at`) VALUES (1,'VH-WEBHOST-100','100','999999','10','UNLIMITED','UNLIMITED','3','3','2','[]','2013-03-19T04:25:54-04:00','2013-03-19T04:27:31-04:00'),(2,'VH-WEBHOST-150','150','999999','10','UNLIMITED','UNLIMITED','4','5','5','[]','2013-03-19T04:42:00-04:00','2013-03-19T04:42:35-04:00'),(3,'VH-WEBHOST-200','200','unlimited','10000000000000000000000000000000000','unlimited','UNLIMITED','10','10','10','[]','2013-03-19T04:47:26-04:00','2013-03-19T04:48:09-04:00'),(4,'VH-WEBHOST-500','500','unlimited','unlimited','unlimited','unlimited','unlimited','unlimited','unlimited','[]','2013-03-19T04:49:40-04:00','2013-03-19T04:52:09-04:00');

--
-- Table structure for table `service_hosting_server`
--

CREATE TABLE `service_hosting_server` (
  `id` bigint(20) NOT NULL AUTO_INCREMENT,
  `name` varchar(100) DEFAULT NULL,
  `ip` varchar(45) DEFAULT NULL,
  `hostname` varchar(100) DEFAULT NULL,
  `assigned_ips` text,
  `status_url` varchar(255) DEFAULT NULL,
  `active` tinyint(1) DEFAULT NULL,
  `max_accounts` bigint(20) DEFAULT NULL,
  `ns1` varchar(100) DEFAULT NULL,
  `ns2` varchar(100) DEFAULT NULL,
  `ns3` varchar(100) DEFAULT NULL,
  `ns4` varchar(100) DEFAULT NULL,
  `manager` varchar(100) DEFAULT NULL,
  `username` text,
  `password` text,
  `accesshash` text,
  `port` varchar(20) DEFAULT NULL,
  `config` text,
  `secure` tinyint(1) DEFAULT NULL,
  `created_at` varchar(35) DEFAULT NULL,
  `updated_at` varchar(35) DEFAULT NULL,
  PRIMARY KEY (`id`)
) ENGINE=MyISAM AUTO_INCREMENT=2 DEFAULT CHARSET=utf8;

--
-- Dumping data for table `service_hosting_server`
--

INSERT INTO `service_hosting_server` (`id`, `name`, `ip`, `hostname`, `assigned_ips`, `status_url`, `active`, `max_accounts`, `ns1`, `ns2`, `ns3`, `ns4`, `manager`, `username`, `password`, `accesshash`, `port`, `config`, `secure`, `created_at`, `updated_at`) VALUES (1,'iix host','117.103.67.22','vinhostmedia.com','117.103.67.22',NULL,1,NULL,'id1.vinhostmedia.com','id2.vinhostmedia.com','','','Whm','vinhostm','vinhost123','e13e28f6705a019db6fe46f038a0c529\r\nb4a429e687dbee76bc3880cd1d55fd5e\r\n9649f799999a31f9894710addb3343b6\r\n4764cb42d08d9929be4367e1c1b93041\r\ne9fde4184c77ad77c60b7c94c44b5f45\r\n40bbef0e80cf8563b990c3e6ac1adb97\r\nea5a2e6460b29e66369fd2f34942348c\r\nfa1dfd2fb6ba764a9e39d2a920af48d0\r\n10ba39182dc34af1e6d0af4aee78b28e\r\nce288b643f4e0e2e7298484e7f4173a8\r\n3d44e1ea4f2ec473e5e64ef85cc5e468\r\ndf4f4a8faa9a67aef4d88e1dfc2156d7\r\n3c5f9beeeb09e2272e25f465fa7dfbc0\r\n7366fc797a16eed980230a9a52c58cef\r\ndf5bb185c8a718c1b5cd4f07f52667a0\r\n4e02e655ac8e3ad7404fd1b75fae076c\r\na014a09db67f2f71626e716406981863\r\n6234ffc519ffeb162a1aeb32f69a36ba\r\n64f667515fb540761a6a7f43730fdd34\r\nb8b66e7ee7a25ab4b671ddc91a6b0cf7\r\nc647b3ed41fcaa83cdc8292783ec5ef7\r\nb48994a6d1e9c743c02ee03f69c6ea82\r\n851c5df0779656c1a4a30366ebc10280\r\n4accd4bd8453bc7f882128c6e6e7180d\r\n877f5a52a0bca65e708a36bf223f61a0\r\n895ac7782578cac30a267915634ca2cd\r\nfadbabed8af3ba17e3ec1ecc44e97d72\r\nf275e87dcf9543def8903c756b39eddc\r\n64b205ce3e05af14ef1b27e2d2b69ab7','2086',NULL,1,'2013-03-19T04:21:54-04:00','2013-03-20T12:23:20-04:00');

--
-- Table structure for table `service_license`
--

CREATE TABLE `service_license` (
  `id` bigint(20) NOT NULL AUTO_INCREMENT,
  `client_id` bigint(20) DEFAULT NULL,
  `license_key` varchar(255) DEFAULT NULL,
  `validate_ip` tinyint(1) DEFAULT '1',
  `validate_host` tinyint(1) DEFAULT '1',
  `validate_path` tinyint(1) DEFAULT '0',
  `validate_version` tinyint(1) DEFAULT '0',
  `ips` text,
  `hosts` text,
  `paths` text,
  `versions` text,
  `config` text,
  `plugin` varchar(255) DEFAULT NULL,
  `checked_at` varchar(35) DEFAULT NULL,
  `pinged_at` varchar(35) DEFAULT NULL,
  `created_at` varchar(35) DEFAULT NULL,
  `updated_at` varchar(35) DEFAULT NULL,
  PRIMARY KEY (`id`),
  UNIQUE KEY `license_key` (`license_key`),
  KEY `client_id_idx` (`client_id`)
) ENGINE=MyISAM DEFAULT CHARSET=utf8;

--
-- Dumping data for table `service_license`
--


--
-- Table structure for table `service_membership`
--

CREATE TABLE `service_membership` (
  `id` bigint(20) NOT NULL AUTO_INCREMENT,
  `client_id` bigint(20) DEFAULT NULL,
  `config` text,
  `created_at` varchar(35) DEFAULT NULL,
  `updated_at` varchar(35) DEFAULT NULL,
  PRIMARY KEY (`id`),
  KEY `client_id_idx` (`client_id`)
) ENGINE=MyISAM DEFAULT CHARSET=utf8;

--
-- Dumping data for table `service_membership`
--


--
-- Table structure for table `service_solusvm`
--

CREATE TABLE `service_solusvm` (
  `id` bigint(20) NOT NULL AUTO_INCREMENT,
  `cluster_id` bigint(20) DEFAULT NULL,
  `client_id` bigint(20) DEFAULT NULL,
  `vserverid` varchar(255) DEFAULT NULL,
  `virtid` varchar(255) DEFAULT NULL,
  `nodeid` varchar(255) DEFAULT NULL,
  `type` varchar(255) DEFAULT NULL,
  `node` varchar(255) DEFAULT NULL,
  `nodegroup` varchar(255) DEFAULT NULL,
  `hostname` varchar(255) DEFAULT NULL,
  `rootpassword` varchar(255) DEFAULT NULL,
  `username` varchar(255) DEFAULT NULL,
  `plan` varchar(255) DEFAULT NULL,
  `template` varchar(255) DEFAULT NULL,
  `ips` varchar(255) DEFAULT NULL,
  `hvmt` varchar(255) DEFAULT NULL,
  `custommemory` varchar(255) DEFAULT NULL,
  `customdiskspace` varchar(255) DEFAULT NULL,
  `custombandwidth` varchar(255) DEFAULT NULL,
  `customcpu` varchar(255) DEFAULT NULL,
  `customextraip` varchar(255) DEFAULT NULL,
  `issuelicense` varchar(255) DEFAULT NULL,
  `mainipaddress` varchar(255) DEFAULT NULL,
  `extraipaddress` varchar(255) DEFAULT NULL,
  `consoleuser` varchar(255) DEFAULT NULL,
  `consolepassword` varchar(255) DEFAULT NULL,
  `config` text,
  `created_at` varchar(35) DEFAULT NULL,
  `updated_at` varchar(35) DEFAULT NULL,
  PRIMARY KEY (`id`),
  KEY `client_id_idx` (`client_id`)
) ENGINE=MyISAM DEFAULT CHARSET=utf8;

--
-- Dumping data for table `service_solusvm`
--


--
-- Table structure for table `setting`
--

CREATE TABLE `setting` (
  `id` bigint(20) NOT NULL AUTO_INCREMENT,
  `param` varchar(255) DEFAULT NULL,
  `value` text,
  `public` tinyint(1) DEFAULT '0',
  `category` varchar(255) DEFAULT NULL,
  `hash` varchar(255) DEFAULT NULL,
  `created_at` varchar(35) DEFAULT NULL,
  `updated_at` varchar(35) DEFAULT NULL,
  PRIMARY KEY (`id`),
  UNIQUE KEY `param` (`param`)
) ENGINE=MyISAM AUTO_INCREMENT=40 DEFAULT CHARSET=utf8;

--
-- Dumping data for table `setting`
--

INSERT INTO `setting` (`id`, `param`, `value`, `public`, `category`, `hash`, `created_at`, `updated_at`) VALUES (1,'last_patch','15',0,NULL,NULL,'2012-01-01T12:00:00+00:00','2012-01-01T12:00:00+00:00'),(2,'company_name','vinhostmedia',0,NULL,NULL,'2012-01-01T12:00:00+00:00','2012-01-01T12:00:00+00:00'),(3,'company_email','sales@vinhostmedia.com',0,NULL,NULL,'2012-01-01T12:00:00+00:00','2012-01-01T12:00:00+00:00'),(4,'company_signature','vinhost media solusi web hosting anda ',0,NULL,NULL,'2012-01-01T12:00:00+00:00','2012-01-01T12:00:00+00:00'),(5,'company_logo','http://www.vinhostmedia.com/wp-content/uploads/2013/02/vinhost300.jpg',0,NULL,NULL,'2012-01-01T12:00:00+00:00','2012-01-01T12:00:00+00:00'),(6,'company_address_1','perkantoran pasar induk kramat jati blok d1 no 11',0,NULL,NULL,'2012-01-01T12:00:00+00:00','2012-01-01T12:00:00+00:00'),(7,'company_address_2','',0,NULL,NULL,'2012-01-01T12:00:00+00:00','2012-01-01T12:00:00+00:00'),(8,'company_address_3','',0,NULL,NULL,'2012-01-01T12:00:00+00:00','2012-01-01T12:00:00+00:00'),(9,'company_tel','+62-85888232737',0,NULL,NULL,'2012-01-01T12:00:00+00:00','2012-01-01T12:00:00+00:00'),(10,'company_tos','',0,NULL,NULL,'2012-01-01T12:00:00+00:00','2012-01-01T12:00:00+00:00'),(11,'company_privacy_policy','',0,NULL,NULL,'2012-01-01T12:00:00+00:00','2012-01-01T12:00:00+00:00'),(12,'company_note','',0,NULL,NULL,'2012-01-01T12:00:00+00:00','2012-01-01T12:00:00+00:00'),(36,'invoice_starting_number','11',0,NULL,NULL,'2013-03-19T04:34:51-04:00','2013-03-19T04:34:51-04:00'),(37,'6701983ae09f192f1311454c18be1b92','c40UFyQFMgX0gMI8zCln/9/qdtLP9dT+p9lfeQiQrVcS6qQBNC5RnIxDW06HFUdIPddKFism4Xw3tUExY2c5Zb0JcA4tXaxGsLheuno22XqvVjmUYbHMm+5A0cq3Y25ZAeQWcbUdapf7vKz+M7zfhsvCYc1gRgDdQqOQBpcI5toUg+jIqmbHt6Gxiv4N7BEgKPE2+PXgMDmxIu+d9FIISncHDvTA6jDtRjvaa5uWl71FHWOqSLf4CCR1jIynKcHQEJGBYoW2a3Xnn+QdeztLlbsHcdavUA/fAQAY2h8lMgA=',0,NULL,NULL,'2013-03-20T02:36:48-04:00','2013-03-20T02:36:48-04:00'),(38,'df276a84f91c1b163e748ce1bb8cfb71','sl+fyTghbrjrQrevcibZdhTD52VEnkG10vtsq31Hwj4=',0,NULL,NULL,'2013-03-20T02:36:48-04:00','2013-03-20T02:36:48-04:00'),(39,'invoice_series_paid','',0,NULL,NULL,'2013-03-20T12:50:13-04:00','2013-03-20T12:50:13-04:00'),(13,'invoice_series','vh',0,NULL,NULL,'2012-01-01T12:00:00+00:00','2012-01-01T12:00:00+00:00'),(14,'invoice_due_days','10',0,NULL,NULL,'2012-01-01T12:00:00+00:00','2012-01-01T12:00:00+00:00'),(15,'invoice_auto_approval','1',0,NULL,NULL,'2012-01-01T12:00:00+00:00','2012-01-01T12:00:00+00:00'),(16,'invoice_issue_days_before_expire','14',0,NULL,NULL,'2012-01-01T12:00:00+00:00','2012-01-01T12:00:00+00:00'),(17,'theme','boxbilling',0,NULL,NULL,'2012-01-01T12:00:00+00:00','2012-01-01T12:00:00+00:00'),(18,'issue_invoice_days_before_expire','7',0,NULL,NULL,'2012-01-01T12:00:00+00:00','2012-01-01T12:00:00+00:00'),(19,'invoice_refund_logic','credit_note',0,NULL,NULL,'2012-01-01T12:00:00+00:00','2012-01-01T12:00:00+00:00'),(20,'invoice_cn_series','CN-',0,NULL,NULL,'2012-01-01T12:00:00+00:00','2012-01-01T12:00:00+00:00'),(21,'invoice_cn_starting_number','1',0,NULL,NULL,'2012-01-01T12:00:00+00:00','2012-01-01T12:00:00+00:00'),(22,'nameserver_1',NULL,0,NULL,NULL,'2012-01-01T12:00:00+00:00','2012-01-01T12:00:00+00:00'),(23,'nameserver_2',NULL,0,NULL,NULL,'2012-01-01T12:00:00+00:00','2012-01-01T12:00:00+00:00'),(24,'nameserver_3',NULL,0,NULL,NULL,'2012-01-01T12:00:00+00:00','2012-01-01T12:00:00+00:00'),(25,'nameserver_4',NULL,0,NULL,NULL,'2012-01-01T12:00:00+00:00','2012-01-01T12:00:00+00:00'),(26,'funds_min_amount','10',0,NULL,NULL,'2012-01-01T12:00:00+00:00','2012-01-01T12:00:00+00:00'),(27,'funds_max_amount','200',0,NULL,NULL,'2012-01-01T12:00:00+00:00','2012-01-01T12:00:00+00:00'),(28,'invoice_overdue_invoked','2013-06-03T13:00:07-04:00',0,NULL,NULL,'2013-03-19T03:56:01-04:00','2013-03-19T03:56:01-04:00'),(29,'servicedomain_last_sync','2013-05-19T13:00:12-04:00',0,NULL,NULL,'2013-03-19T03:56:01-04:00','2013-03-19T03:56:01-04:00'),(30,'last_cron_exec','2013-06-03T13:00:09-04:00',0,NULL,NULL,'2013-03-19T03:56:01-04:00','2013-03-19T03:56:01-04:00'),(31,'154fc539bebf7d6ed13e81d63087c1cd','liT7jfdIhqrq8kALSi5h3jo3MBBE0/u8yE7MQHGQDCRf1oanW+A45i1z11HZUWHBIkVm7LsDZGDtiETt5BYBNufGGR0yoiM1tzy4bhqLO8lJ6IVt0dhg/P3XYQ0IqG+AC3/YApKFYgSvk5F0UCeBtQkNcHNBCbDjrxmkNM+EWCnhygT+cU/HyLa/IBXaosmkGjApgEP51Hno1UAUSruaB+OQaRTS7LAjru9vA5+G7APnkS7YkbC4t7sdD91o2Ccy',0,NULL,NULL,'2013-03-19T03:57:02-04:00','2013-03-19T03:57:02-04:00'),(32,'d2ac13ffd9325174f0048b93635ba112','sarIJ9xgGc4yWI8nHUnO6vk5zPGmU5oquE54k/lGlwg=',0,NULL,NULL,'2013-03-19T03:57:02-04:00','2013-03-19T03:57:02-04:00'),(33,'company_number','',0,NULL,NULL,'2013-03-19T04:02:24-04:00','2013-03-19T04:02:24-04:00'),(34,'company_vat_number','',0,NULL,NULL,'2013-03-19T04:02:24-04:00','2013-03-19T04:02:24-04:00'),(35,'company_account_number','BCA:2120200782 A/N MERY JANA',0,NULL,NULL,'2013-03-19T04:02:24-04:00','2013-03-19T04:02:24-04:00');

--
-- Table structure for table `subscription`
--

CREATE TABLE `subscription` (
  `id` bigint(20) NOT NULL AUTO_INCREMENT,
  `client_id` bigint(20) DEFAULT NULL,
  `pay_gateway_id` bigint(20) DEFAULT NULL,
  `sid` varchar(255) DEFAULT NULL,
  `rel_type` varchar(100) DEFAULT NULL,
  `rel_id` bigint(20) DEFAULT NULL,
  `period` varchar(255) DEFAULT NULL,
  `amount` double(18,2) DEFAULT NULL,
  `currency` varchar(50) DEFAULT NULL,
  `status` varchar(255) DEFAULT NULL,
  `created_at` varchar(35) DEFAULT NULL,
  `updated_at` varchar(35) DEFAULT NULL,
  PRIMARY KEY (`id`),
  KEY `client_id_idx` (`client_id`),
  KEY `pay_gateway_id_idx` (`pay_gateway_id`)
) ENGINE=MyISAM DEFAULT CHARSET=utf8;

--
-- Dumping data for table `subscription`
--


--
-- Table structure for table `support_helpdesk`
--

CREATE TABLE `support_helpdesk` (
  `id` bigint(20) NOT NULL AUTO_INCREMENT,
  `name` varchar(255) DEFAULT NULL,
  `email` varchar(255) DEFAULT NULL,
  `close_after` smallint(6) DEFAULT '24',
  `can_reopen` tinyint(1) DEFAULT '0',
  `signature` text,
  `created_at` varchar(35) DEFAULT NULL,
  `updated_at` varchar(35) DEFAULT NULL,
  PRIMARY KEY (`id`)
) ENGINE=MyISAM AUTO_INCREMENT=2 DEFAULT CHARSET=utf8;

--
-- Dumping data for table `support_helpdesk`
--

INSERT INTO `support_helpdesk` (`id`, `name`, `email`, `close_after`, `can_reopen`, `signature`, `created_at`, `updated_at`) VALUES (1,'General','info@yourdomain.com',24,0,'It is always a pleasure to help.\nHave a Nice Day !','2012-01-01T12:00:00+00:00','2012-01-01T12:00:00+00:00');

--
-- Table structure for table `support_p_ticket`
--

CREATE TABLE `support_p_ticket` (
  `id` bigint(20) NOT NULL AUTO_INCREMENT,
  `hash` varchar(255) DEFAULT NULL,
  `author_name` varchar(255) DEFAULT NULL,
  `author_email` varchar(255) DEFAULT NULL,
  `subject` varchar(255) DEFAULT NULL,
  `status` varchar(30) DEFAULT 'open',
  `created_at` varchar(35) DEFAULT NULL,
  `updated_at` varchar(35) DEFAULT NULL,
  PRIMARY KEY (`id`)
) ENGINE=MyISAM DEFAULT CHARSET=utf8;

--
-- Dumping data for table `support_p_ticket`
--


--
-- Table structure for table `support_p_ticket_message`
--

CREATE TABLE `support_p_ticket_message` (
  `id` bigint(20) NOT NULL AUTO_INCREMENT,
  `support_p_ticket_id` bigint(20) DEFAULT NULL,
  `admin_id` bigint(20) DEFAULT NULL COMMENT 'Filled when message author is admin',
  `content` text,
  `ip` varchar(45) DEFAULT NULL,
  `created_at` varchar(35) DEFAULT NULL,
  `updated_at` varchar(35) DEFAULT NULL,
  PRIMARY KEY (`id`),
  KEY `support_p_ticket_id_idx` (`support_p_ticket_id`),
  KEY `admin_id_idx` (`admin_id`),
  FULLTEXT KEY `content_idx` (`content`)
) ENGINE=MyISAM DEFAULT CHARSET=utf8;

--
-- Dumping data for table `support_p_ticket_message`
--


--
-- Table structure for table `support_pr`
--

CREATE TABLE `support_pr` (
  `id` bigint(20) NOT NULL AUTO_INCREMENT,
  `support_pr_category_id` bigint(20) DEFAULT NULL,
  `title` varchar(100) DEFAULT NULL,
  `content` text,
  `created_at` varchar(35) DEFAULT NULL,
  `updated_at` varchar(35) DEFAULT NULL,
  PRIMARY KEY (`id`),
  KEY `support_pr_category_id_idx` (`support_pr_category_id`)
) ENGINE=MyISAM AUTO_INCREMENT=9 DEFAULT CHARSET=utf8;

--
-- Dumping data for table `support_pr`
--

INSERT INTO `support_pr` (`id`, `support_pr_category_id`, `title`, `content`, `created_at`, `updated_at`) VALUES (1,1,'Hello #1','Hello,\n\n\n\nThank you for using our services.','2012-01-01T12:00:00+00:00','2012-01-01T12:00:00+00:00'),(2,1,'Hello #2','Greetings,\n\n\n\nThank you.','2012-01-01T12:00:00+00:00','2012-01-01T12:00:00+00:00'),(3,2,'It was fixed','\nIt was fixed for your account. If you have any more questions or requests, please let us to know.','2012-01-01T12:00:00+00:00','2012-01-01T12:00:00+00:00'),(4,2,'It was done as requested','\nIt\'s done as you have requested. Please let us to know if you have any further requests or questions.','2012-01-01T12:00:00+00:00','2012-01-01T12:00:00+00:00'),(5,2,'Your website works fine','\nI have just checked your website and it works fine. Please check it from your end and let us to know if you still experience any problems.','2012-01-01T12:00:00+00:00','2012-01-01T12:00:00+00:00'),(6,3,'Do you get any errors?','\nDo you get any errors and maybe you can copy/paste full error messages?','2012-01-01T12:00:00+00:00','2012-01-01T12:00:00+00:00'),(7,3,'Domain is not pointing to our server','\nYour domain is not pointing to our server. Please set our nameservers for your domain and give 24 hours until changes will apply worldwide.','2012-01-01T12:00:00+00:00','2012-01-01T12:00:00+00:00'),(8,3,'What is your domain and username?','\nWhat is your domain name and username?','2012-01-01T12:00:00+00:00','2012-01-01T12:00:00+00:00');

--
-- Table structure for table `support_pr_category`
--

CREATE TABLE `support_pr_category` (
  `id` bigint(20) NOT NULL AUTO_INCREMENT,
  `title` varchar(100) DEFAULT NULL,
  `created_at` varchar(35) DEFAULT NULL,
  `updated_at` varchar(35) DEFAULT NULL,
  PRIMARY KEY (`id`)
) ENGINE=MyISAM AUTO_INCREMENT=4 DEFAULT CHARSET=utf8;

--
-- Dumping data for table `support_pr_category`
--

INSERT INTO `support_pr_category` (`id`, `title`, `created_at`, `updated_at`) VALUES (1,'Greetings','2012-01-01T12:00:00+00:00','2012-01-01T12:00:00+00:00'),(2,'General','2012-01-01T12:00:00+00:00','2012-01-01T12:00:00+00:00'),(3,'Accounting','2012-01-01T12:00:00+00:00','2012-01-01T12:00:00+00:00');

--
-- Table structure for table `support_ticket`
--

CREATE TABLE `support_ticket` (
  `id` bigint(20) NOT NULL AUTO_INCREMENT,
  `support_helpdesk_id` bigint(20) DEFAULT NULL,
  `client_id` bigint(20) DEFAULT NULL,
  `priority` int(11) DEFAULT '100',
  `subject` varchar(255) DEFAULT NULL,
  `status` varchar(30) DEFAULT 'open' COMMENT 'open, closed, on_hold',
  `rel_type` varchar(100) DEFAULT NULL,
  `rel_id` bigint(20) DEFAULT NULL,
  `rel_task` varchar(100) DEFAULT NULL,
  `rel_new_value` text,
  `rel_status` varchar(100) DEFAULT NULL,
  `created_at` varchar(35) DEFAULT NULL,
  `updated_at` varchar(35) DEFAULT NULL,
  PRIMARY KEY (`id`),
  KEY `support_helpdesk_id_idx` (`support_helpdesk_id`),
  KEY `client_id_idx` (`client_id`)
) ENGINE=MyISAM AUTO_INCREMENT=2 DEFAULT CHARSET=utf8;

--
-- Dumping data for table `support_ticket`
--

INSERT INTO `support_ticket` (`id`, `support_helpdesk_id`, `client_id`, `priority`, `subject`, `status`, `rel_type`, `rel_id`, `rel_task`, `rel_new_value`, `rel_status`, `created_at`, `updated_at`) VALUES (1,1,1,100,'I would like to cancel VH-WEBHOST-100 for ferdihostmedia.com','closed','order',2,'cancel',NULL,'pending','2013-03-20T12:38:08-04:00','2013-03-20T12:40:52-04:00');

--
-- Table structure for table `support_ticket_message`
--

CREATE TABLE `support_ticket_message` (
  `id` bigint(20) NOT NULL AUTO_INCREMENT,
  `support_ticket_id` bigint(20) DEFAULT NULL,
  `client_id` bigint(20) DEFAULT NULL,
  `admin_id` bigint(20) DEFAULT NULL,
  `content` text,
  `attachment` varchar(255) DEFAULT NULL,
  `ip` varchar(45) DEFAULT NULL,
  `created_at` varchar(35) DEFAULT NULL,
  `updated_at` varchar(35) DEFAULT NULL,
  PRIMARY KEY (`id`),
  KEY `support_ticket_id_idx` (`support_ticket_id`),
  KEY `client_id_idx` (`client_id`),
  KEY `admin_id_idx` (`admin_id`),
  FULLTEXT KEY `content_idx` (`content`)
) ENGINE=MyISAM AUTO_INCREMENT=2 DEFAULT CHARSET=utf8;

--
-- Dumping data for table `support_ticket_message`
--

INSERT INTO `support_ticket_message` (`id`, `support_ticket_id`, `client_id`, `admin_id`, `content`, `attachment`, `ip`, `created_at`, `updated_at`) VALUES (1,1,1,NULL,'iwan canceld',NULL,'114.79.13.71','2013-03-20T12:38:08-04:00','2013-03-20T12:38:08-04:00');

--
-- Table structure for table `support_ticket_note`
--

CREATE TABLE `support_ticket_note` (
  `id` bigint(20) NOT NULL AUTO_INCREMENT,
  `support_ticket_id` bigint(20) DEFAULT NULL,
  `admin_id` bigint(20) DEFAULT NULL,
  `note` text,
  `created_at` varchar(35) DEFAULT NULL,
  `updated_at` varchar(35) DEFAULT NULL,
  PRIMARY KEY (`id`),
  KEY `support_ticket_id_idx` (`support_ticket_id`),
  KEY `admin_id_idx` (`admin_id`)
) ENGINE=MyISAM DEFAULT CHARSET=utf8;

--
-- Dumping data for table `support_ticket_note`
--


--
-- Table structure for table `tax`
--

CREATE TABLE `tax` (
  `id` bigint(20) NOT NULL AUTO_INCREMENT,
  `level` bigint(20) DEFAULT NULL,
  `name` varchar(255) DEFAULT NULL,
  `country` varchar(255) DEFAULT NULL,
  `state` varchar(255) DEFAULT NULL,
  `taxrate` varchar(255) DEFAULT NULL,
  `created_at` varchar(35) DEFAULT NULL,
  `updated_at` varchar(35) DEFAULT NULL,
  PRIMARY KEY (`id`)
) ENGINE=MyISAM DEFAULT CHARSET=utf8;

--
-- Dumping data for table `tax`
--


--
-- Table structure for table `tld`
--

CREATE TABLE `tld` (
  `id` bigint(20) NOT NULL AUTO_INCREMENT,
  `tld_registrar_id` bigint(20) DEFAULT NULL,
  `tld` varchar(15) DEFAULT NULL,
  `price_registration` decimal(18,2) DEFAULT '0.00',
  `price_renew` decimal(18,2) DEFAULT '0.00',
  `price_transfer` decimal(18,2) DEFAULT '0.00',
  `allow_register` tinyint(1) DEFAULT NULL,
  `allow_transfer` tinyint(1) DEFAULT NULL,
  `active` tinyint(1) DEFAULT '1',
  `min_years` tinyint(4) DEFAULT NULL,
  `created_at` varchar(35) DEFAULT NULL,
  `updated_at` varchar(35) DEFAULT NULL,
  PRIMARY KEY (`id`),
  UNIQUE KEY `tld` (`tld`),
  KEY `tld_registrar_id_idx` (`tld_registrar_id`)
) ENGINE=MyISAM AUTO_INCREMENT=2 DEFAULT CHARSET=utf8;

--
-- Dumping data for table `tld`
--

INSERT INTO `tld` (`id`, `tld_registrar_id`, `tld`, `price_registration`, `price_renew`, `price_transfer`, `allow_register`, `allow_transfer`, `active`, `min_years`, `created_at`, `updated_at`) VALUES (1,1,'.com',11.99,11.99,11.99,1,1,1,1,'2012-01-01T12:00:00+00:00','2012-01-01T12:00:00+00:00');

--
-- Table structure for table `tld_registrar`
--

CREATE TABLE `tld_registrar` (
  `id` bigint(20) NOT NULL AUTO_INCREMENT,
  `name` varchar(255) DEFAULT NULL,
  `registrar` varchar(255) DEFAULT NULL,
  `test_mode` tinyint(4) DEFAULT '0',
  `config` text,
  PRIMARY KEY (`id`)
) ENGINE=MyISAM AUTO_INCREMENT=5 DEFAULT CHARSET=utf8;

--
-- Dumping data for table `tld_registrar`
--

INSERT INTO `tld_registrar` (`id`, `name`, `registrar`, `test_mode`, `config`) VALUES (1,'Custom','Custom',1,'{\"use_whois\":\"1\"}'),(2,'Reseller Club','Resellerclub',0,NULL),(3,'Internet.bs','Internetbs',0,NULL),(4,'Resellerid','Resellerid',0,NULL);

--
-- Table structure for table `transaction`
--

CREATE TABLE `transaction` (
  `id` bigint(20) NOT NULL AUTO_INCREMENT,
  `invoice_id` bigint(20) DEFAULT NULL,
  `gateway_id` int(11) DEFAULT NULL,
  `txn_id` varchar(255) DEFAULT NULL,
  `txn_status` varchar(255) DEFAULT NULL,
  `s_id` varchar(255) DEFAULT NULL,
  `s_period` varchar(255) DEFAULT NULL,
  `amount` varchar(255) DEFAULT NULL,
  `currency` varchar(10) DEFAULT NULL,
  `type` varchar(255) DEFAULT NULL,
  `status` varchar(255) DEFAULT 'received',
  `ip` varchar(45) DEFAULT NULL,
  `error` text,
  `error_code` int(11) DEFAULT NULL,
  `validate_ipn` tinyint(1) DEFAULT '1',
  `ipn` text,
  `output` text,
  `note` text,
  `created_at` varchar(35) DEFAULT NULL,
  `updated_at` varchar(35) DEFAULT NULL,
  PRIMARY KEY (`id`),
  KEY `invoice_id_idx` (`invoice_id`)
) ENGINE=MyISAM DEFAULT CHARSET=utf8;

--
-- Dumping data for table `transaction`
--


--
-- Dumping events for database 'vinhostm_boxb374'
--

--
-- Dumping routines for database 'vinhostm_boxb374'
--


