-- Table structure for table `ps_country_shop`
--

CREATE TABLE `ps_country_shop` (
  `id_country` int(11) unsigned NOT NULL,
  `id_shop` int(11) unsigned NOT NULL,
  PRIMARY KEY (`id_country`,`id_shop`),
  KEY `id_shop` (`id_shop`)
) ENGINE=InnoDB DEFAULT CHARSET=utf8;

--
-- Dumping data for table `ps_country_shop`
--

INSERT INTO `ps_country_shop` (`id_country`, `id_shop`) VALUES (1,1),(2,1),(3,1),(4,1),(5,1),(6,1),(7,1),(8,1),(9,1),(10,1),(11,1),(12,1),(13,1),(14,1),(15,1),(16,1),(17,1),(18,1),(19,1),(20,1),(21,1),(22,1),(23,1),(24,1),(25,1),(26,1),(27,1),(28,1),(29,1),(30,1),(31,1),(32,1),(33,1),(34,1),(35,1),(36,1),(37,1),(38,1),(39,1),(40,1),(41,1),(42,1),(43,1),(44,1),(45,1),(46,1),(47,1),(48,1),(49,1),(50,1),(51,1),(52,1),(53,1),(54,1),(55,1),(56,1),(57,1),(58,1),(59,1),(60,1),(61,1),(62,1),(63,1),(64,1),(65,1),(66,1),(67,1),(68,1),(69,1),(70,1),(71,1),(72,1),(73,1),(74,1),(75,1),(76,1),(77,1),(78,1),(79,1),(80,1),(81,1),(82,1),(83,1),(84,1),(85,1),(86,1),(87,1),(88,1),(89,1),(90,1),(91,1),(92,1),(93,1),(94,1),(95,1),(96,1),(97,1),(98,1),(99,1),(100,1),(101,1),(102,1),(103,1),(104,1),(105,1),(106,1),(107,1),(108,1),(109,1),(110,1),(111,1),(112,1),(113,1),(114,1),(115,1),(116,1),(117,1),(118,1),(119,1),(120,1),(121,1),(122,1),(123,1),(124,1),(125,1),(126,1),(127,1),(128,1),(129,1),(130,1),(131,1),(132,1),(133,1),(134,1),(135,1),(136,1),(137,1),(138,1),(139,1),(140,1),(141,1),(142,1),(143,1),(144,1),(145,1),(146,1),(147,1),(148,1),(149,1),(150,1),(151,1),(152,1),(153,1),(154,1),(155,1),(156,1),(157,1),(158,1),(159,1),(160,1),(161,1),(162,1),(163,1),(164,1),(165,1),(166,1),(167,1),(168,1),(169,1),(170,1),(171,1),(172,1),(173,1),(174,1),(175,1),(176,1),(177,1),(178,1),(179,1),(180,1),(181,1),(182,1),(183,1),(184,1),(185,1),(186,1),(187,1),(188,1),(189,1),(190,1),(191,1),(192,1),(193,1),(194,1),(195,1),(196,1),(197,1),(198,1),(199,1),(200,1),(201,1),(202,1),(203,1),(204,1),(205,1),(206,1),(207,1),(208,1),(209,1),(210,1),(211,1),(212,1),(213,1),(214,1),(215,1),(216,1),(217,1),(218,1),(219,1),(220,1),(221,1),(222,1),(223,1),(224,1),(225,1),(226,1),(227,1),(228,1),(229,1),(230,1),(231,1),(232,1),(233,1),(234,1),(235,1),(236,1),(237,1),(238,1),(239,1),(240,1),(241,1),(242,1),(243,1),(244,1),(245,1);

--
-- Table structure for table `ps_currency`
--

CREATE TABLE `ps_currency` (
  `id_currency` int(10) unsigned NOT NULL AUTO_INCREMENT,
  `name` varchar(32) NOT NULL,
  `iso_code` varchar(3) NOT NULL DEFAULT '0',
  `iso_code_num` varchar(3) NOT NULL DEFAULT '0',
  `sign` varchar(8) NOT NULL,
  `blank` tinyint(1) unsigned NOT NULL DEFAULT '0',
  `format` tinyint(1) unsigned NOT NULL DEFAULT '0',
  `decimals` tinyint(1) unsigned NOT NULL DEFAULT '1',
  `conversion_rate` decimal(13,6) NOT NULL,
  `deleted` tinyint(1) unsigned NOT NULL DEFAULT '0',
  `active` tinyint(1) unsigned NOT NULL DEFAULT '1',
  PRIMARY KEY (`id_currency`)
) ENGINE=InnoDB AUTO_INCREMENT=2 DEFAULT CHARSET=utf8;

--
-- Dumping data for table `ps_currency`
--

INSERT INTO `ps_currency` (`id_currency`, `name`, `iso_code`, `iso_code_num`, `sign`, `blank`, `format`, `decimals`, `conversion_rate`, `deleted`, `active`) VALUES (1,'dollar','USD','840','$',0,3,1,1000000.000000,0,1);

--
-- Table structure for table `ps_currency_shop`
--

CREATE TABLE `ps_currency_shop` (
  `id_currency` int(11) unsigned NOT NULL,
  `id_shop` int(11) unsigned NOT NULL,
  `conversion_rate` decimal(13,6) NOT NULL,
  PRIMARY KEY (`id_currency`,`id_shop`),
  KEY `id_shop` (`id_shop`)
) ENGINE=InnoDB DEFAULT CHARSET=utf8;

--
-- Dumping data for table `ps_currency_shop`
--

INSERT INTO `ps_currency_shop` (`id_currency`, `id_shop`, `conversion_rate`) VALUES (1,1,1000000.000000);

--
-- Table structure for table `ps_customer`
--

CREATE TABLE `ps_customer` (
  `id_customer` int(10) unsigned NOT NULL AUTO_INCREMENT,
  `id_shop_group` int(11) unsigned NOT NULL DEFAULT '1',
  `id_shop` int(11) unsigned NOT NULL DEFAULT '1',
  `id_gender` int(10) unsigned NOT NULL,
  `id_default_group` int(10) unsigned NOT NULL DEFAULT '1',
  `id_lang` int(10) unsigned DEFAULT NULL,
  `id_risk` int(10) unsigned NOT NULL DEFAULT '1',
  `company` varchar(64) DEFAULT NULL,
  `siret` varchar(14) DEFAULT NULL,
  `ape` varchar(5) DEFAULT NULL,
  `firstname` varchar(32) NOT NULL,
  `lastname` varchar(32) NOT NULL,
  `email` varchar(128) NOT NULL,
  `passwd` varchar(32) NOT NULL,
  `last_passwd_gen` timestamp NOT NULL DEFAULT CURRENT_TIMESTAMP,
  `birthday` date DEFAULT NULL,
  `newsletter` tinyint(1) unsigned NOT NULL DEFAULT '0',
  `ip_registration_newsletter` varchar(15) DEFAULT NULL,
  `newsletter_date_add` datetime DEFAULT NULL,
  `optin` tinyint(1) unsigned NOT NULL DEFAULT '0',
  `website` varchar(128) DEFAULT NULL,
  `outstanding_allow_amount` decimal(20,6) NOT NULL DEFAULT '0.000000',
  `show_public_prices` tinyint(1) unsigned NOT NULL DEFAULT '0',
  `max_payment_days` int(10) unsigned NOT NULL DEFAULT '60',
  `secure_key` varchar(32) NOT NULL DEFAULT '-1',
  `note` text,
  `active` tinyint(1) unsigned NOT NULL DEFAULT '0',
  `is_guest` tinyint(1) NOT NULL DEFAULT '0',
  `deleted` tinyint(1) NOT NULL DEFAULT '0',
  `date_add` datetime NOT NULL,
  `date_upd` datetime NOT NULL,
  PRIMARY KEY (`id_customer`),
  KEY `customer_email` (`email`),
  KEY `customer_login` (`email`,`passwd`),
  KEY `id_customer_passwd` (`id_customer`,`passwd`),
  KEY `id_gender` (`id_gender`),
  KEY `id_shop_group` (`id_shop_group`),
  KEY `id_shop` (`id_shop`)
) ENGINE=InnoDB AUTO_INCREMENT=3 DEFAULT CHARSET=utf8;

--
-- Dumping data for table `ps_customer`
--

INSERT INTO `ps_customer` (`id_customer`, `id_shop_group`, `id_shop`, `id_gender`, `id_default_group`, `id_lang`, `id_risk`, `company`, `siret`, `ape`, `firstname`, `lastname`, `email`, `passwd`, `last_passwd_gen`, `birthday`, `newsletter`, `ip_registration_newsletter`, `newsletter_date_add`, `optin`, `website`, `outstanding_allow_amount`, `show_public_prices`, `max_payment_days`, `secure_key`, `note`, `active`, `is_guest`, `deleted`, `date_add`, `date_upd`) VALUES (1,1,1,1,3,1,0,'','','','John','DOE','pub@prestashop.com','d6bfb217c5645ee055eb1ddc2a8af29f','2014-01-24 18:57:58','1970-01-15',1,'','2014-01-24 18:57:58',1,'',0.000000,0,0,'e51a94eeeee865a65c4cb3b936dc9303','',1,0,0,'2014-01-24 18:57:58','2014-01-24 18:57:58'),(2,1,1,1,3,1,0,NULL,NULL,NULL,'Adada','dasdadas','salimvincent79@yahoo.com','07caf1239a3246c619819225df649758','2014-01-23 17:18:23','1996-12-18',0,NULL,'0000-00-00 00:00:00',0,NULL,0.000000,0,0,'3b054aa240656435d9a04886658dc280',NULL,1,0,0,'2014-01-24 06:18:23','2014-01-24 06:18:23');

--
-- Table structure for table `ps_customer_group`
--

CREATE TABLE `ps_customer_group` (
  `id_customer` int(10) unsigned NOT NULL,
  `id_group` int(10) unsigned NOT NULL,
  PRIMARY KEY (`id_customer`,`id_group`),
  KEY `customer_login` (`id_group`),
  KEY `id_customer` (`id_customer`)
) ENGINE=InnoDB DEFAULT CHARSET=utf8;

--
-- Dumping data for table `ps_customer_group`
--

INSERT INTO `ps_customer_group` (`id_customer`, `id_group`) VALUES (1,3),(2,3);

--
-- Table structure for table `ps_customer_message`
--

CREATE TABLE `ps_customer_message` (
  `id_customer_message` int(10) unsigned NOT NULL AUTO_INCREMENT,
  `id_customer_thread` int(11) DEFAULT NULL,
  `id_employee` int(10) unsigned DEFAULT NULL,
  `message` text NOT NULL,
  `file_name` varchar(18) DEFAULT NULL,
  `ip_address` int(11) DEFAULT NULL,
  `user_agent` varchar(128) DEFAULT NULL,
  `date_add` datetime NOT NULL,
  `private` tinyint(4) NOT NULL DEFAULT '0',
  `read` tinyint(1) NOT NULL DEFAULT '0',
  PRIMARY KEY (`id_customer_message`),
  KEY `id_customer_thread` (`id_customer_thread`),
  KEY `id_employee` (`id_employee`)
) ENGINE=InnoDB DEFAULT CHARSET=utf8;

--
-- Dumping data for table `ps_customer_message`
--


--
-- Table structure for table `ps_customer_message_sync_imap`
--

CREATE TABLE `ps_customer_message_sync_imap` (
  `md5_header` varbinary(32) NOT NULL,
  KEY `md5_header_index` (`md5_header`(4))
) ENGINE=InnoDB DEFAULT CHARSET=utf8;

--
-- Dumping data for table `ps_customer_message_sync_imap`
--


--
-- Table structure for table `ps_customer_thread`
--

CREATE TABLE `ps_customer_thread` (
  `id_customer_thread` int(11) unsigned NOT NULL AUTO_INCREMENT,
  `id_shop` int(11) unsigned NOT NULL DEFAULT '1',
  `id_lang` int(10) unsigned NOT NULL,
  `id_contact` int(10) unsigned NOT NULL,
  `id_customer` int(10) unsigned DEFAULT NULL,
  `id_order` int(10) unsigned DEFAULT NULL,
  `id_product` int(10) unsigned DEFAULT NULL,
  `status` enum('open','closed','pending1','pending2') NOT NULL DEFAULT 'open',
  `email` varchar(128) NOT NULL,
  `token` varchar(12) DEFAULT NULL,
  `date_add` datetime NOT NULL,
  `date_upd` datetime NOT NULL,
  PRIMARY KEY (`id_customer_thread`),
  KEY `id_shop` (`id_shop`),
  KEY `id_lang` (`id_lang`),
  KEY `id_contact` (`id_contact`),
  KEY `id_customer` (`id_customer`),
  KEY `id_order` (`id_order`),
  KEY `id_product` (`id_product`)
) ENGINE=InnoDB DEFAULT CHARSET=utf8;

--
-- Dumping data for table `ps_customer_thread`
--


--
-- Table structure for table `ps_customization`
--

CREATE TABLE `ps_customization` (
  `id_customization` int(10) unsigned NOT NULL AUTO_INCREMENT,
  `id_product_attribute` int(10) unsigned NOT NULL DEFAULT '0',
  `id_address_delivery` int(10) unsigned NOT NULL DEFAULT '0',
  `id_cart` int(10) unsigned NOT NULL,
  `id_product` int(10) NOT NULL,
  `quantity` int(10) NOT NULL,
  `quantity_refunded` int(11) NOT NULL DEFAULT '0',
  `quantity_returned` int(11) NOT NULL DEFAULT '0',
  `in_cart` tinyint(1) unsigned NOT NULL DEFAULT '0',
  PRIMARY KEY (`id_customization`,`id_cart`,`id_product`,`id_address_delivery`),
  KEY `id_product_attribute` (`id_product_attribute`)
) ENGINE=InnoDB DEFAULT CHARSET=utf8;

--
-- Dumping data for table `ps_customization`
--


--
-- Table structure for table `ps_customization_field`
--

CREATE TABLE `ps_customization_field` (
  `id_customization_field` int(10) unsigned NOT NULL AUTO_INCREMENT,
  `id_product` int(10) unsigned NOT NULL,
  `type` tinyint(1) NOT NULL,
  `required` tinyint(1) NOT NULL,
  PRIMARY KEY (`id_customization_field`),
  KEY `id_product` (`id_product`)
) ENGINE=InnoDB DEFAULT CHARSET=utf8;

--
-- Dumping data for table `ps_customization_field`
--


--
-- Table structure for table `ps_customization_field_lang`
--

CREATE TABLE `ps_customization_field_lang` (
  `id_customization_field` int(10) unsigned NOT NULL,
  `id_lang` int(10) unsigned NOT NULL,
  `name` varchar(255) NOT NULL,
  PRIMARY KEY (`id_customization_field`,`id_lang`)
) ENGINE=InnoDB DEFAULT CHARSET=utf8;

--
-- Dumping data for table `ps_customization_field_lang`
--


--
-- Table structure for table `ps_customized_data`
--

CREATE TABLE `ps_customized_data` (
  `id_customization` int(10) unsigned NOT NULL,
  `type` tinyint(1) NOT NULL,
  `index` int(3) NOT NULL,
  `value` varchar(255) NOT NULL,
  PRIMARY KEY (`id_customization`,`type`,`index`)
) ENGINE=InnoDB DEFAULT CHARSET=utf8;

--
-- Dumping data for table `ps_customized_data`
--


--
-- Table structure for table `ps_date_range`
--

CREATE TABLE `ps_date_range` (
  `id_date_range` int(10) unsigned NOT NULL AUTO_INCREMENT,
  `time_start` datetime NOT NULL,
  `time_end` datetime NOT NULL,
  PRIMARY KEY (`id_date_range`)
) ENGINE=InnoDB DEFAULT CHARSET=utf8;

--
-- Dumping data for table `ps_date_range`
--


--
-- Table structure for table `ps_delivery`
--

CREATE TABLE `ps_delivery` (
  `id_delivery` int(10) unsigned NOT NULL AUTO_INCREMENT,
  `id_shop` int(10) unsigned DEFAULT NULL,
  `id_shop_group` int(10) unsigned DEFAULT NULL,
  `id_carrier` int(10) unsigned NOT NULL,
  `id_range_price` int(10) unsigned DEFAULT NULL,
  `id_range_weight` int(10) unsigned DEFAULT NULL,
  `id_zone` int(10) unsigned NOT NULL,
  `price` decimal(20,6) NOT NULL,
  PRIMARY KEY (`id_delivery`),
  KEY `id_zone` (`id_zone`),
  KEY `id_carrier` (`id_carrier`,`id_zone`),
  KEY `id_range_price` (`id_range_price`),
  KEY `id_range_weight` (`id_range_weight`)
) ENGINE=InnoDB AUTO_INCREMENT=9 DEFAULT CHARSET=utf8;

--
-- Dumping data for table `ps_delivery`
--

INSERT INTO `ps_delivery` (`id_delivery`, `id_shop`, `id_shop_group`, `id_carrier`, `id_range_price`, `id_range_weight`, `id_zone`, `price`) VALUES (1,1,1,2,0,1,1,0.000000),(2,1,1,2,0,1,2,0.000000),(3,1,1,2,1,0,1,0.000000),(4,1,1,2,1,0,2,0.000000),(5,NULL,NULL,2,0,1,1,5.000000),(6,NULL,NULL,2,0,1,2,5.000000),(7,NULL,NULL,2,1,0,1,5.000000),(8,NULL,NULL,2,1,0,2,5.000000);

--
-- Table structure for table `ps_employee`
--

CREATE TABLE `ps_employee` (
  `id_employee` int(10) unsigned NOT NULL AUTO_INCREMENT,
  `id_profile` int(10) unsigned NOT NULL,
  `id_lang` int(10) unsigned NOT NULL DEFAULT '0',
  `lastname` varchar(32) NOT NULL,
  `firstname` varchar(32) NOT NULL,
  `email` varchar(128) NOT NULL,
  `passwd` varchar(32) NOT NULL,
  `last_passwd_gen` timestamp NOT NULL DEFAULT CURRENT_TIMESTAMP,
  `stats_date_from` date DEFAULT NULL,
  `stats_date_to` date DEFAULT NULL,
  `bo_color` varchar(32) DEFAULT NULL,
  `bo_theme` varchar(32) DEFAULT NULL,
  `default_tab` int(10) unsigned NOT NULL DEFAULT '0',
  `bo_width` int(10) unsigned NOT NULL DEFAULT '0',
  `bo_show_screencast` tinyint(1) NOT NULL DEFAULT '1',
  `active` tinyint(1) unsigned NOT NULL DEFAULT '0',
  `id_last_order` int(10) unsigned NOT NULL DEFAULT '0',
  `id_last_customer_message` int(10) unsigned NOT NULL DEFAULT '0',
  `id_last_customer` int(10) unsigned NOT NULL DEFAULT '0',
  PRIMARY KEY (`id_employee`),
  KEY `employee_login` (`email`,`passwd`),
  KEY `id_employee_passwd` (`id_employee`,`passwd`),
  KEY `id_profile` (`id_profile`)
) ENGINE=InnoDB AUTO_INCREMENT=2 DEFAULT CHARSET=utf8;

--
-- Dumping data for table `ps_employee`
--

INSERT INTO `ps_employee` (`id_employee`, `id_profile`, `id_lang`, `lastname`, `firstname`, `email`, `passwd`, `last_passwd_gen`, `stats_date_from`, `stats_date_to`, `bo_color`, `bo_theme`, `default_tab`, `bo_width`, `bo_show_screencast`, `active`, `id_last_order`, `id_last_customer_message`, `id_last_customer`) VALUES (1,1,1,'Administrator','System','admin@vinhostmedia.com','ceb9f7e8dd7edf460055099ee875ca84','2014-01-24 18:57:58','2013-12-24','2014-01-24',NULL,'default',1,0,1,1,2,0,2);

--
-- Table structure for table `ps_employee_shop`
--

CREATE TABLE `ps_employee_shop` (
  `id_employee` int(11) unsigned NOT NULL,
  `id_shop` int(11) unsigned NOT NULL,
  PRIMARY KEY (`id_employee`,`id_shop`),
  KEY `id_shop` (`id_shop`)
) ENGINE=InnoDB DEFAULT CHARSET=utf8;

--
-- Dumping data for table `ps_employee_shop`
--

INSERT INTO `ps_employee_shop` (`id_employee`, `id_shop`) VALUES (1,1);

--
-- Table structure for table `ps_favorite_product`
--

CREATE TABLE `ps_favorite_product` (
  `id_favorite_product` int(10) unsigned NOT NULL AUTO_INCREMENT,
  `id_product` int(10) unsigned NOT NULL,
  `id_customer` int(10) unsigned NOT NULL,
  `id_shop` int(10) unsigned NOT NULL,
  `date_add` datetime NOT NULL,
  `date_upd` datetime NOT NULL,
  PRIMARY KEY (`id_favorite_product`)
) ENGINE=InnoDB DEFAULT CHARSET=utf8;

--
-- Dumping data for table `ps_favorite_product`
--


--
-- Table structure for table `ps_feature`
--

CREATE TABLE `ps_feature` (
  `id_feature` int(10) unsigned NOT NULL AUTO_INCREMENT,
  `position` int(10) unsigned NOT NULL DEFAULT '0',
  PRIMARY KEY (`id_feature`)
) ENGINE=InnoDB AUTO_INCREMENT=6 DEFAULT CHARSET=utf8;

--
-- Dumping data for table `ps_feature`
--

INSERT INTO `ps_feature` (`id_feature`, `position`) VALUES (1,0),(2,1),(3,2),(4,3),(5,4);

--
-- Table structure for table `ps_feature_lang`
--

CREATE TABLE `ps_feature_lang` (
  `id_feature` int(10) unsigned NOT NULL,
  `id_lang` int(10) unsigned NOT NULL,
  `name` varchar(128) DEFAULT NULL,
  PRIMARY KEY (`id_feature`,`id_lang`),
  KEY `id_lang` (`id_lang`,`name`)
) ENGINE=InnoDB DEFAULT CHARSET=utf8;

--
-- Dumping data for table `ps_feature_lang`
--

INSERT INTO `ps_feature_lang` (`id_feature`, `id_lang`, `name`) VALUES (3,1,'Depth'),(5,1,'Headphone'),(1,1,'Height'),(4,1,'Weight'),(2,1,'Width'),(3,2,'Depth'),(5,2,'Headphone'),(1,2,'Height'),(4,2,'Weight'),(2,2,'Width'),(3,3,'Depth'),(5,3,'Headphone'),(1,3,'Height'),(4,3,'Weight'),(2,3,'Width');

--
-- Table structure for table `ps_feature_product`
--

CREATE TABLE `ps_feature_product` (
  `id_feature` int(10) unsigned NOT NULL,
  `id_product` int(10) unsigned NOT NULL,
  `id_feature_value` int(10) unsigned NOT NULL,
  PRIMARY KEY (`id_feature`,`id_product`),
  KEY `id_feature_value` (`id_feature_value`),
  KEY `id_product` (`id_product`)
) ENGINE=InnoDB DEFAULT CHARSET=utf8;

--
-- Dumping data for table `ps_feature_product`
--


--
-- Table structure for table `ps_feature_shop`
--

CREATE TABLE `ps_feature_shop` (
  `id_feature` int(11) unsigned NOT NULL,
  `id_shop` int(11) unsigned NOT NULL,
  PRIMARY KEY (`id_feature`,`id_shop`),
  KEY `id_shop` (`id_shop`)
) ENGINE=InnoDB DEFAULT CHARSET=utf8;

--
-- Dumping data for table `ps_feature_shop`
--

INSERT INTO `ps_feature_shop` (`id_feature`, `id_shop`) VALUES (1,1),(2,1),(3,1),(4,1),(5,1);

--
-- Table structure for table `ps_feature_value`
--

CREATE TABLE `ps_feature_value` (
  `id_feature_value` int(10) unsigned NOT NULL AUTO_INCREMENT,
  `id_feature` int(10) unsigned NOT NULL,
  `custom` tinyint(3) unsigned DEFAULT NULL,
  PRIMARY KEY (`id_feature_value`),
  KEY `feature` (`id_feature`)
) ENGINE=InnoDB AUTO_INCREMENT=15 DEFAULT CHARSET=utf8;

--
-- Dumping data for table `ps_feature_value`
--

INSERT INTO `ps_feature_value` (`id_feature_value`, `id_feature`, `custom`) VALUES (1,5,0),(2,5,0),(3,1,1),(4,2,1),(5,4,1),(6,3,1),(7,1,1),(8,2,1),(9,4,1),(10,3,1),(11,1,1),(12,2,1),(13,4,1),(14,3,1);

--
-- Table structure for table `ps_feature_value_lang`
--

CREATE TABLE `ps_feature_value_lang` (
  `id_feature_value` int(10) unsigned NOT NULL,
  `id_lang` int(10) unsigned NOT NULL,
  `value` varchar(255) DEFAULT NULL,
  PRIMARY KEY (`id_feature_value`,`id_lang`)
) ENGINE=InnoDB DEFAULT CHARSET=utf8;

--
-- Dumping data for table `ps_feature_value_lang`
--

INSERT INTO `ps_feature_value_lang` (`id_feature_value`, `id_lang`, `value`) VALUES (1,1,'Jack stereo'),(1,2,'Jack stereo'),(1,3,'Jack stereo'),(2,1,'Mini-jack stereo'),(2,2,'Mini-jack stereo'),(2,3,'Mini-jack stereo'),(3,1,'2.75 in'),(3,2,'2.75 in'),(3,3,'2.75 in'),(4,1,'2.06 in'),(4,2,'2.06 in'),(4,3,'2.06 in'),(5,1,'49.2 g'),(5,2,'49.2 g'),(5,3,'49.2 g'),(6,1,'0.26 in'),(6,2,'0.26 in'),(6,3,'0.26 in'),(7,1,'1.07 in'),(7,2,'1.07 in'),(7,3,'1.07 in'),(8,1,'1.62 in'),(8,2,'1.62 in'),(8,3,'1.62 in'),(9,1,'15.5 g'),(9,2,'15.5 g'),(9,3,'15.5 g'),(10,1,'0.41 in (clip included)'),(10,2,'0.41 in (clip included)'),(10,3,'0.41 in (clip included)'),(11,1,'4.33 in'),(11,2,'4.33 in'),(11,3,'4.33 in'),(12,1,'2.76 in'),(12,2,'2.76 in'),(12,3,'2.76 in'),(13,1,'120g'),(13,2,'120g'),(13,3,'120g'),(14,1,'0.31 in'),(14,2,'0.31 in'),(14,3,'0.31 in');

--
-- Table structure for table `ps_gender`
--

CREATE TABLE `ps_gender` (
  `id_gender` int(11) NOT NULL AUTO_INCREMENT,
  `type` tinyint(1) NOT NULL,
  PRIMARY KEY (`id_gender`)
) ENGINE=InnoDB AUTO_INCREMENT=3 DEFAULT CHARSET=utf8;

--
-- Dumping data for table `ps_gender`
--

INSERT INTO `ps_gender` (`id_gender`, `type`) VALUES (1,0),(2,1);

--
-- Table structure for table `ps_gender_lang`
--

CREATE TABLE `ps_gender_lang` (
  `id_gender` int(10) unsigned NOT NULL,
  `id_lang` int(10) unsigned NOT NULL,
  `name` varchar(20) NOT NULL,
  PRIMARY KEY (`id_gender`,`id_lang`),
  KEY `id_gender` (`id_gender`)
) ENGINE=InnoDB DEFAULT CHARSET=utf8;

--
-- Dumping data for table `ps_gender_lang`
--

INSERT INTO `ps_gender_lang` (`id_gender`, `id_lang`, `name`) VALUES (1,1,'Mr.'),(1,2,'Mr.'),(1,3,'Mr.'),(2,1,'Mrs.'),(2,2,'Mrs.'),(2,3,'Mrs.');

--
-- Table structure for table `ps_group`
--

CREATE TABLE `ps_group` (
  `id_group` int(10) unsigned NOT NULL AUTO_INCREMENT,
  `reduction` decimal(17,2) NOT NULL DEFAULT '0.00',
  `price_display_method` tinyint(4) NOT NULL DEFAULT '0',
  `show_prices` tinyint(1) unsigned NOT NULL DEFAULT '1',
  `date_add` datetime NOT NULL,
  `date_upd` datetime NOT NULL,
  PRIMARY KEY (`id_group`)
) ENGINE=InnoDB AUTO_INCREMENT=4 DEFAULT CHARSET=utf8;

--
-- Dumping data for table `ps_group`
--

INSERT INTO `ps_group` (`id_group`, `reduction`, `price_display_method`, `show_prices`, `date_add`, `date_upd`) VALUES (1,0.00,1,1,'2014-01-24 18:57:58','2014-01-24 18:57:58'),(2,0.00,1,1,'2014-01-24 18:57:58','2014-01-24 18:57:58'),(3,0.00,1,1,'2014-01-24 18:57:58','2014-01-24 18:57:58');

--
-- Table structure for table `ps_group_lang`
--

CREATE TABLE `ps_group_lang` (
  `id_group` int(10) unsigned NOT NULL,
  `id_lang` int(10) unsigned NOT NULL,
  `name` varchar(32) NOT NULL,
  PRIMARY KEY (`id_group`,`id_lang`)
) ENGINE=InnoDB DEFAULT CHARSET=utf8;

--
-- Dumping data for table `ps_group_lang`
--

INSERT INTO `ps_group_lang` (`id_group`, `id_lang`, `name`) VALUES (1,1,'Visitor'),(1,2,'Visitor'),(1,3,'Visitor'),(2,1,'Guest'),(2,2,'Guest'),(2,3,'Guest'),(3,1,'Customer'),(3,2,'Customer'),(3,3,'Customer');

--
-- Table structure for table `ps_group_reduction`
--

CREATE TABLE `ps_group_reduction` (
  `id_group_reduction` mediumint(8) unsigned NOT NULL AUTO_INCREMENT,
  `id_group` int(10) unsigned NOT NULL,
  `id_category` int(10) unsigned NOT NULL,
  `reduction` decimal(4,3) NOT NULL,
  PRIMARY KEY (`id_group_reduction`),
  UNIQUE KEY `id_group` (`id_group`,`id_category`)
) ENGINE=InnoDB DEFAULT CHARSET=utf8;

--
-- Dumping data for table `ps_group_reduction`
--


--
-- Table structure for table `ps_group_shop`
--

CREATE TABLE `ps_group_shop` (
  `id_group` int(11) unsigned NOT NULL,
  `id_shop` int(11) unsigned NOT NULL,
  PRIMARY KEY (`id_group`,`id_shop`),
  KEY `id_shop` (`id_shop`)
) ENGINE=InnoDB DEFAULT CHARSET=utf8;

--
-- Dumping data for table `ps_group_shop`
--

INSERT INTO `ps_group_shop` (`id_group`, `id_shop`) VALUES (1,1),(2,1),(3,1);

--
-- Table structure for table `ps_guest`
--

CREATE TABLE `ps_guest` (
  `id_guest` int(10) unsigned NOT NULL AUTO_INCREMENT,
  `id_operating_system` int(10) unsigned DEFAULT NULL,
  `id_web_browser` int(10) unsigned DEFAULT NULL,
  `id_customer` int(10) unsigned DEFAULT NULL,
  `javascript` tinyint(1) DEFAULT '0',
  `screen_resolution_x` smallint(5) unsigned DEFAULT NULL,
  `screen_resolution_y` smallint(5) unsigned DEFAULT NULL,
  `screen_color` tinyint(3) unsigned DEFAULT NULL,
  `sun_java` tinyint(1) DEFAULT NULL,
  `adobe_flash` tinyint(1) DEFAULT NULL,
  `adobe_director` tinyint(1) DEFAULT NULL,
  `apple_quicktime` tinyint(1) DEFAULT NULL,
  `real_player` tinyint(1) DEFAULT NULL,
  `windows_media` tinyint(1) DEFAULT NULL,
  `accept_language` varchar(8) DEFAULT NULL,
  `mobile_theme` tinyint(1) NOT NULL DEFAULT '0',
  PRIMARY KEY (`id_guest`),
  KEY `id_customer` (`id_customer`),
  KEY `id_operating_system` (`id_operating_system`),
  KEY `id_web_browser` (`id_web_browser`)
) ENGINE=InnoDB AUTO_INCREMENT=444 DEFAULT CHARSET=utf8;

--
-- Dumping data for table `ps_guest`
--

INSERT INTO `ps_guest` (`id_guest`, `id_operating_system`, `id_web_browser`, `id_customer`, `javascript`, `screen_resolution_x`, `screen_resolution_y`, `screen_color`, `sun_java`, `adobe_flash`, `adobe_director`, `apple_quicktime`, `real_player`, `windows_media`, `accept_language`, `mobile_theme`) VALUES (1,0,0,1,1,1680,1050,32,1,1,0,1,1,0,'en-us',0),(2,3,3,2,0,0,0,0,0,0,0,0,0,0,'',0),(3,3,3,0,0,0,0,0,0,0,0,0,0,0,'',0),(4,3,3,0,0,0,0,0,0,0,0,0,0,0,'',0),(5,3,3,0,0,0,0,0,0,0,0,0,0,0,'',0),(6,3,3,0,0,0,0,0,0,0,0,0,0,0,'',0),(7,3,3,0,0,0,0,0,0,0,0,0,0,0,'',0),(8,3,3,0,0,0,0,0,0,0,0,0,0,0,'',0),(9,3,3,0,0,0,0,0,0,0,0,0,0,0,'',0),(10,3,3,0,0,0,0,0,0,0,0,0,0,0,'',0),(11,3,3,0,0,0,0,0,0,0,0,0,0,0,'',0),(12,3,3,0,0,0,0,0,0,0,0,0,0,0,'',0),(13,3,3,0,0,0,0,0,0,0,0,0,0,0,'',0),(14,3,3,0,0,0,0,0,0,0,0,0,0,0,'',0),(15,3,3,0,0,0,0,0,0,0,0,0,0,0,'',0),(16,3,3,0,0,0,0,0,0,0,0,0,0,0,'',0),(17,3,3,0,0,0,0,0,0,0,0,0,0,0,'',0),(18,3,3,0,0,0,0,0,0,0,0,0,0,0,'',0),(19,3,3,0,0,0,0,0,0,0,0,0,0,0,'',0),(20,3,3,0,0,0,0,0,0,0,0,0,0,0,'',0),(21,3,3,0,0,0,0,0,0,0,0,0,0,0,'',0),(22,3,3,0,0,0,0,0,0,0,0,0,0,0,'',0),(23,3,3,0,0,0,0,0,0,0,0,0,0,0,'',0),(24,3,3,0,0,0,0,0,0,0,0,0,0,0,'',0),(25,3,3,0,0,0,0,0,0,0,0,0,0,0,'',0),(26,3,3,0,0,0,0,0,0,0,0,0,0,0,'',0),(27,3,3,0,0,0,0,0,0,0,0,0,0,0,'',0),(28,3,3,0,0,0,0,0,0,0,0,0,0,0,'',0),(29,3,3,0,0,0,0,0,0,0,0,0,0,0,'',0),(30,3,3,0,0,0,0,0,0,0,0,0,0,0,'',0),(31,3,3,0,0,0,0,0,0,0,0,0,0,0,'',0),(32,3,3,0,0,0,0,0,0,0,0,0,0,0,'',0),(33,3,3,0,0,0,0,0,0,0,0,0,0,0,'',0),(34,3,3,0,0,0,0,0,0,0,0,0,0,0,'',0),(35,3,3,0,0,0,0,0,0,0,0,0,0,0,'',0),(36,3,3,0,0,0,0,0,0,0,0,0,0,0,'',0),(37,3,3,0,0,0,0,0,0,0,0,0,0,0,'',0),(38,3,3,0,0,0,0,0,0,0,0,0,0,0,'',0),(39,3,3,0,0,0,0,0,0,0,0,0,0,0,'',0),(40,3,3,0,0,0,0,0,0,0,0,0,0,0,'',0),(41,3,3,0,0,0,0,0,0,0,0,0,0,0,'',0),(42,3,3,0,0,0,0,0,0,0,0,0,0,0,'',0),(43,3,3,0,0,0,0,0,0,0,0,0,0,0,'',0),(44,3,3,0,0,0,0,0,0,0,0,0,0,0,'',0),(45,3,3,0,0,0,0,0,0,0,0,0,0,0,'',0),(46,3,3,0,0,0,0,0,0,0,0,0,0,0,'',0),(47,3,3,0,0,0,0,0,0,0,0,0,0,0,'',0),(48,3,3,0,0,0,0,0,0,0,0,0,0,0,'',0),(49,3,3,0,0,0,0,0,0,0,0,0,0,0,'',0),(50,3,3,0,0,0,0,0,0,0,0,0,0,0,'',0),(51,3,3,0,0,0,0,0,0,0,0,0,0,0,'',0),(52,3,3,0,0,0,0,0,0,0,0,0,0,0,'',0),(53,3,3,0,0,0,0,0,0,0,0,0,0,0,'',0),(54,3,3,0,0,0,0,0,0,0,0,0,0,0,'',0),(55,3,3,0,0,0,0,0,0,0,0,0,0,0,'',0),(56,3,3,0,0,0,0,0,0,0,0,0,0,0,'',0),(57,3,3,0,0,0,0,0,0,0,0,0,0,0,'',0),(58,3,3,0,0,0,0,0,0,0,0,0,0,0,'',0),(59,3,3,0,0,0,0,0,0,0,0,0,0,0,'',0),(60,3,3,0,0,0,0,0,0,0,0,0,0,0,'',0),(61,3,3,0,0,0,0,0,0,0,0,0,0,0,'',0),(62,3,3,0,0,0,0,0,0,0,0,0,0,0,'',0),(63,3,3,0,0,0,0,0,0,0,0,0,0,0,'',0),(64,3,3,0,0,0,0,0,0,0,0,0,0,0,'',0),(65,3,3,0,0,0,0,0,0,0,0,0,0,0,'',0),(66,3,3,0,0,0,0,0,0,0,0,0,0,0,'',0),(67,3,3,0,0,0,0,0,0,0,0,0,0,0,'',0),(68,3,3,0,0,0,0,0,0,0,0,0,0,0,'',0),(69,3,3,0,0,0,0,0,0,0,0,0,0,0,'',0),(70,3,3,0,0,0,0,0,0,0,0,0,0,0,'',0),(71,3,3,0,0,0,0,0,0,0,0,0,0,0,'',0),(72,3,3,0,0,0,0,0,0,0,0,0,0,0,'',0),(73,3,3,0,0,0,0,0,0,0,0,0,0,0,'',0),(74,3,3,0,0,0,0,0,0,0,0,0,0,0,'',0),(75,3,3,0,0,0,0,0,0,0,0,0,0,0,'',0),(76,3,3,0,0,0,0,0,0,0,0,0,0,0,'',0),(77,3,3,0,0,0,0,0,0,0,0,0,0,0,'',0),(78,3,3,0,0,0,0,0,0,0,0,0,0,0,'',0),(79,3,3,0,0,0,0,0,0,0,0,0,0,0,'',0),(80,3,3,0,0,0,0,0,0,0,0,0,0,0,'',0),(81,3,3,0,0,0,0,0,0,0,0,0,0,0,'',0),(82,3,3,0,0,0,0,0,0,0,0,0,0,0,'',0),(83,3,3,0,0,0,0,0,0,0,0,0,0,0,'',0),(84,3,3,0,0,0,0,0,0,0,0,0,0,0,'',0),(85,3,3,0,0,0,0,0,0,0,0,0,0,0,'',0),(86,3,3,0,0,0,0,0,0,0,0,0,0,0,'',0),(87,3,3,0,0,0,0,0,0,0,0,0,0,0,'',0),(88,3,3,0,0,0,0,0,0,0,0,0,0,0,'',0),(89,3,3,0,0,0,0,0,0,0,0,0,0,0,'',0),(90,3,3,0,0,0,0,0,0,0,0,0,0,0,'',0),(91,3,3,0,0,0,0,0,0,0,0,0,0,0,'',0),(92,3,3,0,0,0,0,0,0,0,0,0,0,0,'',0),(93,3,3,0,0,0,0,0,0,0,0,0,0,0,'',0),(94,3,3,0,0,0,0,0,0,0,0,0,0,0,'',0),(95,3,3,0,0,0,0,0,0,0,0,0,0,0,'',0),(96,3,3,0,0,0,0,0,0,0,0,0,0,0,'',0),(97,3,3,0,0,0,0,0,0,0,0,0,0,0,'',0),(98,3,3,0,0,0,0,0,0,0,0,0,0,0,'',0),(99,3,3,0,0,0,0,0,0,0,0,0,0,0,'',0),(100,3,3,0,0,0,0,0,0,0,0,0,0,0,'',0),(101,3,3,0,0,0,0,0,0,0,0,0,0,0,'',0),(102,3,3,0,0,0,0,0,0,0,0,0,0,0,'',0),(103,3,3,0,0,0,0,0,0,0,0,0,0,0,'',0),(104,3,3,0,0,0,0,0,0,0,0,0,0,0,'',0),(105,3,3,0,0,0,0,0,0,0,0,0,0,0,'',0),(106,3,3,0,0,0,0,0,0,0,0,0,0,0,'',0),(107,3,3,0,0,0,0,0,0,0,0,0,0,0,'',0),(108,3,3,0,0,0,0,0,0,0,0,0,0,0,'',0),(109,3,3,0,0,0,0,0,0,0,0,0,0,0,'',0),(110,3,3,0,0,0,0,0,0,0,0,0,0,0,'',0),(111,3,3,0,0,0,0,0,0,0,0,0,0,0,'',0),(112,3,3,0,0,0,0,0,0,0,0,0,0,0,'',0),(113,3,3,0,0,0,0,0,0,0,0,0,0,0,'',0),(114,3,3,0,0,0,0,0,0,0,0,0,0,0,'',0),(115,3,3,0,0,0,0,0,0,0,0,0,0,0,'',0),(116,3,3,0,0,0,0,0,0,0,0,0,0,0,'',0),(117,3,3,0,0,0,0,0,0,0,0,0,0,0,'',0),(118,3,3,0,0,0,0,0,0,0,0,0,0,0,'',0),(119,3,3,0,0,0,0,0,0,0,0,0,0,0,'',0),(120,3,3,0,0,0,0,0,0,0,0,0,0,0,'',0),(121,3,3,0,0,0,0,0,0,0,0,0,0,0,'',0),(122,3,3,0,0,0,0,0,0,0,0,0,0,0,'',0),(123,3,3,0,0,0,0,0,0,0,0,0,0,0,'',0),(124,3,3,0,0,0,0,0,0,0,0,0,0,0,'',0),(125,3,3,0,0,0,0,0,0,0,0,0,0,0,'',0),(126,3,3,0,0,0,0,0,0,0,0,0,0,0,'',0),(127,3,3,0,0,0,0,0,0,0,0,0,0,0,'',0),(128,3,3,0,0,0,0,0,0,0,0,0,0,0,'',0),(129,3,3,0,0,0,0,0,0,0,0,0,0,0,'',0),(130,3,3,0,0,0,0,0,0,0,0,0,0,0,'',0),(131,3,3,0,0,0,0,0,0,0,0,0,0,0,'',0),(132,3,3,0,0,0,0,0,0,0,0,0,0,0,'',0),(133,3,3,0,0,0,0,0,0,0,0,0,0,0,'',0),(134,3,3,0,0,0,0,0,0,0,0,0,0,0,'',0),(135,3,3,0,0,0,0,0,0,0,0,0,0,0,'',0),(136,3,3,0,0,0,0,0,0,0,0,0,0,0,'',0),(137,3,3,0,0,0,0,0,0,0,0,0,0,0,'',0),(138,3,3,0,0,0,0,0,0,0,0,0,0,0,'',0),(139,3,3,0,0,0,0,0,0,0,0,0,0,0,'',0),(140,3,3,0,0,0,0,0,0,0,0,0,0,0,'',0),(141,3,3,0,0,0,0,0,0,0,0,0,0,0,'',0),(142,3,3,0,0,0,0,0,0,0,0,0,0,0,'',0),(143,3,3,0,0,0,0,0,0,0,0,0,0,0,'',0),(144,3,3,0,0,0,0,0,0,0,0,0,0,0,'',0),(145,3,3,0,0,0,0,0,0,0,0,0,0,0,'',0),(146,3,3,0,0,0,0,0,0,0,0,0,0,0,'',0),(147,3,3,0,0,0,0,0,0,0,0,0,0,0,'',0),(148,3,3,0,0,0,0,0,0,0,0,0,0,0,'',0),(149,3,3,0,0,0,0,0,0,0,0,0,0,0,'',0),(150,3,3,0,0,0,0,0,0,0,0,0,0,0,'',0),(151,3,3,0,0,0,0,0,0,0,0,0,0,0,'',0),(152,3,3,0,0,0,0,0,0,0,0,0,0,0,'',0),(153,3,3,0,0,0,0,0,0,0,0,0,0,0,'',0),(154,3,3,0,0,0,0,0,0,0,0,0,0,0,'',0),(155,3,3,0,0,0,0,0,0,0,0,0,0,0,'',0),(156,3,3,0,0,0,0,0,0,0,0,0,0,0,'',0),(157,3,3,0,0,0,0,0,0,0,0,0,0,0,'',0),(158,3,3,0,0,0,0,0,0,0,0,0,0,0,'',0),(159,3,3,0,0,0,0,0,0,0,0,0,0,0,'',0),(160,3,3,0,0,0,0,0,0,0,0,0,0,0,'',0),(161,3,3,0,0,0,0,0,0,0,0,0,0,0,'',0),(162,3,3,0,0,0,0,0,0,0,0,0,0,0,'',0),(163,3,3,0,0,0,0,0,0,0,0,0,0,0,'',0),(164,3,3,0,0,0,0,0,0,0,0,0,0,0,'',0),(165,3,3,0,0,0,0,0,0,0,0,0,0,0,'',0),(166,3,3,0,0,0,0,0,0,0,0,0,0,0,'',0),(167,3,3,0,0,0,0,0,0,0,0,0,0,0,'',0),(168,3,3,0,0,0,0,0,0,0,0,0,0,0,'',0),(169,3,3,0,0,0,0,0,0,0,0,0,0,0,'',0),(170,3,3,0,0,0,0,0,0,0,0,0,0,0,'',0),(171,3,3,0,0,0,0,0,0,0,0,0,0,0,'',0),(172,3,3,0,0,0,0,0,0,0,0,0,0,0,'',0),(173,3,3,0,0,0,0,0,0,0,0,0,0,0,'',0),(174,3,3,0,0,0,0,0,0,0,0,0,0,0,'',0),(175,3,3,0,0,0,0,0,0,0,0,0,0,0,'',0),(176,3,3,0,0,0,0,0,0,0,0,0,0,0,'',0),(177,3,3,0,0,0,0,0,0,0,0,0,0,0,'',0),(178,3,3,0,0,0,0,0,0,0,0,0,0,0,'',0),(179,3,3,0,0,0,0,0,0,0,0,0,0,0,'',0),(180,3,3,0,0,0,0,0,0,0,0,0,0,0,'',0),(181,3,3,0,0,0,0,0,0,0,0,0,0,0,'',0),(182,3,3,0,0,0,0,0,0,0,0,0,0,0,'',0),(183,3,3,0,0,0,0,0,0,0,0,0,0,0,'',0),(184,3,3,0,0,0,0,0,0,0,0,0,0,0,'',0),(185,3,3,0,0,0,0,0,0,0,0,0,0,0,'',0),(186,3,3,0,0,0,0,0,0,0,0,0,0,0,'',0),(187,3,3,0,0,0,0,0,0,0,0,0,0,0,'',0),(188,3,3,0,0,0,0,0,0,0,0,0,0,0,'',0),(189,3,3,0,0,0,0,0,0,0,0,0,0,0,'',0),(190,3,3,0,0,0,0,0,0,0,0,0,0,0,'',0),(191,3,3,0,0,0,0,0,0,0,0,0,0,0,'',0),(192,3,3,0,0,0,0,0,0,0,0,0,0,0,'',0),(193,3,3,0,0,0,0,0,0,0,0,0,0,0,'',0),(194,3,3,0,0,0,0,0,0,0,0,0,0,0,'',0),(195,3,3,0,0,0,0,0,0,0,0,0,0,0,'',0),(196,3,3,0,0,0,0,0,0,0,0,0,0,0,'',0),(197,3,3,0,0,0,0,0,0,0,0,0,0,0,'',0),(198,3,3,0,0,0,0,0,0,0,0,0,0,0,'',0),(199,3,3,0,0,0,0,0,0,0,0,0,0,0,'',0),(200,3,3,0,0,0,0,0,0,0,0,0,0,0,'',0),(201,3,3,0,0,0,0,0,0,0,0,0,0,0,'',0),(202,3,3,0,0,0,0,0,0,0,0,0,0,0,'',0),(203,3,3,0,0,0,0,0,0,0,0,0,0,0,'',0),(204,3,3,0,0,0,0,0,0,0,0,0,0,0,'',0),(205,3,3,0,0,0,0,0,0,0,0,0,0,0,'',0),(206,3,3,0,0,0,0,0,0,0,0,0,0,0,'',0),(207,3,3,0,0,0,0,0,0,0,0,0,0,0,'',0),(208,3,3,0,0,0,0,0,0,0,0,0,0,0,'',0),(209,3,3,0,0,0,0,0,0,0,0,0,0,0,'',0),(210,3,3,0,0,0,0,0,0,0,0,0,0,0,'',0),(211,3,3,0,0,0,0,0,0,0,0,0,0,0,'',0),(212,3,3,0,0,0,0,0,0,0,0,0,0,0,'',0),(213,3,3,0,0,0,0,0,0,0,0,0,0,0,'',0),(214,3,3,0,0,0,0,0,0,0,0,0,0,0,'',0),(215,3,3,0,0,0,0,0,0,0,0,0,0,0,'',0),(216,3,3,0,0,0,0,0,0,0,0,0,0,0,'',0),(217,3,3,0,0,0,0,0,0,0,0,0,0,0,'',0),(218,3,3,0,0,0,0,0,0,0,0,0,0,0,'',0),(219,3,3,0,0,0,0,0,0,0,0,0,0,0,'',0),(220,3,3,0,0,0,0,0,0,0,0,0,0,0,'',0),(221,3,3,0,0,0,0,0,0,0,0,0,0,0,'',0),(222,3,3,0,0,0,0,0,0,0,0,0,0,0,'',0),(223,3,3,0,0,0,0,0,0,0,0,0,0,0,'',0),(224,3,3,0,0,0,0,0,0,0,0,0,0,0,'',0),(225,3,3,0,0,0,0,0,0,0,0,0,0,0,'',0),(226,3,3,0,0,0,0,0,0,0,0,0,0,0,'',0),(227,3,3,0,0,0,0,0,0,0,0,0,0,0,'',0),(228,3,3,0,0,0,0,0,0,0,0,0,0,0,'',0),(229,3,3,0,0,0,0,0,0,0,0,0,0,0,'',0),(230,3,3,0,0,0,0,0,0,0,0,0,0,0,'',0),(231,3,3,0,0,0,0,0,0,0,0,0,0,0,'',0),(232,3,3,0,0,0,0,0,0,0,0,0,0,0,'',0),(233,3,3,0,0,0,0,0,0,0,0,0,0,0,'',0),(234,3,3,0,0,0,0,0,0,0,0,0,0,0,'',0),(235,3,3,0,0,0,0,0,0,0,0,0,0,0,'',0),(236,3,3,0,0,0,0,0,0,0,0,0,0,0,'',0),(237,3,3,0,0,0,0,0,0,0,0,0,0,0,'',0),(238,3,3,0,0,0,0,0,0,0,0,0,0,0,'',0),(239,3,3,0,0,0,0,0,0,0,0,0,0,0,'',0),(240,3,3,0,0,0,0,0,0,0,0,0,0,0,'',0),(241,3,3,0,0,0,0,0,0,0,0,0,0,0,'',0),(242,3,3,0,0,0,0,0,0,0,0,0,0,0,'',0),(243,3,3,0,0,0,0,0,0,0,0,0,0,0,'',0),(244,3,3,0,0,0,0,0,0,0,0,0,0,0,'',0),(245,3,3,0,0,0,0,0,0,0,0,0,0,0,'',0),(246,3,3,0,0,0,0,0,0,0,0,0,0,0,'',0),(247,3,3,0,0,0,0,0,0,0,0,0,0,0,'',0),(248,3,3,0,0,0,0,0,0,0,0,0,0,0,'',0),(249,3,3,0,0,0,0,0,0,0,0,0,0,0,'',0),(250,3,3,0,0,0,0,0,0,0,0,0,0,0,'',0),(251,3,3,0,0,0,0,0,0,0,0,0,0,0,'',0),(252,3,3,0,0,0,0,0,0,0,0,0,0,0,'',0),(253,3,3,0,0,0,0,0,0,0,0,0,0,0,'',0),(254,3,3,0,0,0,0,0,0,0,0,0,0,0,'',0),(255,3,3,0,0,0,0,0,0,0,0,0,0,0,'',0),(256,3,3,0,0,0,0,0,0,0,0,0,0,0,'',0),(257,3,3,0,0,0,0,0,0,0,0,0,0,0,'',0),(258,3,3,0,0,0,0,0,0,0,0,0,0,0,'',0),(259,3,3,0,0,0,0,0,0,0,0,0,0,0,'',0),(260,3,3,0,0,0,0,0,0,0,0,0,0,0,'',0),(261,3,3,0,0,0,0,0,0,0,0,0,0,0,'',0),(262,3,3,0,0,0,0,0,0,0,0,0,0,0,'',0),(263,3,3,0,0,0,0,0,0,0,0,0,0,0,'',0),(264,3,3,0,0,0,0,0,0,0,0,0,0,0,'',0),(265,3,3,0,0,0,0,0,0,0,0,0,0,0,'',0),(266,3,3,0,0,0,0,0,0,0,0,0,0,0,'',0),(267,3,3,0,0,0,0,0,0,0,0,0,0,0,'',0),(268,3,3,0,0,0,0,0,0,0,0,0,0,0,'',0),(269,3,3,0,0,0,0,0,0,0,0,0,0,0,'',0),(270,3,3,0,0,0,0,0,0,0,0,0,0,0,'',0),(271,3,3,0,0,0,0,0,0,0,0,0,0,0,'',0),(272,3,3,0,0,0,0,0,0,0,0,0,0,0,'',0),(273,3,3,0,0,0,0,0,0,0,0,0,0,0,'',0),(274,3,3,0,0,0,0,0,0,0,0,0,0,0,'',0),(275,3,3,0,0,0,0,0,0,0,0,0,0,0,'',0),(276,3,3,0,0,0,0,0,0,0,0,0,0,0,'',0),(277,3,3,0,0,0,0,0,0,0,0,0,0,0,'',0),(278,3,3,0,0,0,0,0,0,0,0,0,0,0,'',0),(279,3,3,0,0,0,0,0,0,0,0,0,0,0,'',0),(280,3,3,0,0,0,0,0,0,0,0,0,0,0,'',0),(281,3,3,0,0,0,0,0,0,0,0,0,0,0,'',0),(282,3,3,0,0,0,0,0,0,0,0,0,0,0,'',0),(283,3,3,0,0,0,0,0,0,0,0,0,0,0,'',0),(284,3,3,0,0,0,0,0,0,0,0,0,0,0,'',0),(285,3,3,0,0,0,0,0,0,0,0,0,0,0,'',0),(286,3,3,0,0,0,0,0,0,0,0,0,0,0,'',0),(287,3,3,0,0,0,0,0,0,0,0,0,0,0,'',0),(288,3,3,0,0,0,0,0,0,0,0,0,0,0,'',0),(289,3,3,0,0,0,0,0,0,0,0,0,0,0,'',0),(290,3,3,0,0,0,0,0,0,0,0,0,0,0,'',0),(291,3,3,0,0,0,0,0,0,0,0,0,0,0,'',0),(292,3,3,0,0,0,0,0,0,0,0,0,0,0,'',0),(293,3,3,0,0,0,0,0,0,0,0,0,0,0,'',0),(294,3,3,0,0,0,0,0,0,0,0,0,0,0,'',0),(295,3,3,0,0,0,0,0,0,0,0,0,0,0,'',0),(296,3,3,0,0,0,0,0,0,0,0,0,0,0,'',0),(297,3,3,0,0,0,0,0,0,0,0,0,0,0,'',0),(298,3,3,0,0,0,0,0,0,0,0,0,0,0,'',0),(299,3,3,0,0,0,0,0,0,0,0,0,0,0,'',0),(300,3,3,0,0,0,0,0,0,0,0,0,0,0,'',0),(301,3,3,0,0,0,0,0,0,0,0,0,0,0,'',0),(302,3,3,0,0,0,0,0,0,0,0,0,0,0,'',0),(303,3,3,0,0,0,0,0,0,0,0,0,0,0,'',0),(304,3,3,0,0,0,0,0,0,0,0,0,0,0,'',0),(305,3,3,0,0,0,0,0,0,0,0,0,0,0,'',0),(306,3,3,0,0,0,0,0,0,0,0,0,0,0,'',0),(307,3,3,0,0,0,0,0,0,0,0,0,0,0,'',0),(308,3,3,0,0,0,0,0,0,0,0,0,0,0,'',0),(309,3,3,0,0,0,0,0,0,0,0,0,0,0,'',0),(310,3,3,0,0,0,0,0,0,0,0,0,0,0,'',0),(311,3,3,0,0,0,0,0,0,0,0,0,0,0,'',0),(312,3,3,0,0,0,0,0,0,0,0,0,0,0,'',0),(313,3,3,0,0,0,0,0,0,0,0,0,0,0,'',0),(314,3,3,0,0,0,0,0,0,0,0,0,0,0,'',0),(315,3,3,0,0,0,0,0,0,0,0,0,0,0,'',0),(316,3,3,0,0,0,0,0,0,0,0,0,0,0,'',0),(317,3,3,0,0,0,0,0,0,0,0,0,0,0,'',0),(318,3,3,0,0,0,0,0,0,0,0,0,0,0,'',0),(319,3,3,0,0,0,0,0,0,0,0,0,0,0,'',0),(320,3,3,0,0,0,0,0,0,0,0,0,0,0,'',0),(321,3,3,0,0,0,0,0,0,0,0,0,0,0,'',0),(322,3,3,0,0,0,0,0,0,0,0,0,0,0,'',0),(323,3,3,0,0,0,0,0,0,0,0,0,0,0,'',0),(324,3,3,0,0,0,0,0,0,0,0,0,0,0,'',0),(325,3,3,0,0,0,0,0,0,0,0,0,0,0,'',0),(326,3,3,0,0,0,0,0,0,0,0,0,0,0,'',0),(327,3,3,0,0,0,0,0,0,0,0,0,0,0,'',0),(328,3,3,0,0,0,0,0,0,0,0,0,0,0,'',0),(329,3,3,0,0,0,0,0,0,0,0,0,0,0,'',0),(330,3,3,0,0,0,0,0,0,0,0,0,0,0,'',0),(331,3,3,0,0,0,0,0,0,0,0,0,0,0,'',0),(332,3,3,0,0,0,0,0,0,0,0,0,0,0,'',0),(333,3,3,0,0,0,0,0,0,0,0,0,0,0,'',0),(334,3,3,0,0,0,0,0,0,0,0,0,0,0,'',0),(335,3,3,0,0,0,0,0,0,0,0,0,0,0,'',0),(336,3,3,0,0,0,0,0,0,0,0,0,0,0,'',0),(337,3,3,0,0,0,0,0,0,0,0,0,0,0,'',0),(338,3,3,0,0,0,0,0,0,0,0,0,0,0,'',0),(339,3,3,0,0,0,0,0,0,0,0,0,0,0,'',0),(340,3,3,0,0,0,0,0,0,0,0,0,0,0,'',0),(341,3,3,0,0,0,0,0,0,0,0,0,0,0,'',0),(342,3,3,0,0,0,0,0,0,0,0,0,0,0,'',0),(343,3,3,0,0,0,0,0,0,0,0,0,0,0,'',0),(344,3,3,0,0,0,0,0,0,0,0,0,0,0,'',0),(345,3,3,0,0,0,0,0,0,0,0,0,0,0,'',0),(346,3,3,0,0,0,0,0,0,0,0,0,0,0,'',0),(347,3,3,0,0,0,0,0,0,0,0,0,0,0,'',0),(348,3,3,0,0,0,0,0,0,0,0,0,0,0,'',0),(349,3,3,0,0,0,0,0,0,0,0,0,0,0,'',0),(350,3,3,0,0,0,0,0,0,0,0,0,0,0,'',0),(351,3,3,0,0,0,0,0,0,0,0,0,0,0,'',0),(352,3,3,0,0,0,0,0,0,0,0,0,0,0,'',0),(353,3,3,0,0,0,0,0,0,0,0,0,0,0,'',0),(354,3,3,0,0,0,0,0,0,0,0,0,0,0,'',0),(355,3,3,0,0,0,0,0,0,0,0,0,0,0,'',0),(356,3,3,0,0,0,0,0,0,0,0,0,0,0,'',0),(357,3,3,0,0,0,0,0,0,0,0,0,0,0,'',0),(358,3,3,0,0,0,0,0,0,0,0,0,0,0,'',0),(359,3,3,0,0,0,0,0,0,0,0,0,0,0,'',0),(360,3,3,0,0,0,0,0,0,0,0,0,0,0,'',0),(361,3,3,0,0,0,0,0,0,0,0,0,0,0,'',0),(362,3,3,0,0,0,0,0,0,0,0,0,0,0,'',0),(363,3,3,0,0,0,0,0,0,0,0,0,0,0,'',0),(364,3,3,0,0,0,0,0,0,0,0,0,0,0,'',0),(365,3,3,0,0,0,0,0,0,0,0,0,0,0,'',0),(366,3,3,0,0,0,0,0,0,0,0,0,0,0,'',0),(367,3,3,0,0,0,0,0,0,0,0,0,0,0,'',0),(368,3,3,0,0,0,0,0,0,0,0,0,0,0,'',0),(369,3,3,0,0,0,0,0,0,0,0,0,0,0,'',0),(370,3,3,0,0,0,0,0,0,0,0,0,0,0,'',0),(371,3,3,0,0,0,0,0,0,0,0,0,0,0,'',0),(372,3,3,0,0,0,0,0,0,0,0,0,0,0,'',0),(373,3,3,0,0,0,0,0,0,0,0,0,0,0,'',0),(374,3,3,0,0,0,0,0,0,0,0,0,0,0,'',0),(375,3,3,0,0,0,0,0,0,0,0,0,0,0,'',0),(376,3,3,0,0,0,0,0,0,0,0,0,0,0,'',0),(377,3,3,0,0,0,0,0,0,0,0,0,0,0,'',0),(378,3,3,0,0,0,0,0,0,0,0,0,0,0,'',0),(379,3,3,0,0,0,0,0,0,0,0,0,0,0,'',0),(380,3,3,0,0,0,0,0,0,0,0,0,0,0,'',0),(381,3,3,0,0,0,0,0,0,0,0,0,0,0,'',0),(382,3,3,0,0,0,0,0,0,0,0,0,0,0,'',0),(383,3,3,0,0,0,0,0,0,0,0,0,0,0,'',0),(384,3,3,0,0,0,0,0,0,0,0,0,0,0,'',0),(385,3,3,0,0,0,0,0,0,0,0,0,0,0,'',0),(386,3,3,0,0,0,0,0,0,0,0,0,0,0,'',0),(387,3,3,0,0,0,0,0,0,0,0,0,0,0,'',0),(388,3,3,0,0,0,0,0,0,0,0,0,0,0,'',0),(389,3,3,0,0,0,0,0,0,0,0,0,0,0,'',0),(390,3,3,0,0,0,0,0,0,0,0,0,0,0,'',0),(391,3,3,0,0,0,0,0,0,0,0,0,0,0,'',0),(392,3,3,0,0,0,0,0,0,0,0,0,0,0,'',0),(393,3,3,0,0,0,0,0,0,0,0,0,0,0,'',0),(394,3,3,0,0,0,0,0,0,0,0,0,0,0,'',0),(395,3,3,0,0,0,0,0,0,0,0,0,0,0,'',0),(396,3,3,0,0,0,0,0,0,0,0,0,0,0,'',0),(397,3,3,0,0,0,0,0,0,0,0,0,0,0,'',0),(398,3,3,0,0,0,0,0,0,0,0,0,0,0,'',0),(399,3,3,0,0,0,0,0,0,0,0,0,0,0,'',0),(400,3,3,0,0,0,0,0,0,0,0,0,0,0,'',0),(401,3,3,0,0,0,0,0,0,0,0,0,0,0,'',0),(402,3,3,0,0,0,0,0,0,0,0,0,0,0,'',0),(403,3,3,0,0,0,0,0,0,0,0,0,0,0,'',0),(404,3,3,0,0,0,0,0,0,0,0,0,0,0,'',0),(405,3,3,0,0,0,0,0,0,0,0,0,0,0,'',0),(406,3,3,0,0,0,0,0,0,0,0,0,0,0,'',0),(407,3,3,0,0,0,0,0,0,0,0,0,0,0,'',0),(408,3,3,0,0,0,0,0,0,0,0,0,0,0,'',0),(409,3,3,0,0,0,0,0,0,0,0,0,0,0,'',0),(410,3,3,0,0,0,0,0,0,0,0,0,0,0,'',0),(411,3,3,0,0,0,0,0,0,0,0,0,0,0,'',0),(412,3,3,0,0,0,0,0,0,0,0,0,0,0,'',0),(413,3,3,0,0,0,0,0,0,0,0,0,0,0,'',0),(414,3,3,0,0,0,0,0,0,0,0,0,0,0,'',0),(415,3,3,0,0,0,0,0,0,0,0,0,0,0,'',0),(416,3,3,0,0,0,0,0,0,0,0,0,0,0,'',0),(417,3,3,0,0,0,0,0,0,0,0,0,0,0,'',0),(418,3,3,0,0,0,0,0,0,0,0,0,0,0,'',0),(419,3,3,0,0,0,0,0,0,0,0,0,0,0,'',0),(420,3,3,0,0,0,0,0,0,0,0,0,0,0,'',0),(421,3,3,0,0,0,0,0,0,0,0,0,0,0,'',0),(422,3,3,0,0,0,0,0,0,0,0,0,0,0,'',0),(423,3,3,0,0,0,0,0,0,0,0,0,0,0,'',0),(424,3,3,0,0,0,0,0,0,0,0,0,0,0,'',0),(425,3,3,0,0,0,0,0,0,0,0,0,0,0,'',0),(426,3,3,0,0,0,0,0,0,0,0,0,0,0,'',0),(427,3,3,0,0,0,0,0,0,0,0,0,0,0,'',0),(428,3,3,0,0,0,0,0,0,0,0,0,0,0,'',0),(429,3,3,0,0,0,0,0,0,0,0,0,0,0,'',0),(430,3,3,0,0,0,0,0,0,0,0,0,0,0,'',0),(431,3,3,0,0,0,0,0,0,0,0,0,0,0,'',0),(432,3,3,0,0,0,0,0,0,0,0,0,0,0,'',0),(433,3,3,0,0,0,0,0,0,0,0,0,0,0,'',0),(434,3,3,0,0,0,0,0,0,0,0,0,0,0,'',0),(435,3,3,0,0,0,0,0,0,0,0,0,0,0,'',0),(436,3,3,0,0,0,0,0,0,0,0,0,0,0,'',0),(437,3,3,0,0,0,0,0,0,0,0,0,0,0,'',0),(438,3,3,0,0,0,0,0,0,0,0,0,0,0,'',0),(439,3,3,0,0,0,0,0,0,0,0,0,0,0,'',0),(440,3,3,0,0,0,0,0,0,0,0,0,0,0,'',0),(441,3,3,0,0,0,0,0,0,0,0,0,0,0,'',0),(442,3,3,0,0,0,0,0,0,0,0,0,0,0,'',0),(443,3,3,0,0,0,0,0,0,0,0,0,0,0,'',0);

--
-- Table structure for table `ps_help_access`
--

CREATE TABLE `ps_help_access` (
  `id_help_access` int(11) NOT NULL AUTO_INCREMENT,
  `label` varchar(45) NOT NULL,
  `version` varchar(8) NOT NULL,
  PRIMARY KEY (`id_help_access`),
  UNIQUE KEY `label` (`label`)
) ENGINE=InnoDB DEFAULT CHARSET=utf8;

--
-- Dumping data for table `ps_help_access`
--


--
-- Table structure for table `ps_homeslider`
--

CREATE TABLE `ps_homeslider` (
  `id_homeslider_slides` int(10) unsigned NOT NULL AUTO_INCREMENT,
  `id_shop` int(10) unsigned NOT NULL,
  PRIMARY KEY (`id_homeslider_slides`,`id_shop`)
) ENGINE=InnoDB AUTO_INCREMENT=6 DEFAULT CHARSET=utf8;

--
-- Dumping data for table `ps_homeslider`
--

INSERT INTO `ps_homeslider` (`id_homeslider_slides`, `id_shop`) VALUES (1,1),(2,1),(3,1),(4,1),(5,1);

--
-- Table structure for table `ps_homeslider_slides`
--

CREATE TABLE `ps_homeslider_slides` (
  `id_homeslider_slides` int(10) unsigned NOT NULL AUTO_INCREMENT,
  `position` int(10) unsigned NOT NULL DEFAULT '0',
  `active` tinyint(1) unsigned NOT NULL DEFAULT '0',
  PRIMARY KEY (`id_homeslider_slides`)
) ENGINE=InnoDB AUTO_INCREMENT=6 DEFAULT CHARSET=utf8;

--
-- Dumping data for table `ps_homeslider_slides`
--

INSERT INTO `ps_homeslider_slides` (`id_homeslider_slides`, `position`, `active`) VALUES (1,1,1),(2,2,1),(3,3,1),(4,4,1),(5,5,1);

--
-- Table structure for table `ps_homeslider_slides_lang`
--

CREATE TABLE `ps_homeslider_slides_lang` (
  `id_homeslider_slides` int(10) unsigned NOT NULL,
  `id_lang` int(10) unsigned NOT NULL,
  `title` varchar(255) NOT NULL,
  `description` text NOT NULL,
  `legend` varchar(255) NOT NULL,
  `url` varchar(255) NOT NULL,
  `image` varchar(255) NOT NULL,
  PRIMARY KEY (`id_homeslider_slides`,`id_lang`)
) ENGINE=InnoDB DEFAULT CHARSET=utf8;

--
-- Dumping data for table `ps_homeslider_slides_lang`
--

INSERT INTO `ps_homeslider_slides_lang` (`id_homeslider_slides`, `id_lang`, `title`, `description`, `legend`, `url`, `image`) VALUES (1,1,'Sample 1','This is a sample picture','sample-1','http://www.prestashop.com','sample-1.jpg'),(1,2,'Sample 1','This is a sample picture','sample-1','http://www.prestashop.com','sample-1.jpg'),(1,3,'Sample 1','This is a sample picture','sample-1','http://www.prestashop.com','sample-1.jpg'),(2,1,'Sample 2','This is a sample picture','sample-2','http://www.prestashop.com','sample-2.jpg'),(2,2,'Sample 2','This is a sample picture','sample-2','http://www.prestashop.com','sample-2.jpg'),(2,3,'Sample 2','This is a sample picture','sample-2','http://www.prestashop.com','sample-2.jpg'),(3,1,'Sample 3','This is a sample picture','sample-3','http://www.prestashop.com','sample-3.jpg'),(3,2,'Sample 3','This is a sample picture','sample-3','http://www.prestashop.com','sample-3.jpg'),(3,3,'Sample 3','This is a sample picture','sample-3','http://www.prestashop.com','sample-3.jpg'),(4,1,'Sample 4','This is a sample picture','sample-4','http://www.prestashop.com','sample-4.jpg'),(4,2,'Sample 4','This is a sample picture','sample-4','http://www.prestashop.com','sample-4.jpg'),(4,3,'Sample 4','This is a sample picture','sample-4','http://www.prestashop.com','sample-4.jpg'),(5,1,'Sample 5','This is a sample picture','sample-5','http://www.prestashop.com','sample-5.jpg'),(5,2,'Sample 5','This is a sample picture','sample-5','http://www.prestashop.com','sample-5.jpg'),(5,3,'Sample 5','This is a sample picture','sample-5','http://www.prestashop.com','sample-5.jpg');

--
-- Table structure for table `ps_hook`
--

CREATE TABLE `ps_hook` (
  `id_hook` int(10) unsigned NOT NULL AUTO_INCREMENT,
  `name` varchar(64) NOT NULL,
  `title` varchar(64) NOT NULL,
  `description` text,
  `position` tinyint(1) NOT NULL DEFAULT '1',
  `live_edit` tinyint(1) NOT NULL DEFAULT '0',
  PRIMARY KEY (`id_hook`),
  UNIQUE KEY `hook_name` (`name`)
) ENGINE=InnoDB AUTO_INCREMENT=132 DEFAULT CHARSET=utf8;

--
-- Dumping data for table `ps_hook`
--

INSERT INTO `ps_hook` (`id_hook`, `name`, `title`, `description`, `position`, `live_edit`) VALUES (1,'displayPayment','Payment','This hook displays new elements on the payment page',1,1),(2,'actionValidateOrder','New orders','',1,0),(3,'displayMaintenance','Maintenance Page','This hook displays new elements on the maintenance page',1,0),(4,'actionPaymentConfirmation','Payment confirmation','This hook displays new elements after the payment is validated',1,0),(5,'displayPaymentReturn','Payment return','',1,0),(6,'actionUpdateQuantity','Quantity update','Quantity is updated only when a customer effectively places their order',1,0),(7,'displayRightColumn','Right column blocks','This hook displays new elements in the right-hand column',1,1),(8,'displayLeftColumn','Left column blocks','This hook displays new elements in the left-hand column',1,1),(9,'displayHome','Homepage content','This hook displays new elements on the homepage',1,1),(10,'displayHeader','Pages header','This hook displays additional elements in the header of your pages',1,0),(11,'actionCartSave','Cart creation and update','This hook is displayed when a product is added to the cart or if the cart\'s content is modified',1,0),(12,'actionAuthentication','Successful customer authentication','This hook is displayed after a customer successfully signs in',1,0),(13,'actionProductAdd','Product creation','This hook is displayed after a product is created',1,0),(14,'actionProductUpdate','Product update','This hook is displayed after a product has been updated',1,0),(15,'displayTop','Top of pages','This hook displays  additional elements at the top of your pages',1,0),(16,'displayRightColumnProduct','New elements on the product page (right column)','This hook displays new elements in the right-hand column of the product page',1,0),(17,'actionProductDelete','Product deletion','This hook is called when a product is deleted',1,0),(18,'displayFooterProduct','Product footer','This hook adds new blocks under the product\'s description',1,1),(19,'displayInvoice','Invoice','This hook displays new blocks on the invoice (order)',1,0),(20,'actionOrderStatusUpdate','Order status update - Event','This hook launches modules when the status of an order changes.',1,0),(21,'displayAdminOrder','Display new elements in the Back Office, tab AdminOrder','This hook launches modules when the AdminOrder\" tab is displayed in the Back Office\"',1,0),(22,'displayFooter','Footer','This hook displays new blocks in the footer',1,0),(23,'displayPDFInvoice','PDF Invoice','This hook allows you to display additional information on PDF invoices',1,0),(24,'displayAdminCustomers','Display new elements in the Back Office, tab AdminCustomers','This hook launches modules when the AdminCustomers\" tab is displayed in the Back Office\"',1,0),(25,'displayOrderConfirmation','Order confirmation page','This hook is called within an order\'s confirmation page',1,0),(26,'actionCustomerAccountAdd','Successful customer account creation','This hook is called when a new customer creates an account successfully',1,0),(27,'displayCustomerAccount','Customer account displayed in Front Office','This hook displays new elements on the customer account page',1,0),(28,'actionOrderSlipAdd','Order slip creation','This hook is called when a new credit slip is added regarding client order',1,0),(29,'displayProductTab','Tabs on product page','This hook is called on the product page\'s tab',1,0),(30,'displayProductTabContent','Tabs content on the product page','This hook is called on the product page\'s tab',1,0),(31,'displayShoppingCartFooter','Shopping cart footer','This hook displays some specific information on the shopping cart\'s page',1,0),(32,'displayCustomerAccountForm','Customer account creation form','This hook displays some information on the form to create a customer account',1,0),(33,'displayAdminStatsModules','Stats - Modules','',1,0),(34,'displayAdminStatsGraphEngine','Graph engines','',1,0),(35,'actionOrderReturn','Returned product','This hook is displayed when a customer returns a product ',1,0),(36,'displayProductButtons','Product page actions','This hook adds new action buttons on the product page',1,0),(37,'displayBackOfficeHome','Administration panel homepage','This hook is displayed on the admin panel\'s homepage',1,0),(38,'displayAdminStatsGridEngine','Grid engines','',1,0),(39,'actionWatermark','Watermark','',1,0),(40,'actionProductCancel','Product cancelled','This hook is called when you cancel a product in an order',1,0),(41,'displayLeftColumnProduct','New elements on the product page (left column)','This hook displays new elements in the left-hand column of the product page',1,0),(42,'actionProductOutOfStock','Out-of-stock product','This hook displays new action buttons if a product is out of stock',1,0),(43,'actionProductAttributeUpdate','Product attribute update','This hook is displayed when a product\'s attribute is updated',1,0),(44,'displayCarrierList','Extra carrier (module mode)','',1,0),(45,'displayShoppingCart','Shopping cart - Additional button','This hook displays new action buttons within the shopping cart',1,0),(46,'actionSearch','Search','',1,0),(47,'displayBeforePayment','Redirect during the order process','This hook redirects the user to the module instead of displaying payment modules',1,0),(48,'actionCarrierUpdate','Carrier Update','This hook is called when a carrier is updated',1,0),(49,'actionOrderStatusPostUpdate','Post update of order status','',1,0),(50,'displayCustomerAccountFormTop','Block above the form for create an account','This hook is displayed above the customer\'s account creation form',1,0),(51,'displayBackOfficeHeader','Administration panel header','This hook is displayed in the header of the admin panel',1,0),(52,'displayBackOfficeTop','Administration panel hover the tabs','This hook is displayed on the roll hover of the tabs within the admin panel',1,0),(53,'displayBackOfficeFooter','Administration panel footer','This hook is displayed within the admin panel\'s footer',1,0),(54,'actionProductAttributeDelete','Product attribute deletion','This hook is displayed when a product\'s attribute is deleted',1,0),(55,'actionCarrierProcess','Carrier process','',1,0),(56,'actionOrderDetail','Order detail','This hook is used to set the follow-up in Smarty when an order\'s detail is called',1,0),(57,'displayBeforeCarrier','Before carriers list','This hook is displayed before the carrier list in Front Office',1,0),(58,'displayOrderDetail','Order detail','This hook is displayed within the order\'s details in Front Office',1,0),(59,'actionPaymentCCAdd','Payment CC added','',1,0),(60,'displayProductComparison','Extra product comparison','',1,0),(61,'actionCategoryAdd','Category creation','This hook is displayed when a category is created',1,0),(62,'actionCategoryUpdate','Category modification','This hook is displayed when a category is modified',1,0),(63,'actionCategoryDelete','Category deletion','This hook is displayed when a category is deleted',1,0),(64,'actionBeforeAuthentication','Before authentication','This hook is displayed before the customer\'s authentication',1,0),(65,'displayPaymentTop','Top of payment page','This hook is displayed at the top of the payment page',1,0),(66,'actionHtaccessCreate','After htaccess creation','This hook is displayed after the htaccess creation',1,0),(67,'actionAdminMetaSave','After saving the configuration in AdminMeta','This hook is displayed after saving the configuration in AdminMeta',1,0),(68,'displayAttributeGroupForm','Add fields to the form \'attribute group\'','This hook adds fields to the form \'attribute group\'',1,0),(69,'actionAttributeGroupSave','Saving an attribute group','This hook is called while saving an attributes group',1,0),(70,'actionAttributeGroupDelete','Deleting attribute group','This hook is called while deleting an attributes  group',1,0),(71,'displayFeatureForm','Add fields to the form \'feature\'','This hook adds fields to the form \'feature\'',1,0),(72,'actionFeatureSave','Saving attributes\' features','This hook is called while saving an attributes features',1,0),(73,'actionFeatureDelete','Deleting attributes\' features','This hook is called while deleting an attributes features',1,0),(74,'actionProductSave','Saving products','This hook is called while saving products',1,0),(75,'actionProductListOverride','Assign a products list to a category','This hook assigns a products list to a category',1,0),(76,'displayAttributeGroupPostProcess','On post-process in admin attribute group','This hook is called on post-process in admin attribute group',1,0),(77,'displayFeaturePostProcess','On post-process in admin feature','This hook is called on post-process in admin feature',1,0),(78,'displayFeatureValueForm','Add fields to the form \'feature value\'','This hook adds fields to the form \'feature value\'',1,0),(79,'displayFeatureValuePostProcess','On post-process in admin feature value','This hook is called on post-process in admin feature value',1,0),(80,'actionFeatureValueDelete','Deleting attributes\' features\' values','This hook is called while deleting an attributes features value',1,0),(81,'actionFeatureValueSave','Saving an attributes features value','This hook is called while saving an attributes features value',1,0),(82,'displayAttributeForm','Add fields to the form \'attribute value\'','This hook adds fields to the form \'attribute value\'',1,0),(83,'actionAttributePostProcess','On post-process in admin feature value','This hook is called on post-process in admin feature value',1,0),(84,'actionAttributeDelete','Deleting an attributes features value','This hook is called while deleting an attributes features value',1,0),(85,'actionAttributeSave','Saving an attributes features value','This hook is called while saving an attributes features value',1,0),(86,'actionTaxManager','Tax Manager Factory','',1,0),(87,'displayMyAccountBlock','My account block','This hook displays extra information within the \'my account\' block\"',1,0),(88,'actionModuleInstallBefore','actionModuleInstallBefore','',1,0),(89,'actionModuleInstallAfter','actionModuleInstallAfter','',1,0),(90,'actionCartListOverride','actionCartListOverride','',0,0),(91,'actionAdminMetaControllerUpdate_optionsBefore','actionAdminMetaControllerUpdate_optionsBefore','',0,0),(92,'actionAdminLanguagesControllerStatusBefore','actionAdminLanguagesControllerStatusBefore','',0,0),(93,'actionObjectCmsUpdateAfter','actionObjectCmsUpdateAfter','',0,0),(94,'actionObjectCmsDeleteAfter','actionObjectCmsDeleteAfter','',0,0),(95,'actionShopDataDuplication','actionShopDataDuplication','',0,0),(96,'actionObjectManufacturerDeleteAfter','actionObjectManufacturerDeleteAfter','',0,0),(97,'actionObjectManufacturerAddAfter','actionObjectManufacturerAddAfter','',0,0),(98,'actionObjectManufacturerUpdateAfter','actionObjectManufacturerUpdateAfter','',0,0),(100,'actionModuleRegisterHookAfter','actionModuleRegisterHookAfter','',0,0),(101,'actionModuleUnRegisterUnHookAfter','actionModuleUnRegisterUnHookAfter','',0,0),(102,'displayMyAccountBlockfooter','My account block','Display extra informations inside the \"my account\" block',1,0),(103,'actionModuleUnRegisterHookAfter','actionModuleUnRegisterHookAfter','',0,0),(104,'displayMobileTopSiteMap','displayMobileTopSiteMap','',0,0),(105,'actionObjectSupplierDeleteAfter','actionObjectSupplierDeleteAfter','',0,0),(106,'actionObjectSupplierAddAfter','actionObjectSupplierAddAfter','',0,0),(107,'actionObjectSupplierUpdateAfter','actionObjectSupplierUpdateAfter','',0,0),(108,'actionObjectCategoryUpdateAfter','actionObjectCategoryUpdateAfter','',0,0),(109,'actionObjectCategoryDeleteAfter','actionObjectCategoryDeleteAfter','',0,0),(110,'actionObjectCategoryAddAfter','actionObjectCategoryAddAfter','',0,0),(111,'actionObjectCmsAddAfter','actionObjectCmsAddAfter','',0,0),(112,'actionObjectProductUpdateAfter','actionObjectProductUpdateAfter','',0,0),(113,'actionObjectProductDeleteAfter','actionObjectProductDeleteAfter','',0,0),(114,'actionObjectProductAddAfter','actionObjectProductAddAfter','',0,0),(115,'actionAdminMetaControllerUpdate_optionsAfter','actionAdminMetaControllerUpdate_optionsAfter','',0,0),(116,'actionAdminPerformanceControllerSaveAfter','actionAdminPerformanceControllerSaveAfter','',0,0),(117,'actionObjectCarrierAddAfter','actionObjectCarrierAddAfter','',0,0),(118,'actionAdminStoresControllerUpdate_optionsAfter','actionAdminStoresControllerUpdate_optionsAfter','',0,0),(119,'actionObjectContactAddAfter','actionObjectContactAddAfter','',0,0),(120,'actionAdminThemesControllerUpdate_optionsAfter','actionAdminThemesControllerUpdate_optionsAfter','',0,0),(121,'actionObjectThemeAddAfter','actionObjectThemeAddAfter','',0,0),(122,'actionAdminPreferencesControllerUpdate_optionsAfter','actionAdminPreferencesControllerUpdate_optionsAfter','',0,0),(123,'actionObjectShopAddAfter','actionObjectShopAddAfter','',0,0),(124,'actionObjectShopGroupAddAfter','actionObjectShopGroupAddAfter','',0,0),(125,'actionObjectCartAddAfter','actionObjectCartAddAfter','',0,0),(126,'actionObjectOrderAddAfter','actionObjectOrderAddAfter','',0,0),(127,'actionObjectCustomerThreadAddAfter','actionObjectCustomerThreadAddAfter','',0,0),(128,'actionObjectCustomerAddAfter','actionObjectCustomerAddAfter','',0,0),(129,'actionObjectEmployeeAddAfter','actionObjectEmployeeAddAfter','',0,0),(130,'actionObjectImageAddAfter','actionObjectImageAddAfter','',0,0),(131,'actionObjectCartRuleAddAfter','actionObjectCartRuleAddAfter','',0,0);

--
-- Table structure for table `ps_hook_alias`
--

CREATE TABLE `ps_hook_alias` (
  `id_hook_alias` int(10) unsigned NOT NULL AUTO_INCREMENT,
  `alias` varchar(64) NOT NULL,
  `name` varchar(64) NOT NULL,
  PRIMARY KEY (`id_hook_alias`),
  UNIQUE KEY `alias` (`alias`)
) ENGINE=InnoDB AUTO_INCREMENT=87 DEFAULT CHARSET=utf8;

--
-- Dumping data for table `ps_hook_alias`
--

INSERT INTO `ps_hook_alias` (`id_hook_alias`, `alias`, `name`) VALUES (1,'payment','displayPayment'),(2,'newOrder','actionValidateOrder'),(3,'paymentConfirm','actionPaymentConfirmation'),(4,'paymentReturn','displayPaymentReturn'),(5,'updateQuantity','actionUpdateQuantity'),(6,'rightColumn','displayRightColumn'),(7,'leftColumn','displayLeftColumn'),(8,'home','displayHome'),(9,'header','displayHeader'),(10,'cart','actionCartSave'),(11,'authentication','actionAuthentication'),(12,'addproduct','actionProductAdd'),(13,'updateproduct','actionProductUpdate'),(14,'top','displayTop'),(15,'extraRight','displayRightColumnProduct'),(16,'deleteproduct','actionProductDelete'),(17,'productfooter','displayFooterProduct'),(18,'invoice','displayInvoice'),(19,'updateOrderStatus','actionOrderStatusUpdate'),(20,'adminOrder','displayAdminOrder'),(21,'footer','displayFooter'),(22,'PDFInvoice','displayPDFInvoice'),(23,'adminCustomers','displayAdminCustomers'),(24,'orderConfirmation','displayOrderConfirmation'),(25,'createAccount','actionCustomerAccountAdd'),(26,'customerAccount','displayCustomerAccount'),(27,'orderSlip','actionOrderSlipAdd'),(28,'productTab','displayProductTab'),(29,'productTabContent','displayProductTabContent'),(30,'shoppingCart','displayShoppingCartFooter'),(31,'createAccountForm','displayCustomerAccountForm'),(32,'AdminStatsModules','displayAdminStatsModules'),(33,'GraphEngine','displayAdminStatsGraphEngine'),(34,'orderReturn','actionOrderReturn'),(35,'productActions','displayProductButtons'),(36,'backOfficeHome','displayBackOfficeHome'),(37,'GridEngine','displayAdminStatsGridEngine'),(38,'watermark','actionWatermark'),(39,'cancelProduct','actionProductCancel'),(40,'extraLeft','displayLeftColumnProduct'),(41,'productOutOfStock','actionProductOutOfStock'),(42,'updateProductAttribute','actionProductAttributeUpdate'),(43,'extraCarrier','displayCarrierList'),(44,'shoppingCartExtra','displayShoppingCart'),(45,'search','actionSearch'),(46,'backBeforePayment','displayBeforePayment'),(47,'updateCarrier','actionCarrierUpdate'),(48,'postUpdateOrderStatus','actionOrderStatusPostUpdate'),(49,'createAccountTop','displayCustomerAccountFormTop'),(50,'backOfficeHeader','displayBackOfficeHeader'),(51,'backOfficeTop','displayBackOfficeTop'),(52,'backOfficeFooter','displayBackOfficeFooter'),(53,'deleteProductAttribute','actionProductAttributeDelete'),(54,'processCarrier','actionCarrierProcess'),(55,'orderDetail','actionOrderDetail'),(56,'beforeCarrier','displayBeforeCarrier'),(57,'orderDetailDisplayed','displayOrderDetail'),(58,'paymentCCAdded','actionPaymentCCAdd'),(59,'extraProductComparison','displayProductComparison'),(60,'categoryAddition','actionCategoryAdd'),(61,'categoryUpdate','actionCategoryUpdate'),(62,'categoryDeletion','actionCategoryDelete'),(63,'beforeAuthentication','actionBeforeAuthentication'),(64,'paymentTop','displayPaymentTop'),(65,'afterCreateHtaccess','actionHtaccessCreate'),(66,'afterSaveAdminMeta','actionAdminMetaSave'),(67,'attributeGroupForm','displayAttributeGroupForm'),(68,'afterSaveAttributeGroup','actionAttributeGroupSave'),(69,'afterDeleteAttributeGroup','actionAttributeGroupDelete'),(70,'featureForm','displayFeatureForm'),(71,'afterSaveFeature','actionFeatureSave'),(72,'afterDeleteFeature','actionFeatureDelete'),(73,'afterSaveProduct','actionProductSave'),(74,'productListAssign','actionProductListOverride'),(75,'postProcessAttributeGroup','displayAttributeGroupPostProcess'),(76,'postProcessFeature','displayFeaturePostProcess'),(77,'featureValueForm','displayFeatureValueForm'),(78,'postProcessFeatureValue','displayFeatureValuePostProcess'),(79,'afterDeleteFeatureValue','actionFeatureValueDelete'),(80,'afterSaveFeatureValue','actionFeatureValueSave'),(81,'attributeForm','displayAttributeForm'),(82,'postProcessAttribute','actionAttributePostProcess'),(83,'afterDeleteAttribute','actionAttributeDelete'),(84,'afterSaveAttribute','actionAttributeSave'),(85,'taxManager','actionTaxManager'),(86,'myAccountBlock','displayMyAccountBlock');

--
-- Table structure for table `ps_hook_module`
--

CREATE TABLE `ps_hook_module` (
  `id_module` int(10) unsigned NOT NULL,
  `id_shop` int(11) unsigned NOT NULL DEFAULT '1',
  `id_hook` int(10) unsigned NOT NULL,
  `position` tinyint(2) unsigned NOT NULL,
  PRIMARY KEY (`id_module`,`id_hook`,`id_shop`),
  KEY `id_hook` (`id_hook`),
  KEY `id_module` (`id_module`),
  KEY `position` (`id_shop`,`position`)
) ENGINE=InnoDB DEFAULT CHARSET=utf8;

--
-- Dumping data for table `ps_hook_module`
--

INSERT INTO `ps_hook_module` (`id_module`, `id_shop`, `id_hook`, `position`) VALUES (1,1,10,1),(1,1,31,1),(4,1,7,1),(4,1,13,1),(4,1,14,1),(4,1,17,1),(4,1,49,1),(5,1,90,1),(6,1,61,1),(6,1,62,1),(6,1,63,1),(6,1,91,1),(6,1,92,1),(7,1,93,1),(7,1,94,1),(7,1,95,1),(11,1,15,1),(12,1,96,1),(12,1,97,1),(12,1,98,1),(13,1,100,1),(13,1,101,1),(14,1,103,1),(16,1,26,1),(19,1,22,1),(20,1,104,1),(21,1,41,1),(25,1,105,1),(25,1,106,1),(25,1,107,1),(27,1,108,1),(27,1,109,1),(27,1,110,1),(27,1,111,1),(27,1,112,1),(27,1,113,1),(27,1,114,1),(30,1,1,1),(30,1,5,1),(31,1,27,1),(31,1,87,1),(34,1,34,1),(36,1,38,1),(38,1,9,1),(38,1,95,1),(49,1,12,1),(49,1,26,1),(59,1,46,1),(61,1,33,1),(63,1,2,1),(63,1,20,1),(63,1,51,1),(63,1,89,1),(63,1,115,1),(63,1,116,1),(63,1,117,1),(63,1,118,1),(63,1,119,1),(63,1,120,1),(63,1,121,1),(63,1,122,1),(63,1,123,1),(63,1,124,1),(63,1,125,1),(63,1,126,1),(63,1,127,1),(63,1,128,1),(63,1,129,1),(63,1,130,1),(63,1,131,1),(2,1,1,2),(2,1,5,2),(4,1,10,2),(6,1,22,2),(10,1,15,2),(14,1,100,2),(15,1,7,2),(15,1,13,2),(15,1,14,2),(15,1,17,2),(17,1,10,2),(26,1,8,2),(27,1,62,2),(27,1,93,2),(27,1,94,2),(27,1,95,2),(27,1,96,2),(27,1,97,2),(27,1,98,2),(27,1,105,2),(27,1,106,2),(27,1,107,2),(31,1,41,2),(35,1,34,2),(37,1,9,2),(58,1,33,2),(63,1,111,2),(63,1,114,2),(6,1,8,3),(18,1,10,3),(18,1,15,3),(23,1,13,3),(23,1,14,3),(23,1,17,3),(33,1,34,3),(57,1,33,3),(7,1,22,4),(14,1,22,4),(20,1,15,4),(23,1,7,4),(29,1,8,4),(29,1,10,4),(32,1,34,4),(37,1,13,4),(37,1,14,4),(37,1,17,4),(55,1,33,4),(5,1,10,5),(7,1,7,5),(12,1,8,5),(22,1,10,5),(22,1,22,5),(25,1,8,5),(28,1,15,5),(52,1,33,5),(7,1,8,6),(8,1,10,6),(9,1,22,6),(13,1,10,6),(24,1,7,6),(27,1,15,6),(50,1,33,6),(3,1,8,7),(5,1,15,7),(40,1,15,7),(45,1,33,7),(47,1,33,7),(49,1,22,7),(17,1,8,8),(39,1,15,8),(42,1,33,8),(6,1,10,9),(16,1,8,9),(54,1,33,9),(23,1,10,10),(39,1,33,10),(10,1,10,11),(40,1,33,11),(14,1,10,12),(15,1,10,12),(56,1,33,12),(28,1,10,13),(43,1,33,13),(11,1,10,14),(12,1,10,15),(41,1,33,15),(7,1,10,16),(44,1,33,16),(46,1,33,17),(26,1,10,18),(53,1,33,18),(24,1,10,19),(59,1,33,19),(20,1,10,20),(48,1,33,20),(9,1,10,21),(60,1,33,21),(51,1,33,22),(31,1,10,23),(37,1,10,24),(16,1,10,25),(8,1,7,26),(25,1,10,27);

--
-- Table structure for table `ps_hook_module_exceptions`
--

CREATE TABLE `ps_hook_module_exceptions` (
  `id_hook_module_exceptions` int(10) unsigned NOT NULL AUTO_INCREMENT,
  `id_shop` int(11) unsigned NOT NULL DEFAULT '1',
  `id_module` int(10) unsigned NOT NULL,
  `id_hook` int(10) unsigned NOT NULL,
  `file_name` varchar(255) DEFAULT NULL,
  PRIMARY KEY (`id_hook_module_exceptions`),
  KEY `id_module` (`id_module`),
  KEY `id_hook` (`id_hook`)
) ENGINE=InnoDB DEFAULT CHARSET=utf8;

--
-- Dumping data for table `ps_hook_module_exceptions`
--


--
-- Table structure for table `ps_image`
--

CREATE TABLE `ps_image` (
  `id_image` int(10) unsigned NOT NULL AUTO_INCREMENT,
  `id_product` int(10) unsigned NOT NULL,
  `position` smallint(2) unsigned NOT NULL DEFAULT '0',
  `cover` tinyint(1) unsigned NOT NULL DEFAULT '0',
  PRIMARY KEY (`id_image`),
  UNIQUE KEY `idx_product_image` (`id_image`,`id_product`,`cover`),
  KEY `image_product` (`id_product`),
  KEY `id_product_cover` (`id_product`,`cover`)
) ENGINE=InnoDB AUTO_INCREMENT=27 DEFAULT CHARSET=utf8;

--
-- Dumping data for table `ps_image`
--

INSERT INTO `ps_image` (`id_image`, `id_product`, `position`, `cover`) VALUES (1,3,1,1),(2,3,2,0),(3,3,3,0),(4,4,1,0),(5,4,2,0),(6,4,3,1),(7,5,1,1),(8,5,2,0),(9,5,3,0),(10,5,4,0),(11,5,5,0),(12,5,6,0),(13,6,1,1),(14,7,1,1),(15,1,1,1),(16,1,2,0),(17,1,3,0),(18,1,4,0),(19,1,5,0),(20,1,6,0),(21,1,7,0),(22,1,8,0),(23,2,1,1),(24,2,2,0),(25,2,3,0),(26,2,4,0);

--
-- Table structure for table `ps_image_lang`
--

CREATE TABLE `ps_image_lang` (
  `id_image` int(10) unsigned NOT NULL,
  `id_lang` int(10) unsigned NOT NULL,
  `legend` varchar(128) DEFAULT NULL,
  PRIMARY KEY (`id_image`,`id_lang`),
  KEY `id_image` (`id_image`)
) ENGINE=InnoDB DEFAULT CHARSET=utf8;

--
-- Dumping data for table `ps_image_lang`
--

INSERT INTO `ps_image_lang` (`id_image`, `id_lang`, `legend`) VALUES (1,1,'MacBook Air'),(1,2,'MacBook Air'),(1,3,'MacBook Air'),(2,1,'MacBook Air'),(2,2,'MacBook Air'),(2,3,'MacBook Air'),(3,1,'MacBook Air'),(3,2,'MacBook Air'),(3,3,'MacBook Air'),(4,1,'MacBook Air'),(4,2,'MacBook Air'),(4,3,'MacBook Air'),(5,1,'MacBook Air'),(5,2,'MacBook Air'),(5,3,'MacBook Air'),(6,1,' MacBook Air SuperDrive'),(6,2,' MacBook Air SuperDrive'),(6,3,' MacBook Air SuperDrive'),(7,1,'iPod touch'),(7,2,'iPod touch'),(7,3,'iPod touch'),(8,1,'iPod touch'),(8,2,'iPod touch'),(8,3,'iPod touch'),(9,1,'iPod touch'),(9,2,'iPod touch'),(9,3,'iPod touch'),(10,1,'iPod touch'),(10,2,'iPod touch'),(10,3,'iPod touch'),(11,1,'iPod touch'),(11,2,'iPod touch'),(11,3,'iPod touch'),(12,1,'iPod touch'),(12,2,'iPod touch'),(12,3,'iPod touch'),(13,1,'housse-portefeuille-en-cuir'),(13,2,'housse-portefeuille-en-cuir'),(13,3,'housse-portefeuille-en-cuir'),(14,1,'Shure SE210 Sound-Isolating Earphones for iPod and iPhone'),(14,2,'Shure SE210 Sound-Isolating Earphones for iPod and iPhone'),(14,3,'Shure SE210 Sound-Isolating Earphones for iPod and iPhone'),(15,1,'iPod Nano'),(15,2,'iPod Nano'),(15,3,'iPod Nano'),(16,1,'iPod Nano'),(16,2,'iPod Nano'),(16,3,'iPod Nano'),(17,1,'iPod Nano'),(17,2,'iPod Nano'),(17,3,'iPod Nano'),(18,1,'iPod Nano'),(18,2,'iPod Nano'),(18,3,'iPod Nano'),(19,1,'iPod Nano'),(19,2,'iPod Nano'),(19,3,'iPod Nano'),(20,1,'iPod Nano'),(20,2,'iPod Nano'),(20,3,'iPod Nano'),(21,1,'iPod Nano'),(21,2,'iPod Nano'),(21,3,'iPod Nano'),(22,1,'iPod Nano'),(22,2,'iPod Nano'),(22,3,'iPod Nano'),(23,1,'iPod shuffle'),(23,2,'iPod shuffle'),(23,3,'iPod shuffle'),(24,1,'iPod shuffle'),(24,2,'iPod shuffle'),(24,3,'iPod shuffle'),(25,1,'iPod shuffle'),(25,2,'iPod shuffle'),(25,3,'iPod shuffle'),(26,1,'iPod shuffle'),(26,2,'iPod shuffle'),(26,3,'iPod shuffle');

--
-- Table structure for table `ps_image_shop`
--

CREATE TABLE `ps_image_shop` (
  `id_image` int(11) unsigned NOT NULL,
  `id_shop` int(11) unsigned NOT NULL,
  `cover` tinyint(1) NOT NULL,
  KEY `id_image` (`id_image`,`id_shop`,`cover`),
  KEY `id_shop` (`id_shop`)
) ENGINE=InnoDB DEFAULT CHARSET=utf8;

--
-- Dumping data for table `ps_image_shop`
--

INSERT INTO `ps_image_shop` (`id_image`, `id_shop`, `cover`) VALUES (1,1,1),(2,1,0),(3,1,0),(4,1,0),(5,1,0),(6,1,1),(7,1,1),(8,1,0),(9,1,0),(10,1,0),(11,1,0),(12,1,0),(13,1,1),(14,1,1),(15,1,1),(16,1,0),(17,1,0),(18,1,0),(19,1,0),(20,1,0),(21,1,0),(22,1,0),(23,1,1),(24,1,0),(25,1,0),(26,1,0);

--
-- Table structure for table `ps_image_type`
--

CREATE TABLE `ps_image_type` (
  `id_image_type` int(10) unsigned NOT NULL AUTO_INCREMENT,
  `name` varchar(64) NOT NULL,
  `width` int(10) unsigned NOT NULL,
  `height` int(10) unsigned NOT NULL,
  `products` tinyint(1) NOT NULL DEFAULT '1',
  `categories` tinyint(1) NOT NULL DEFAULT '1',
  `manufacturers` tinyint(1) NOT NULL DEFAULT '1',
  `suppliers` tinyint(1) NOT NULL DEFAULT '1',
  `scenes` tinyint(1) NOT NULL DEFAULT '1',
  `stores` tinyint(1) NOT NULL DEFAULT '1',
  PRIMARY KEY (`id_image_type`),
  KEY `image_type_name` (`name`)
) ENGINE=InnoDB AUTO_INCREMENT=9 DEFAULT CHARSET=utf8;

--
-- Dumping data for table `ps_image_type`
--

INSERT INTO `ps_image_type` (`id_image_type`, `name`, `width`, `height`, `products`, `categories`, `manufacturers`, `suppliers`, `scenes`, `stores`) VALUES (1,'small_default',45,45,1,1,1,1,0,0),(2,'medium_default',58,58,1,1,1,1,0,1),(3,'large_default',264,264,1,1,1,1,0,0),(4,'thickbox_default',600,600,1,0,0,0,0,0),(5,'category_default',500,150,0,1,0,0,0,0),(6,'home_default',124,124,1,0,0,0,0,0),(7,'scene_default',520,189,0,0,0,0,1,0),(8,'m_scene_default',161,58,0,0,0,0,1,0);

--
-- Table structure for table `ps_import_match`
--

CREATE TABLE `ps_import_match` (
  `id_import_match` int(10) NOT NULL AUTO_INCREMENT,
  `name` varchar(32) NOT NULL,
  `match` text NOT NULL,
  `skip` int(2) NOT NULL,
  PRIMARY KEY (`id_import_match`)
) ENGINE=InnoDB DEFAULT CHARSET=utf8;

--
-- Dumping data for table `ps_import_match`
--


--
-- Table structure for table `ps_lang`
--

CREATE TABLE `ps_lang` (
  `id_lang` int(10) unsigned NOT NULL AUTO_INCREMENT,
  `name` varchar(32) NOT NULL,
  `active` tinyint(3) unsigned NOT NULL DEFAULT '0',
  `iso_code` char(2) NOT NULL,
  `language_code` char(5) NOT NULL,
  `date_format_lite` char(32) NOT NULL DEFAULT 'Y-m-d',
  `date_format_full` char(32) NOT NULL DEFAULT 'Y-m-d H:i:s',
  `is_rtl` tinyint(1) NOT NULL DEFAULT '0',
  PRIMARY KEY (`id_lang`),
  KEY `lang_iso_code` (`iso_code`)
) ENGINE=InnoDB AUTO_INCREMENT=4 DEFAULT CHARSET=utf8;

--
-- Dumping data for table `ps_lang`
--

INSERT INTO `ps_lang` (`id_lang`, `name`, `active`, `iso_code`, `language_code`, `date_format_lite`, `date_format_full`, `is_rtl`) VALUES (1,'English (English)',1,'en','en','m/j/Y','m/j/Y H:i:s',0),(3,'Indonesian',1,'id','id','Y-m-d','Y-m-d H:i:s',1);

--
-- Table structure for table `ps_lang_shop`
--

CREATE TABLE `ps_lang_shop` (
  `id_lang` int(11) unsigned NOT NULL,
  `id_shop` int(11) unsigned NOT NULL,
  PRIMARY KEY (`id_lang`,`id_shop`),
  KEY `id_shop` (`id_shop`)
) ENGINE=InnoDB DEFAULT CHARSET=utf8;

--
-- Dumping data for table `ps_lang_shop`
--

INSERT INTO `ps_lang_shop` (`id_lang`, `id_shop`) VALUES (1,1),(3,1);

--
-- Table structure for table `ps_linksmenutop`
--

CREATE TABLE `ps_linksmenutop` (
  `id_linksmenutop` int(10) unsigned NOT NULL AUTO_INCREMENT,
  `id_shop` int(11) unsigned NOT NULL,
  `new_window` tinyint(1) NOT NULL,
  PRIMARY KEY (`id_linksmenutop`),
  KEY `id_shop` (`id_shop`)
) ENGINE=InnoDB DEFAULT CHARSET=utf8;

--
-- Dumping data for table `ps_linksmenutop`
--


--
-- Table structure for table `ps_linksmenutop_lang`
--

CREATE TABLE `ps_linksmenutop_lang` (
  `id_linksmenutop` int(11) unsigned NOT NULL,
  `id_lang` int(11) unsigned NOT NULL,
  `id_shop` int(11) unsigned NOT NULL,
  `label` varchar(128) NOT NULL,
  `link` varchar(128) NOT NULL,
  KEY `id_linksmenutop` (`id_linksmenutop`,`id_lang`,`id_shop`)
) ENGINE=InnoDB DEFAULT CHARSET=utf8;

--
-- Dumping data for table `ps_linksmenutop_lang`
--


--
-- Table structure for table `ps_log`
--

CREATE TABLE `ps_log` (
  `id_log` int(10) unsigned NOT NULL AUTO_INCREMENT,
  `severity` tinyint(1) NOT NULL,
  `error_code` int(11) DEFAULT NULL,
  `message` text NOT NULL,
  `object_type` varchar(32) DEFAULT NULL,
  `object_id` int(10) unsigned DEFAULT NULL,
  `id_employee` int(10) unsigned DEFAULT NULL,
  `date_add` datetime NOT NULL,
  `date_upd` datetime NOT NULL,
  PRIMARY KEY (`id_log`)
) ENGINE=InnoDB AUTO_INCREMENT=11 DEFAULT CHARSET=utf8;

--
-- Dumping data for table `ps_log`
--

INSERT INTO `ps_log` (`id_log`, `severity`, `error_code`, `message`, `object_type`, `object_id`, `id_employee`, `date_add`, `date_upd`) VALUES (1,1,0,'Language addition','Language',2,1,'2014-01-24 06:03:38','2014-01-24 06:03:38'),(2,1,0,'Language deletion','Language',2,1,'2014-01-24 06:04:59','2014-01-24 06:04:59'),(3,1,0,'Currency edition','Currency',1,1,'2014-01-24 06:14:49','2014-01-24 06:14:49'),(4,1,0,'Currency edition','Currency',1,1,'2014-01-24 06:15:06','2014-01-24 06:15:06'),(5,1,0,'Currency edition','Currency',1,1,'2014-01-24 06:16:38','2014-01-24 06:16:38'),(6,1,0,'Currency edition','Currency',1,1,'2014-01-24 06:17:09','2014-01-24 06:17:09'),(7,1,0,'Language edition','Language',3,1,'2014-01-24 04:25:12','2014-01-24 04:25:12'),(8,1,0,'Currency edition','Currency',1,1,'2014-01-24 04:26:23','2014-01-24 04:26:23'),(9,1,0,'Currency edition','Currency',1,1,'2014-01-24 04:28:25','2014-01-24 04:28:25'),(10,1,0,'Country addition','Country',245,1,'2014-01-24 04:40:26','2014-01-24 04:40:26');

--
-- Table structure for table `ps_manufacturer`
--

CREATE TABLE `ps_manufacturer` (
  `id_manufacturer` int(10) unsigned NOT NULL AUTO_INCREMENT,
  `name` varchar(64) NOT NULL,
  `date_add` datetime NOT NULL,
  `date_upd` datetime NOT NULL,
  `active` tinyint(1) NOT NULL DEFAULT '0',
  PRIMARY KEY (`id_manufacturer`)
) ENGINE=InnoDB AUTO_INCREMENT=3 DEFAULT CHARSET=utf8;

--
-- Dumping data for table `ps_manufacturer`
--

INSERT INTO `ps_manufacturer` (`id_manufacturer`, `name`, `date_add`, `date_upd`, `active`) VALUES (1,'Apple Computer, Inc','2014-01-24 18:57:58','2014-01-24 18:57:58',1),(2,'Shure Incorporated','2014-01-24 18:57:58','2014-01-24 18:57:58',1);

--
-- Table structure for table `ps_manufacturer_lang`
--

CREATE TABLE `ps_manufacturer_lang` (
  `id_manufacturer` int(10) unsigned NOT NULL,
  `id_lang` int(10) unsigned NOT NULL,
  `description` text,
  `short_description` text,
  `meta_title` varchar(128) DEFAULT NULL,
  `meta_keywords` varchar(255) DEFAULT NULL,
  `meta_description` varchar(255) DEFAULT NULL,
  PRIMARY KEY (`id_manufacturer`,`id_lang`)
) ENGINE=InnoDB DEFAULT CHARSET=utf8;

--
-- Dumping data for table `ps_manufacturer_lang`
--

INSERT INTO `ps_manufacturer_lang` (`id_manufacturer`, `id_lang`, `description`, `short_description`, `meta_title`, `meta_keywords`, `meta_description`) VALUES (1,1,'','','','',''),(1,2,'','','','',''),(1,3,'','','','',''),(2,1,'','','','',''),(2,2,'','','','',''),(2,3,'','','','','');

--
-- Table structure for table `ps_manufacturer_shop`
--

CREATE TABLE `ps_manufacturer_shop` (
  `id_manufacturer` int(11) unsigned NOT NULL,
  `id_shop` int(11) unsigned NOT NULL,
  PRIMARY KEY (`id_manufacturer`,`id_shop`),
  KEY `id_shop` (`id_shop`)
) ENGINE=InnoDB DEFAULT CHARSET=utf8;

--
-- Dumping data for table `ps_manufacturer_shop`
--

INSERT INTO `ps_manufacturer_shop` (`id_manufacturer`, `id_shop`) VALUES (1,1),(2,1);

--
-- Table structure for table `ps_memcached_servers`
--

CREATE TABLE `ps_memcached_servers` (
  `id_memcached_server` int(11) unsigned NOT NULL AUTO_INCREMENT,
  `ip` varchar(254) NOT NULL,
  `port` int(11) unsigned NOT NULL,
  `weight` int(11) unsigned NOT NULL,
  PRIMARY KEY (`id_memcached_server`)
) ENGINE=InnoDB DEFAULT CHARSET=utf8;

--
-- Dumping data for table `ps_memcached_servers`
--


--
-- Table structure for table `ps_message`
--

CREATE TABLE `ps_message` (
  `id_message` int(10) unsigned NOT NULL AUTO_INCREMENT,
  `id_cart` int(10) unsigned DEFAULT NULL,
  `id_customer` int(10) unsigned NOT NULL,
  `id_employee` int(10) unsigned DEFAULT NULL,
  `id_order` int(10) unsigned NOT NULL,
  `message` text NOT NULL,
  `private` tinyint(1) unsigned NOT NULL DEFAULT '1',
  `date_add` datetime NOT NULL,
  PRIMARY KEY (`id_message`),
  KEY `message_order` (`id_order`),
  KEY `id_cart` (`id_cart`),
  KEY `id_customer` (`id_customer`),
  KEY `id_employee` (`id_employee`)
) ENGINE=InnoDB DEFAULT CHARSET=utf8;

--
-- Dumping data for table `ps_message`
--


--
-- Table structure for table `ps_message_readed`
--

CREATE TABLE `ps_message_readed` (
  `id_message` int(10) unsigned NOT NULL,
  `id_employee` int(10) unsigned NOT NULL,
  `date_add` datetime NOT NULL,
  PRIMARY KEY (`id_message`,`id_employee`)
) ENGINE=InnoDB DEFAULT CHARSET=utf8;

--
-- Dumping data for table `ps_message_readed`
--


--
-- Table structure for table `ps_meta`
--

CREATE TABLE `ps_meta` (
  `id_meta` int(10) unsigned NOT NULL AUTO_INCREMENT,
  `page` varchar(64) NOT NULL,
  PRIMARY KEY (`id_meta`),
  KEY `meta_name` (`page`)
) ENGINE=InnoDB AUTO_INCREMENT=27 DEFAULT CHARSET=utf8;

--
-- Dumping data for table `ps_meta`
--

INSERT INTO `ps_meta` (`id_meta`, `page`) VALUES (1,'404'),(11,'address'),(12,'addresses'),(13,'authentication'),(2,'best-sales'),(14,'cart'),(3,'contact'),(15,'discount'),(25,'guest-tracking'),(16,'history'),(17,'identity'),(4,'index'),(5,'manufacturer'),(18,'my-account'),(6,'new-products'),(21,'order'),(26,'order-confirmation'),(19,'order-follow'),(24,'order-opc'),(20,'order-slip'),(7,'password'),(8,'prices-drop'),(22,'search'),(9,'sitemap'),(23,'stores'),(10,'supplier');

--
-- Table structure for table `ps_meta_lang`
--

CREATE TABLE `ps_meta_lang` (
  `id_meta` int(10) unsigned NOT NULL,
  `id_shop` int(11) unsigned NOT NULL DEFAULT '1',
  `id_lang` int(10) unsigned NOT NULL,
  `title` varchar(128) DEFAULT NULL,
  `description` varchar(255) DEFAULT NULL,
  `keywords` varchar(255) DEFAULT NULL,
  `url_rewrite` varchar(254) NOT NULL,
  PRIMARY KEY (`id_meta`,`id_shop`,`id_lang`),
  KEY `id_shop` (`id_shop`),
  KEY `id_lang` (`id_lang`)
) ENGINE=InnoDB DEFAULT CHARSET=utf8;

--
-- Dumping data for table `ps_meta_lang`
--

INSERT INTO `ps_meta_lang` (`id_meta`, `id_shop`, `id_lang`, `title`, `description`, `keywords`, `url_rewrite`) VALUES (1,1,1,'404 error','This page cannot be found','','page-not-found'),(1,1,2,'404 error','This page cannot be found','','page-not-found'),(1,1,3,'404 error','This page cannot be found','','page-not-found'),(2,1,1,'Best sales','Our best sales','','best-sales'),(2,1,2,'Best sales','Our best sales','','best-sales'),(2,1,3,'Best sales','Our best sales','','best-sales'),(3,1,1,'Contact us','Use our form to contact us','','contact-us'),(3,1,2,'Contact us','Use our form to contact us','','contact-us'),(3,1,3,'Contact us','Use our form to contact us','','contact-us'),(4,1,1,'','Shop powered by PrestaShop','',''),(4,1,2,'','Shop powered by PrestaShop','',''),(4,1,3,'','Shop powered by PrestaShop','',''),(5,1,1,'Manufacturers','Manufacturers list','','manufacturers'),(5,1,2,'Manufacturers','Manufacturers list','','manufacturers'),(5,1,3,'Manufacturers','Manufacturers list','','manufacturers'),(6,1,1,'New products','Our new products','','new-products'),(6,1,2,'New products','Our new products','','new-products'),(6,1,3,'New products','Our new products','','new-products'),(7,1,1,'Forgot your password','Enter your e-mail address used to register in goal to get e-mail with your new password','','password-recovery'),(7,1,2,'Forgot your password','Enter your e-mail address used to register in goal to get e-mail with your new password','','password-recovery'),(7,1,3,'Forgot your password','Enter your e-mail address used to register in goal to get e-mail with your new password','','password-recovery'),(8,1,1,'Prices drop','Our special products','','prices-drop'),(8,1,2,'Prices drop','Our special products','','prices-drop'),(8,1,3,'Prices drop','Our special products','','prices-drop'),(9,1,1,'Sitemap','Lost ? Find what your are looking for','','sitemap'),(9,1,2,'Sitemap','Lost ? Find what your are looking for','','sitemap'),(9,1,3,'Sitemap','Lost ? Find what your are looking for','','sitemap'),(10,1,1,'Suppliers','Suppliers list','','supplier'),(10,1,2,'Suppliers','Suppliers list','','supplier'),(10,1,3,'Suppliers','Suppliers list','','supplier'),(11,1,1,'Address','','','address'),(11,1,2,'Address','','','address'),(11,1,3,'Address','','','address'),(12,1,1,'Addresses','','','addresses'),(12,1,2,'Addresses','','','addresses'),(12,1,3,'Addresses','','','addresses'),(13,1,1,'Login','','','login'),(13,1,2,'Login','','','login'),(13,1,3,'Login','','','login'),(14,1,1,'Cart','','','cart'),(14,1,2,'Cart','','','cart'),(14,1,3,'Cart','','','cart'),(15,1,1,'Discount','','','discount'),(15,1,2,'Discount','','','discount'),(15,1,3,'Discount','','','discount'),(16,1,1,'Order history','','','order-history'),(16,1,2,'Order history','','','order-history'),(16,1,3,'Order history','','','order-history'),(17,1,1,'Identity','','','identity'),(17,1,2,'Identity','','','identity'),(17,1,3,'Identity','','','identity'),(18,1,1,'My account','','','my-account'),(18,1,2,'My account','','','my-account'),(18,1,3,'My account','','','my-account'),(19,1,1,'Order follow','','','order-follow'),(19,1,2,'Order follow','','','order-follow'),(19,1,3,'Order follow','','','order-follow'),(20,1,1,'Order slip','','','order-slip'),(20,1,2,'Order slip','','','order-slip'),(20,1,3,'Order slip','','','order-slip'),(21,1,1,'Order','','','order'),(21,1,2,'Order','','','order'),(21,1,3,'Order','','','order'),(22,1,1,'Search','','','search'),(22,1,2,'Search','','','search'),(22,1,3,'Search','','','search'),(23,1,1,'Stores','','','stores'),(23,1,2,'Stores','','','stores'),(23,1,3,'Stores','','','stores'),(24,1,1,'Order','','','quick-order'),(24,1,2,'Order','','','quick-order'),(24,1,3,'Order','','','quick-order'),(25,1,1,'Guest tracking','','','guest-tracking'),(25,1,2,'Guest tracking','','','guest-tracking'),(25,1,3,'Guest tracking','','','guest-tracking'),(26,1,1,'Order confirmation','','','order-confirmation'),(26,1,2,'Order confirmation','','','order-confirmation'),(26,1,3,'Order confirmation','','','order-confirmation');

--
-- Table structure for table `ps_module`
--

CREATE TABLE `ps_module` (
  `id_module` int(10) unsigned NOT NULL AUTO_INCREMENT,
  `name` varchar(64) NOT NULL,
  `active` tinyint(1) unsigned NOT NULL DEFAULT '0',
  `version` varchar(8) NOT NULL,
  PRIMARY KEY (`id_module`),
  KEY `name` (`name`)
) ENGINE=InnoDB AUTO_INCREMENT=64 DEFAULT CHARSET=utf8;

--
-- Dumping data for table `ps_module`
--

INSERT INTO `ps_module` (`id_module`, `name`, `active`, `version`) VALUES (1,'carriercompare',1,'1.2'),(2,'bankwire',1,'0.6'),(3,'blockadvertising',1,'0.5'),(4,'blockbestsellers',1,'1.2'),(5,'blockcart',1,'1.3'),(6,'blockcategories',1,'2.0'),(7,'blockcms',1,'1.3'),(8,'blockcontact',1,'1.0'),(9,'blockcontactinfos',1,'1.0'),(10,'blockcurrencies',1,'0.1'),(11,'blocklanguages',1,'1.1'),(12,'blockmanufacturer',1,'1'),(13,'blockmyaccount',1,'1.2'),(14,'blockmyaccountfooter',1,'1.3'),(15,'blocknewproducts',1,'1.5'),(16,'blocknewsletter',1,'1.4'),(17,'blockpaymentlogo',1,'0.2'),(18,'blockpermanentlinks',1,'0.1'),(19,'blockreinsurance',1,'2.0'),(20,'blocksearch',1,'1.3'),(21,'blocksharefb',1,'1.1'),(22,'blocksocial',1,'1.0'),(23,'blockspecials',1,'1.0'),(24,'blockstore',1,'1'),(25,'blocksupplier',1,'1'),(26,'blocktags',1,'1.1'),(27,'blocktopmenu',1,'1.7'),(28,'blockuserinfo',1,'0.1'),(29,'blockviewed',1,'0.9'),(30,'cheque',1,'2.3'),(31,'favoriteproducts',1,'1'),(32,'graphartichow',1,'1'),(33,'graphgooglechart',1,'1'),(34,'graphvisifire',1,'1'),(35,'graphxmlswfcharts',1,'1'),(36,'gridhtml',1,'1'),(37,'homefeatured',1,'1.1'),(38,'homeslider',1,'1.2.2'),(39,'pagesnotfound',1,'1.1'),(40,'sekeywords',1,'1'),(41,'statsbestcategories',1,'1'),(42,'statsbestcustomers',1,'1'),(43,'statsbestproducts',1,'1'),(44,'statsbestsuppliers',1,'1'),(45,'statsbestvouchers',1,'1'),(46,'statscarrier',1,'1'),(47,'statscatalog',1,'1'),(48,'statscheckup',1,'1'),(49,'statsdata',1,'1'),(50,'statsequipment',1,'1'),(51,'statsforecast',1,'1'),(52,'statslive',1,'1'),(53,'statsnewsletter',1,'1'),(54,'statsorigin',1,'1'),(55,'statspersonalinfos',1,'1'),(56,'statsproduct',1,'1'),(57,'statsregistrations',1,'1'),(58,'statssales',1,'1'),(59,'statssearch',1,'1'),(60,'statsstock',1,'1'),(61,'statsvisits',1,'1'),(62,'themeinstallator',1,'2.5'),(63,'gamification',1,'1.7.3');

--
-- Table structure for table `ps_module_access`
--

CREATE TABLE `ps_module_access` (
  `id_profile` int(10) unsigned NOT NULL,
  `id_module` int(10) unsigned NOT NULL,
  `view` tinyint(1) NOT NULL,
  `configure` tinyint(1) NOT NULL,
  PRIMARY KEY (`id_profile`,`id_module`)
) ENGINE=InnoDB DEFAULT CHARSET=utf8;

--
-- Dumping data for table `ps_module_access`
--

INSERT INTO `ps_module_access` (`id_profile`, `id_module`, `view`, `configure`) VALUES (1,1,1,0),(1,2,1,0),(1,3,1,0),(1,4,1,0),(1,5,1,0),(1,6,1,0),(1,7,1,0),(1,8,1,0),(1,9,1,0),(1,10,1,0),(1,11,1,0),(1,12,1,0),(1,13,1,0),(1,14,1,0),(1,15,1,0),(1,16,1,0),(1,17,1,0),(1,18,1,0),(1,19,1,0),(1,20,1,0),(1,21,1,0),(1,22,1,0),(1,23,1,0),(1,24,1,0),(1,25,1,0),(1,26,1,0),(1,27,1,0),(1,28,1,0),(1,29,1,0),(1,30,1,0),(1,31,1,0),(1,32,1,0),(1,33,1,0),(1,34,1,0),(1,35,1,0),(1,36,1,0),(1,37,1,0),(1,38,1,0),(1,39,1,0),(1,40,1,0),(1,41,1,0),(1,42,1,0),(1,43,1,0),(1,44,1,0),(1,45,1,0),(1,46,1,0),(1,47,1,0),(1,48,1,0),(1,49,1,0),(1,50,1,0),(1,51,1,0),(1,52,1,0),(1,53,1,0),(1,54,1,0),(1,55,1,0),(1,56,1,0),(1,57,1,0),(1,58,1,0),(1,59,1,0),(1,60,1,0),(1,61,1,0),(1,62,1,0),(1,63,1,0),(2,1,1,0),(2,2,1,0),(2,3,1,0),(2,4,1,0),(2,5,1,0),(2,6,1,0),(2,7,1,0),(2,8,1,0),(2,9,1,0),(2,10,1,0),(2,11,1,0),(2,12,1,0),(2,13,1,0),(2,14,1,0),(2,15,1,0),(2,16,1,0),(2,17,1,0),(2,18,1,0),(2,19,1,0),(2,20,1,0),(2,21,1,0),(2,22,1,0),(2,23,1,0),(2,24,1,0),(2,25,1,0),(2,26,1,0),(2,27,1,0),(2,28,1,0),(2,29,1,0),(2,30,1,0),(2,31,1,0),(2,32,1,0),(2,33,1,0),(2,34,1,0),(2,35,1,0),(2,36,1,0),(2,37,1,0),(2,38,1,0),(2,39,1,0),(2,40,1,0),(2,41,1,0),(2,42,1,0),(2,43,1,0),(2,44,1,0),(2,45,1,0),(2,46,1,0),(2,47,1,0),(2,48,1,0),(2,49,1,0),(2,50,1,0),(2,51,1,0),(2,52,1,0),(2,53,1,0),(2,54,1,0),(2,55,1,0),(2,56,1,0),(2,57,1,0),(2,58,1,0),(2,59,1,0),(2,60,1,0),(2,61,1,0),(2,62,1,0),(2,63,1,0),(3,1,1,0),(3,2,1,0),(3,3,1,0),(3,4,1,0),(3,5,1,0),(3,6,1,0),(3,7,1,0),(3,8,1,0),(3,9,1,0),(3,10,1,0),(3,11,1,0),(3,12,1,0),(3,13,1,0),(3,14,1,0),(3,15,1,0),(3,16,1,0),(3,17,1,0),(3,18,1,0),(3,19,1,0),(3,20,1,0),(3,21,1,0),(3,22,1,0),(3,23,1,0),(3,24,1,0),(3,25,1,0),(3,26,1,0),(3,27,1,0),(3,28,1,0),(3,29,1,0),(3,30,1,0),(3,31,1,0),(3,32,1,0),(3,33,1,0),(3,34,1,0),(3,35,1,0),(3,36,1,0),(3,37,1,0),(3,38,1,0),(3,39,1,0),(3,40,1,0),(3,41,1,0),(3,42,1,0),(3,43,1,0),(3,44,1,0),(3,45,1,0),(3,46,1,0),(3,47,1,0),(3,48,1,0),(3,49,1,0),(3,50,1,0),(3,51,1,0),(3,52,1,0),(3,53,1,0),(3,54,1,0),(3,55,1,0),(3,56,1,0),(3,57,1,0),(3,58,1,0),(3,59,1,0),(3,60,1,0),(3,61,1,0),(3,62,1,0),(3,63,1,0),(4,1,1,0),(4,2,1,0),(4,3,1,0),(4,4,1,0),(4,5,1,0),(4,6,1,0),(4,7,1,0),(4,8,1,0),(4,9,1,0),(4,10,1,0),(4,11,1,0),(4,12,1,0),(4,13,1,0),(4,14,1,0),(4,15,1,0),(4,16,1,0),(4,17,1,0),(4,18,1,0),(4,19,1,0),(4,20,1,0),(4,21,1,0),(4,22,1,0),(4,23,1,0),(4,24,1,0),(4,25,1,0),(4,26,1,0),(4,27,1,0),(4,28,1,0),(4,29,1,0),(4,30,1,0),(4,31,1,0),(4,32,1,0),(4,33,1,0),(4,34,1,0),(4,35,1,0),(4,36,1,0),(4,37,1,0),(4,38,1,0),(4,39,1,0),(4,40,1,0),(4,41,1,0),(4,42,1,0),(4,43,1,0),(4,44,1,0),(4,45,1,0),(4,46,1,0),(4,47,1,0),(4,48,1,0),(4,49,1,0),(4,50,1,0),(4,51,1,0),(4,52,1,0),(4,53,1,0),(4,54,1,0),(4,55,1,0),(4,56,1,0),(4,57,1,0),(4,58,1,0),(4,59,1,0),(4,60,1,0),(4,61,1,0),(4,62,1,0),(4,63,1,0),(5,1,1,0),(5,2,1,0),(5,3,1,0),(5,4,1,0),(5,5,1,0),(5,6,1,0),(5,7,1,0),(5,8,1,0),(5,9,1,0),(5,10,1,0),(5,11,1,0),(5,12,1,0),(5,13,1,0),(5,14,1,0),(5,15,1,0),(5,16,1,0),(5,17,1,0),(5,18,1,0),(5,19,1,0),(5,20,1,0),(5,21,1,0),(5,22,1,0),(5,23,1,0),(5,24,1,0),(5,25,1,0),(5,26,1,0),(5,27,1,0),(5,28,1,0),(5,29,1,0),(5,30,1,0),(5,31,1,0),(5,32,1,0),(5,33,1,0),(5,34,1,0),(5,35,1,0),(5,36,1,0),(5,37,1,0),(5,38,1,0),(5,39,1,0),(5,40,1,0),(5,41,1,0),(5,42,1,0),(5,43,1,0),(5,44,1,0),(5,45,1,0),(5,46,1,0),(5,47,1,0),(5,48,1,0),(5,49,1,0),(5,50,1,0),(5,51,1,0),(5,52,1,0),(5,53,1,0),(5,54,1,0),(5,55,1,0),(5,56,1,0),(5,57,1,0),(5,58,1,0),(5,59,1,0),(5,60,1,0),(5,61,1,0),(5,62,1,0),(5,63,1,0);

--
-- Table structure for table `ps_module_country`
--

CREATE TABLE `ps_module_country` (
  `id_module` int(10) unsigned NOT NULL,
  `id_shop` int(11) unsigned NOT NULL DEFAULT '1',
  `id_country` int(10) unsigned NOT NULL,
  PRIMARY KEY (`id_module`,`id_shop`,`id_country`)
) ENGINE=InnoDB DEFAULT CHARSET=utf8;

--
-- Dumping data for table `ps_module_country`
--

INSERT INTO `ps_module_country` (`id_module`, `id_shop`, `id_country`) VALUES (2,1,21),(2,1,245),(30,1,21),(30,1,245);

--
-- Table structure for table `ps_module_currency`
--

CREATE TABLE `ps_module_currency` (
  `id_module` int(10) unsigned NOT NULL,
  `id_shop` int(11) unsigned NOT NULL DEFAULT '1',
  `id_currency` int(11) NOT NULL,
  PRIMARY KEY (`id_module`,`id_shop`,`id_currency`),
  KEY `id_module` (`id_module`)
) ENGINE=InnoDB DEFAULT CHARSET=utf8;

--
-- Dumping data for table `ps_module_currency`
--

INSERT INTO `ps_module_currency` (`id_module`, `id_shop`, `id_currency`) VALUES (2,1,1),(30,1,1);

--
-- Table structure for table `ps_module_group`
--

CREATE TABLE `ps_module_group` (
  `id_module` int(10) unsigned NOT NULL,
  `id_shop` int(11) unsigned NOT NULL DEFAULT '1',
  `id_group` int(11) unsigned NOT NULL,
  PRIMARY KEY (`id_module`,`id_shop`,`id_group`)
) ENGINE=InnoDB DEFAULT CHARSET=utf8;

--
-- Dumping data for table `ps_module_group`
--

INSERT INTO `ps_module_group` (`id_module`, `id_shop`, `id_group`) VALUES (1,1,1),(1,1,2),(1,1,3),(2,1,1),(2,1,2),(2,1,3),(3,1,1),(3,1,2),(3,1,3),(4,1,1),(4,1,2),(4,1,3),(5,1,1),(5,1,2),(5,1,3),(6,1,1),(6,1,2),(6,1,3),(7,1,1),(7,1,2),(7,1,3),(8,1,1),(8,1,2),(8,1,3),(9,1,1),(9,1,2),(9,1,3),(10,1,1),(10,1,2),(10,1,3),(11,1,1),(11,1,2),(11,1,3),(12,1,1),(12,1,2),(12,1,3),(13,1,1),(13,1,2),(13,1,3),(14,1,1),(14,1,2),(14,1,3),(15,1,1),(15,1,2),(15,1,3),(16,1,1),(16,1,2),(16,1,3),(17,1,1),(17,1,2),(17,1,3),(18,1,1),(18,1,2),(18,1,3),(19,1,1),(19,1,2),(19,1,3),(20,1,1),(20,1,2),(20,1,3),(21,1,1),(21,1,2),(21,1,3),(22,1,1),(22,1,2),(22,1,3),(23,1,1),(23,1,2),(23,1,3),(24,1,1),(24,1,2),(24,1,3),(25,1,1),(25,1,2),(25,1,3),(26,1,1),(26,1,2),(26,1,3),(27,1,1),(27,1,2),(27,1,3),(28,1,1),(28,1,2),(28,1,3),(29,1,1),(29,1,2),(29,1,3),(30,1,1),(30,1,2),(30,1,3),(31,1,1),(31,1,2),(31,1,3),(32,1,1),(32,1,2),(32,1,3),(33,1,1),(33,1,2),(33,1,3),(34,1,1),(34,1,2),(34,1,3),(35,1,1),(35,1,2),(35,1,3),(36,1,1),(36,1,2),(36,1,3),(37,1,1),(37,1,2),(37,1,3),(38,1,1),(38,1,2),(38,1,3),(39,1,1),(39,1,2),(39,1,3),(40,1,1),(40,1,2),(40,1,3),(41,1,1),(41,1,2),(41,1,3),(42,1,1),(42,1,2),(42,1,3),(43,1,1),(43,1,2),(43,1,3),(44,1,1),(44,1,2),(44,1,3),(45,1,1),(45,1,2),(45,1,3),(46,1,1),(46,1,2),(46,1,3),(47,1,1),(47,1,2),(47,1,3),(48,1,1),(48,1,2),(48,1,3),(49,1,1),(49,1,2),(49,1,3),(50,1,1),(50,1,2),(50,1,3),(51,1,1),(51,1,2),(51,1,3),(52,1,1),(52,1,2),(52,1,3),(53,1,1),(53,1,2),(53,1,3),(54,1,1),(54,1,2),(54,1,3),(55,1,1),(55,1,2),(55,1,3),(56,1,1),(56,1,2),(56,1,3),(57,1,1),(57,1,2),(57,1,3),(58,1,1),(58,1,2),(58,1,3),(59,1,1),(59,1,2),(59,1,3),(60,1,1),(60,1,2),(60,1,3),(61,1,1),(61,1,2),(61,1,3),(62,1,1),(62,1,2),(62,1,3),(63,1,1),(63,1,2),(63,1,3);

--
-- Table structure for table `ps_module_preference`
--

CREATE TABLE `ps_module_preference` (
  `id_module_preference` int(11) NOT NULL AUTO_INCREMENT,
  `id_employee` int(11) NOT NULL,
  `module` varchar(255) NOT NULL,
  `interest` tinyint(1) DEFAULT NULL,
  `favorite` tinyint(1) DEFAULT NULL,
  PRIMARY KEY (`id_module_preference`),
  UNIQUE KEY `employee_module` (`id_employee`,`module`)
) ENGINE=InnoDB DEFAULT CHARSET=utf8;

--
-- Dumping data for table `ps_module_preference`
--


--
-- Table structure for table `ps_module_shop`
--

CREATE TABLE `ps_module_shop` (
  `id_module` int(11) unsigned NOT NULL,
  `id_shop` int(11) unsigned NOT NULL,
  PRIMARY KEY (`id_module`,`id_shop`),
  KEY `id_shop` (`id_shop`)
) ENGINE=InnoDB DEFAULT CHARSET=utf8;

--
-- Dumping data for table `ps_module_shop`
--

INSERT INTO `ps_module_shop` (`id_module`, `id_shop`) VALUES (1,1),(2,1),(3,1),(4,1),(5,1),(6,1),(7,1),(8,1),(9,1),(10,1),(11,1),(12,1),(13,1),(14,1),(15,1),(16,1),(17,1),(18,1),(19,1),(20,1),(21,1),(22,1),(23,1),(24,1),(25,1),(26,1),(27,1),(28,1),(29,1),(30,1),(31,1),(32,1),(33,1),(34,1),(35,1),(36,1),(37,1),(38,1),(39,1),(40,1),(41,1),(42,1),(43,1),(44,1),(45,1),(46,1),(47,1),(48,1),(49,1),(50,1),(51,1),(52,1),(53,1),(54,1),(55,1),(56,1),(57,1),(58,1),(59,1),(60,1),(61,1),(62,1),(63,1);

--
-- Table structure for table `ps_newsletter`
--

CREATE TABLE `ps_newsletter` (
  `id` int(6) NOT NULL AUTO_INCREMENT,
  `id_shop` int(10) unsigned NOT NULL DEFAULT '1',
  `id_shop_group` int(10) unsigned NOT NULL DEFAULT '1',
  `email` varchar(255) NOT NULL,
  `newsletter_date_add` datetime DEFAULT NULL,
  `ip_registration_newsletter` varchar(15) NOT NULL,
  `http_referer` varchar(255) DEFAULT NULL,
  `active` tinyint(1) NOT NULL DEFAULT '0',
  PRIMARY KEY (`id`)
) ENGINE=InnoDB DEFAULT CHARSET=utf8;

--
-- Dumping data for table `ps_newsletter`
--


--
-- Table structure for table `ps_operating_system`
--

CREATE TABLE `ps_operating_system` (
  `id_operating_system` int(10) unsigned NOT NULL AUTO_INCREMENT,
  `name` varchar(64) DEFAULT NULL,
  PRIMARY KEY (`id_operating_system`)
) ENGINE=InnoDB AUTO_INCREMENT=8 DEFAULT CHARSET=utf8;

--
-- Dumping data for table `ps_operating_system`
--

INSERT INTO `ps_operating_system` (`id_operating_system`, `name`) VALUES (1,'Windows XP'),(2,'Windows Vista'),(3,'Windows 7'),(4,'Windows 8'),(5,'MacOsX'),(6,'Linux'),(7,'Android');

--
-- Table structure for table `ps_order_carrier`
--

CREATE TABLE `ps_order_carrier` (
  `id_order_carrier` int(11) NOT NULL AUTO_INCREMENT,
  `id_order` int(11) unsigned NOT NULL,
  `id_carrier` int(11) unsigned NOT NULL,
  `id_order_invoice` int(11) unsigned DEFAULT NULL,
  `weight` decimal(20,6) DEFAULT NULL,
  `shipping_cost_tax_excl` decimal(20,6) DEFAULT NULL,
  `shipping_cost_tax_incl` decimal(20,6) DEFAULT NULL,
  `tracking_number` varchar(64) DEFAULT NULL,
  `date_add` datetime NOT NULL,
  PRIMARY KEY (`id_order_carrier`),
  KEY `id_order` (`id_order`),
  KEY `id_carrier` (`id_carrier`),
  KEY `id_order_invoice` (`id_order_invoice`)
) ENGINE=InnoDB AUTO_INCREMENT=3 DEFAULT CHARSET=utf8;

--
-- Dumping data for table `ps_order_carrier`
--

INSERT INTO `ps_order_carrier` (`id_order_carrier`, `id_order`, `id_carrier`, `id_order_invoice`, `weight`, `shipping_cost_tax_excl`, `shipping_cost_tax_incl`, `tracking_number`, `date_add`) VALUES (1,1,2,0,0.000000,0.000000,0.000000,'xz222716271','2014-01-24 18:57:58'),(2,2,2,0,0.000000,2.000000,2.000000,'sss3333555f','2014-01-24 06:20:15');

--
-- Table structure for table `ps_order_cart_rule`
--

CREATE TABLE `ps_order_cart_rule` (
  `id_order_cart_rule` int(10) unsigned NOT NULL AUTO_INCREMENT,
  `id_order` int(10) unsigned NOT NULL,
  `id_cart_rule` int(10) unsigned NOT NULL,
  `id_order_invoice` int(10) unsigned DEFAULT '0',
  `name` varchar(254) NOT NULL,
  `value` decimal(17,2) NOT NULL DEFAULT '0.00',
  `value_tax_excl` decimal(17,2) NOT NULL DEFAULT '0.00',
  `free_shipping` tinyint(1) NOT NULL DEFAULT '0',
  PRIMARY KEY (`id_order_cart_rule`),
  KEY `id_order` (`id_order`),
  KEY `id_cart_rule` (`id_cart_rule`)
) ENGINE=InnoDB DEFAULT CHARSET=utf8;

--
-- Dumping data for table `ps_order_cart_rule`
--


--
-- Table structure for table `ps_order_detail`
--

CREATE TABLE `ps_order_detail` (
  `id_order_detail` int(10) unsigned NOT NULL AUTO_INCREMENT,
  `id_order` int(10) unsigned NOT NULL,
  `id_order_invoice` int(11) DEFAULT NULL,
  `id_warehouse` int(10) unsigned DEFAULT '0',
  `id_shop` int(11) unsigned NOT NULL,
  `product_id` int(10) unsigned NOT NULL,
  `product_attribute_id` int(10) unsigned DEFAULT NULL,
  `product_name` varchar(255) NOT NULL,
  `product_quantity` int(10) unsigned NOT NULL DEFAULT '0',
  `product_quantity_in_stock` int(10) NOT NULL DEFAULT '0',
  `product_quantity_refunded` int(10) unsigned NOT NULL DEFAULT '0',
  `product_quantity_return` int(10) unsigned NOT NULL DEFAULT '0',
  `product_quantity_reinjected` int(10) unsigned NOT NULL DEFAULT '0',
  `product_price` decimal(20,6) NOT NULL DEFAULT '0.000000',
  `reduction_percent` decimal(10,2) NOT NULL DEFAULT '0.00',
  `reduction_amount` decimal(20,6) NOT NULL DEFAULT '0.000000',
  `reduction_amount_tax_incl` decimal(20,6) NOT NULL DEFAULT '0.000000',
  `reduction_amount_tax_excl` decimal(20,6) NOT NULL DEFAULT '0.000000',
  `group_reduction` decimal(10,2) NOT NULL DEFAULT '0.00',
  `product_quantity_discount` decimal(20,6) NOT NULL DEFAULT '0.000000',
  `product_ean13` varchar(13) DEFAULT NULL,
  `product_upc` varchar(12) DEFAULT NULL,
  `product_reference` varchar(32) DEFAULT NULL,
  `product_supplier_reference` varchar(32) DEFAULT NULL,
  `product_weight` decimal(20,6) NOT NULL,
  `tax_computation_method` tinyint(1) unsigned NOT NULL DEFAULT '0',
  `tax_name` varchar(16) NOT NULL,
  `tax_rate` decimal(10,3) NOT NULL DEFAULT '0.000',
  `ecotax` decimal(21,6) NOT NULL DEFAULT '0.000000',
  `ecotax_tax_rate` decimal(5,3) NOT NULL DEFAULT '0.000',
  `discount_quantity_applied` tinyint(1) NOT NULL DEFAULT '0',
  `download_hash` varchar(255) DEFAULT NULL,
  `download_nb` int(10) unsigned DEFAULT '0',
  `download_deadline` datetime DEFAULT NULL,
  `total_price_tax_incl` decimal(20,6) NOT NULL DEFAULT '0.000000',
  `total_price_tax_excl` decimal(20,6) NOT NULL DEFAULT '0.000000',
  `unit_price_tax_incl` decimal(20,6) NOT NULL DEFAULT '0.000000',
  `unit_price_tax_excl` decimal(20,6) NOT NULL DEFAULT '0.000000',
  `total_shipping_price_tax_incl` decimal(20,6) NOT NULL DEFAULT '0.000000',
  `total_shipping_price_tax_excl` decimal(20,6) NOT NULL DEFAULT '0.000000',
  `purchase_supplier_price` decimal(20,6) NOT NULL DEFAULT '0.000000',
  `original_product_price` decimal(20,6) NOT NULL DEFAULT '0.000000',
  PRIMARY KEY (`id_order_detail`),
  KEY `order_detail_order` (`id_order`),
  KEY `product_id` (`product_id`),
  KEY `product_attribute_id` (`product_attribute_id`),
  KEY `id_order_id_order_detail` (`id_order`,`id_order_detail`)
) ENGINE=InnoDB AUTO_INCREMENT=4 DEFAULT CHARSET=utf8;

--
-- Dumping data for table `ps_order_detail`
--

INSERT INTO `ps_order_detail` (`id_order_detail`, `id_order`, `id_order_invoice`, `id_warehouse`, `id_shop`, `product_id`, `product_attribute_id`, `product_name`, `product_quantity`, `product_quantity_in_stock`, `product_quantity_refunded`, `product_quantity_return`, `product_quantity_reinjected`, `product_price`, `reduction_percent`, `reduction_amount`, `reduction_amount_tax_incl`, `reduction_amount_tax_excl`, `group_reduction`, `product_quantity_discount`, `product_ean13`, `product_upc`, `product_reference`, `product_supplier_reference`, `product_weight`, `tax_computation_method`, `tax_name`, `tax_rate`, `ecotax`, `ecotax_tax_rate`, `discount_quantity_applied`, `download_hash`, `download_nb`, `download_deadline`, `total_price_tax_incl`, `total_price_tax_excl`, `unit_price_tax_incl`, `unit_price_tax_excl`, `total_shipping_price_tax_incl`, `total_shipping_price_tax_excl`, `purchase_supplier_price`, `original_product_price`) VALUES (1,1,0,0,1,5,11,'iPod touch - Capacité: 32Go',1,0,0,0,0,392.140500,0.00,0.000000,0.000000,0.000000,0.00,0.000000,'','','','',0.000000,0,'',0.000,0.000000,0.000,0,'',0,'0000-00-00 00:00:00',469.000000,392.140000,469.000000,392.140468,0.000000,0.000000,0.000000,0.000000),(2,1,0,0,1,7,0,'Écouteurs à isolation sonore Shure SE210',1,0,0,0,0,124.581900,0.00,0.000000,0.000000,0.000000,0.00,0.000000,'','','','',0.000000,0,'',0.000,0.000000,0.000,0,'',0,'0000-00-00 00:00:00',149.000000,124.580000,149.000000,124.581940,0.000000,0.000000,0.000000,0.000000),(3,2,0,0,1,2,2,'iPod shuffle - Color : Green',1,1,0,0,0,66.053500,0.00,0.000000,0.000000,0.000000,0.00,0.000000,'','','demo_2','',0.000000,0,'',0.000,0.000000,0.000,0,'',0,'0000-00-00 00:00:00',66.050000,66.050000,66.050000,66.050000,0.000000,0.000000,0.000000,66.053500);

--
-- Table structure for table `ps_order_detail_tax`
--

CREATE TABLE `ps_order_detail_tax` (
  `id_order_detail` int(11) NOT NULL,
  `id_tax` int(11) NOT NULL,
  `unit_amount` decimal(16,6) NOT NULL DEFAULT '0.000000',
  `total_amount` decimal(16,6) NOT NULL DEFAULT '0.000000'
) ENGINE=InnoDB DEFAULT CHARSET=utf8;

--
-- Dumping data for table `ps_order_detail_tax`
--


--
-- Table structure for table `ps_order_history`
--

CREATE TABLE `ps_order_history` (
  `id_order_history` int(10) unsigned NOT NULL AUTO_INCREMENT,
  `id_employee` int(10) unsigned NOT NULL,
  `id_order` int(10) unsigned NOT NULL,
  `id_order_state` int(10) unsigned NOT NULL,
  `date_add` datetime NOT NULL,
  PRIMARY KEY (`id_order_history`),
  KEY `order_history_order` (`id_order`),
  KEY `id_employee` (`id_employee`),
  KEY `id_order_state` (`id_order_state`)
) ENGINE=InnoDB AUTO_INCREMENT=3 DEFAULT CHARSET=utf8;

--
-- Dumping data for table `ps_order_history`
--

INSERT INTO `ps_order_history` (`id_order_history`, `id_employee`, `id_order`, `id_order_state`, `date_add`) VALUES (1,0,1,1,'2014-01-24 18:57:58'),(2,0,2,1,'2014-01-24 06:20:15');

--
-- Table structure for table `ps_order_invoice`
--

CREATE TABLE `ps_order_invoice` (
  `id_order_invoice` int(11) unsigned NOT NULL AUTO_INCREMENT,
  `id_order` int(11) NOT NULL,
  `number` int(11) NOT NULL,
  `delivery_number` int(11) NOT NULL,
  `delivery_date` datetime DEFAULT NULL,
  `total_discount_tax_excl` decimal(17,2) NOT NULL DEFAULT '0.00',
  `total_discount_tax_incl` decimal(17,2) NOT NULL DEFAULT '0.00',
  `total_paid_tax_excl` decimal(17,2) NOT NULL DEFAULT '0.00',
  `total_paid_tax_incl` decimal(17,2) NOT NULL DEFAULT '0.00',
  `total_products` decimal(17,2) NOT NULL DEFAULT '0.00',
  `total_products_wt` decimal(17,2) NOT NULL DEFAULT '0.00',
  `total_shipping_tax_excl` decimal(17,2) NOT NULL DEFAULT '0.00',
  `total_shipping_tax_incl` decimal(17,2) NOT NULL DEFAULT '0.00',
  `shipping_tax_computation_method` int(10) unsigned NOT NULL,
  `total_wrapping_tax_excl` decimal(17,2) NOT NULL DEFAULT '0.00',
  `total_wrapping_tax_incl` decimal(17,2) NOT NULL DEFAULT '0.00',
  `note` text,
  `date_add` datetime NOT NULL,
  PRIMARY KEY (`id_order_invoice`),
  KEY `id_order` (`id_order`)
) ENGINE=InnoDB DEFAULT CHARSET=utf8;

--
-- Dumping data for table `ps_order_invoice`
--


--
-- Table structure for table `ps_order_invoice_payment`
--

CREATE TABLE `ps_order_invoice_payment` (
  `id_order_invoice` int(11) unsigned NOT NULL,
  `id_order_payment` int(11) unsigned NOT NULL,
  `id_order` int(11) unsigned NOT NULL,
  PRIMARY KEY (`id_order_invoice`,`id_order_payment`),
  KEY `order_payment` (`id_order_payment`),
  KEY `id_order` (`id_order`)
) ENGINE=InnoDB DEFAULT CHARSET=utf8;

--
-- Dumping data for table `ps_order_invoice_payment`
--


--
-- Table structure for table `ps_order_invoice_tax`
--

CREATE TABLE `ps_order_invoice_tax` (
  `id_order_invoice` int(11) NOT NULL,
  `type` varchar(15) NOT NULL,
  `id_tax` int(11) NOT NULL,
  `amount` decimal(10,6) NOT NULL DEFAULT '0.000000'
) ENGINE=InnoDB DEFAULT CHARSET=utf8;

--
-- Dumping data for table `ps_order_invoice_tax`
--


--
-- Table structure for table `ps_order_message`
--

CREATE TABLE `ps_order_message` (
  `id_order_message` int(10) unsigned NOT NULL AUTO_INCREMENT,
  `date_add` datetime NOT NULL,
  PRIMARY KEY (`id_order_message`)
) ENGINE=InnoDB AUTO_INCREMENT=2 DEFAULT CHARSET=utf8;

--
-- Dumping data for table `ps_order_message`
--

INSERT INTO `ps_order_message` (`id_order_message`, `date_add`) VALUES (1,'2014-01-24 18:57:58');

--
-- Table structure for table `ps_order_message_lang`
--

CREATE TABLE `ps_order_message_lang` (
  `id_order_message` int(10) unsigned NOT NULL,
  `id_lang` int(10) unsigned NOT NULL,
  `name` varchar(128) NOT NULL,
  `message` text NOT NULL,
  PRIMARY KEY (`id_order_message`,`id_lang`)
) ENGINE=InnoDB DEFAULT CHARSET=utf8;

--
-- Dumping data for table `ps_order_message_lang`
--

INSERT INTO `ps_order_message_lang` (`id_order_message`, `id_lang`, `name`, `message`) VALUES (1,1,'Delay','Hi,\n\nUnfortunately, an item on your order is currently out of stock. This may cause a slight delay in delivery.\nPlease accept our apologies and rest assured that we are working hard to rectify this.\n\nBest regards,'),(1,2,'Delay','Hi,\n\nUnfortunately, an item on your order is currently out of stock. This may cause a slight delay in delivery.\nPlease accept our apologies and rest assured that we are working hard to rectify this.\n\nBest regards,'),(1,3,'Delay','Hi,\n\nUnfortunately, an item on your order is currently out of stock. This may cause a slight delay in delivery.\nPlease accept our apologies and rest assured that we are working hard to rectify this.\n\nBest regards,');

--
-- Table structure for table `ps_order_payment`
--

CREATE TABLE `ps_order_payment` (
  `id_order_payment` int(11) NOT NULL AUTO_INCREMENT,
  `order_reference` varchar(9) DEFAULT NULL,
  `id_currency` int(10) unsigned NOT NULL,
  `amount` decimal(10,2) NOT NULL,
  `payment_method` varchar(255) NOT NULL,
  `conversion_rate` decimal(13,6) NOT NULL DEFAULT '1.000000',
  `transaction_id` varchar(254) DEFAULT NULL,
  `card_number` varchar(254) DEFAULT NULL,
  `card_brand` varchar(254) DEFAULT NULL,
  `card_expiration` char(7) DEFAULT NULL,
  `card_holder` varchar(254) DEFAULT NULL,
  `date_add` datetime NOT NULL,
  PRIMARY KEY (`id_order_payment`),
  KEY `order_reference` (`order_reference`)
) ENGINE=InnoDB DEFAULT CHARSET=utf8;

--
-- Dumping data for table `ps_order_payment`
--


--
-- Table structure for table `ps_order_return`
--

CREATE TABLE `ps_order_return` (
  `id_order_return` int(10) unsigned NOT NULL AUTO_INCREMENT,
  `id_customer` int(10) unsigned NOT NULL,
  `id_order` int(10) unsigned NOT NULL,
  `state` tinyint(1) unsigned NOT NULL DEFAULT '1',
  `question` text NOT NULL,
  `date_add` datetime NOT NULL,
  `date_upd` datetime NOT NULL,
  PRIMARY KEY (`id_order_return`),
  KEY `order_return_customer` (`id_customer`),
  KEY `id_order` (`id_order`)
) ENGINE=InnoDB DEFAULT CHARSET=utf8;

--
-- Dumping data for table `ps_order_return`
--


--
-- Table structure for table `ps_order_return_detail`
--

CREATE TABLE `ps_order_return_detail` (
  `id_order_return` int(10) unsigned NOT NULL,
  `id_order_detail` int(10) unsigned NOT NULL,
  `id_customization` int(10) unsigned NOT NULL DEFAULT '0',
  `product_quantity` int(10) unsigned NOT NULL DEFAULT '0',
  PRIMARY KEY (`id_order_return`,`id_order_detail`,`id_customization`)
) ENGINE=InnoDB DEFAULT CHARSET=utf8;

--
-- Dumping data for table `ps_order_return_detail`
--


--
-- Table structure for table `ps_order_return_state`
--

CREATE TABLE `ps_order_return_state` (
  `id_order_return_state` int(10) unsigned NOT NULL AUTO_INCREMENT,
  `color` varchar(32) DEFAULT NULL,
  PRIMARY KEY (`id_order_return_state`)
) ENGINE=InnoDB AUTO_INCREMENT=6 DEFAULT CHARSET=utf8;

--
-- Dumping data for table `ps_order_return_state`
--

INSERT INTO `ps_order_return_state` (`id_order_return_state`, `color`) VALUES (1,'RoyalBlue'),(2,'BlueViolet'),(3,'LimeGreen'),(4,'Crimson'),(5,'#108510');

--
-- Table structure for table `ps_order_return_state_lang`
--

CREATE TABLE `ps_order_return_state_lang` (
  `id_order_return_state` int(10) unsigned NOT NULL,
  `id_lang` int(10) unsigned NOT NULL,
  `name` varchar(64) NOT NULL,
  PRIMARY KEY (`id_order_return_state`,`id_lang`)
) ENGINE=InnoDB DEFAULT CHARSET=utf8;

--
-- Dumping data for table `ps_order_return_state_lang`
--

INSERT INTO `ps_order_return_state_lang` (`id_order_return_state`, `id_lang`, `name`) VALUES (1,1,'Waiting for confirmation'),(1,2,'Waiting for confirmation'),(1,3,'Waiting for confirmation'),(2,1,'Waiting for package'),(2,2,'Waiting for package'),(2,3,'Waiting for package'),(3,1,'Package received'),(3,2,'Package received'),(3,3,'Package received'),(4,1,'Return denied'),(4,2,'Return denied'),(4,3,'Return denied'),(5,1,'Return completed'),(5,2,'Return completed'),(5,3,'Return completed');

--
-- Table structure for table `ps_order_slip`
--

CREATE TABLE `ps_order_slip` (
  `id_order_slip` int(10) unsigned NOT NULL AUTO_INCREMENT,
  `conversion_rate` decimal(13,6) NOT NULL DEFAULT '1.000000',
  `id_customer` int(10) unsigned NOT NULL,
  `id_order` int(10) unsigned NOT NULL,
  `shipping_cost` tinyint(3) unsigned NOT NULL DEFAULT '0',
  `amount` decimal(10,2) NOT NULL,
  `shipping_cost_amount` decimal(10,2) NOT NULL,
  `partial` tinyint(1) NOT NULL,
  `date_add` datetime NOT NULL,
  `date_upd` datetime NOT NULL,
  PRIMARY KEY (`id_order_slip`),
  KEY `order_slip_customer` (`id_customer`),
  KEY `id_order` (`id_order`)
) ENGINE=InnoDB DEFAULT CHARSET=utf8;

--
-- Dumping data for table `ps_order_slip`
--


--
-- Table structure for table `ps_order_slip_detail`
--

CREATE TABLE `ps_order_slip_detail` (
  `id_order_slip` int(10) unsigned NOT NULL,
  `id_order_detail` int(10) unsigned NOT NULL,
  `product_quantity` int(10) unsigned NOT NULL DEFAULT '0',
  `amount_tax_excl` decimal(10,2) DEFAULT NULL,
  `amount_tax_incl` decimal(10,2) DEFAULT NULL,
  PRIMARY KEY (`id_order_slip`,`id_order_detail`)
) ENGINE=InnoDB DEFAULT CHARSET=utf8;

--
-- Dumping data for table `ps_order_slip_detail`
--


--
-- Table structure for table `ps_order_state`
--

CREATE TABLE `ps_order_state` (
  `id_order_state` int(10) unsigned NOT NULL AUTO_INCREMENT,
  `invoice` tinyint(1) unsigned DEFAULT '0',
  `send_email` tinyint(1) unsigned NOT NULL DEFAULT '0',
  `module_name` varchar(255) DEFAULT NULL,
  `color` varchar(32) DEFAULT NULL,
  `unremovable` tinyint(1) unsigned NOT NULL,
  `hidden` tinyint(1) unsigned NOT NULL DEFAULT '0',
  `logable` tinyint(1) NOT NULL DEFAULT '0',
  `delivery` tinyint(1) unsigned NOT NULL DEFAULT '0',
  `shipped` tinyint(1) unsigned NOT NULL DEFAULT '0',
  `paid` tinyint(1) unsigned NOT NULL DEFAULT '0',
  `deleted` tinyint(1) unsigned NOT NULL DEFAULT '0',
  PRIMARY KEY (`id_order_state`),
  KEY `module_name` (`module_name`)
) ENGINE=InnoDB AUTO_INCREMENT=13 DEFAULT CHARSET=utf8;

--
-- Dumping data for table `ps_order_state`
--

INSERT INTO `ps_order_state` (`id_order_state`, `invoice`, `send_email`, `module_name`, `color`, `unremovable`, `hidden`, `logable`, `delivery`, `shipped`, `paid`, `deleted`) VALUES (1,0,1,'cheque','RoyalBlue',1,0,0,0,0,0,0),(2,1,1,'','LimeGreen',1,0,1,0,0,1,0),(3,1,1,'','DarkOrange',1,0,1,1,0,1,0),(4,1,1,'','BlueViolet',1,0,1,1,1,1,0),(5,1,0,'','#108510',1,0,1,1,1,1,0),(6,0,1,'','Crimson',1,0,0,0,0,0,0),(7,1,1,'','#ec2e15',1,0,0,0,0,0,0),(8,0,1,'','#8f0621',1,0,0,0,0,0,0),(9,1,1,'','HotPink',1,0,0,0,0,1,0),(10,0,1,'bankwire','RoyalBlue',1,0,0,0,0,0,0),(11,0,0,'','RoyalBlue',1,0,0,0,0,0,0),(12,1,1,'','LimeGreen',1,0,1,0,0,1,0);

--
-- Table structure for table `ps_order_state_lang`
--

CREATE TABLE `ps_order_state_lang` (
  `id_order_state` int(10) unsigned NOT NULL,
  `id_lang` int(10) unsigned NOT NULL,
  `name` varchar(64) NOT NULL,
  `template` varchar(64) NOT NULL,
  PRIMARY KEY (`id_order_state`,`id_lang`)
) ENGINE=InnoDB DEFAULT CHARSET=utf8;

--
-- Dumping data for table `ps_order_state_lang`
--

INSERT INTO `ps_order_state_lang` (`id_order_state`, `id_lang`, `name`, `template`) VALUES (1,1,'Awaiting cheque payment','cheque'),(1,2,'Awaiting cheque payment','cheque'),(1,3,'Awaiting cheque payment','cheque'),(2,1,'Payment accepted','payment'),(2,2,'Payment accepted','payment'),(2,3,'Payment accepted','payment'),(3,1,'Preparation in progress','preparation'),(3,2,'Preparation in progress','preparation'),(3,3,'Preparation in progress','preparation'),(4,1,'Shipped','shipped'),(4,2,'Shipped','shipped'),(4,3,'Shipped','shipped'),(5,1,'Delivered',''),(5,2,'Delivered',''),(5,3,'Delivered',''),(6,1,'Canceled','order_canceled'),(6,2,'Canceled','order_canceled'),(6,3,'Canceled','order_canceled'),(7,1,'Refund','refund'),(7,2,'Refund','refund'),(7,3,'Refund','refund'),(8,1,'Payment error','payment_error'),(8,2,'Payment error','payment_error'),(8,3,'Payment error','payment_error'),(9,1,'On backorder','outofstock'),(9,2,'On backorder','outofstock'),(9,3,'On backorder','outofstock'),(10,1,'Awaiting bank wire payment','bankwire'),(10,2,'Awaiting bank wire payment','bankwire'),(10,3,'Awaiting bank wire payment','bankwire'),(11,1,'Awaiting PayPal payment',''),(11,2,'Awaiting PayPal payment',''),(11,3,'Awaiting PayPal payment',''),(12,1,'Payment remotely accepted','payment'),(12,2,'Payment remotely accepted','payment'),(12,3,'Payment remotely accepted','payment');

--
-- Table structure for table `ps_orders`
--

CREATE TABLE `ps_orders` (
  `id_order` int(10) unsigned NOT NULL AUTO_INCREMENT,
  `reference` varchar(9) DEFAULT NULL,
  `id_shop_group` int(11) unsigned NOT NULL DEFAULT '1',
  `id_shop` int(11) unsigned NOT NULL DEFAULT '1',
  `id_carrier` int(10) unsigned NOT NULL,
  `id_lang` int(10) unsigned NOT NULL,
  `id_customer` int(10) unsigned NOT NULL,
  `id_cart` int(10) unsigned NOT NULL,
  `id_currency` int(10) unsigned NOT NULL,
  `id_address_delivery` int(10) unsigned NOT NULL,
  `id_address_invoice` int(10) unsigned NOT NULL,
  `current_state` int(10) unsigned NOT NULL,
  `secure_key` varchar(32) NOT NULL DEFAULT '-1',
  `payment` varchar(255) NOT NULL,
  `conversion_rate` decimal(13,6) NOT NULL DEFAULT '1.000000',
  `module` varchar(255) DEFAULT NULL,
  `recyclable` tinyint(1) unsigned NOT NULL DEFAULT '0',
  `gift` tinyint(1) unsigned NOT NULL DEFAULT '0',
  `gift_message` text,
  `mobile_theme` tinyint(1) NOT NULL DEFAULT '0',
  `shipping_number` varchar(32) DEFAULT NULL,
  `total_discounts` decimal(17,2) NOT NULL DEFAULT '0.00',
  `total_discounts_tax_incl` decimal(17,2) NOT NULL DEFAULT '0.00',
  `total_discounts_tax_excl` decimal(17,2) NOT NULL DEFAULT '0.00',
  `total_paid` decimal(17,2) NOT NULL DEFAULT '0.00',
  `total_paid_tax_incl` decimal(17,2) NOT NULL DEFAULT '0.00',
  `total_paid_tax_excl` decimal(17,2) NOT NULL DEFAULT '0.00',
  `total_paid_real` decimal(17,2) NOT NULL DEFAULT '0.00',
  `total_products` decimal(17,2) NOT NULL DEFAULT '0.00',
  `total_products_wt` decimal(17,2) NOT NULL DEFAULT '0.00',
  `total_shipping` decimal(17,2) NOT NULL DEFAULT '0.00',
  `total_shipping_tax_incl` decimal(17,2) NOT NULL DEFAULT '0.00',
  `total_shipping_tax_excl` decimal(17,2) NOT NULL DEFAULT '0.00',
  `carrier_tax_rate` decimal(10,3) NOT NULL DEFAULT '0.000',
  `total_wrapping` decimal(17,2) NOT NULL DEFAULT '0.00',
  `total_wrapping_tax_incl` decimal(17,2) NOT NULL DEFAULT '0.00',
  `total_wrapping_tax_excl` decimal(17,2) NOT NULL DEFAULT '0.00',
  `invoice_number` int(10) unsigned NOT NULL DEFAULT '0',
  `delivery_number` int(10) unsigned NOT NULL DEFAULT '0',
  `invoice_date` datetime NOT NULL,
  `delivery_date` datetime NOT NULL,
  `valid` int(1) unsigned NOT NULL DEFAULT '0',
  `date_add` datetime NOT NULL,
  `date_upd` datetime NOT NULL,
  PRIMARY KEY (`id_order`),
  KEY `id_customer` (`id_customer`),
  KEY `id_cart` (`id_cart`),
  KEY `invoice_number` (`invoice_number`),
  KEY `id_carrier` (`id_carrier`),
  KEY `id_lang` (`id_lang`),
  KEY `id_currency` (`id_currency`),
  KEY `id_address_delivery` (`id_address_delivery`),
  KEY `id_address_invoice` (`id_address_invoice`),
  KEY `id_shop_group` (`id_shop_group`),
  KEY `id_shop` (`id_shop`),
  KEY `date_add` (`date_add`)
) ENGINE=InnoDB AUTO_INCREMENT=3 DEFAULT CHARSET=utf8;

--
-- Dumping data for table `ps_orders`
--

INSERT INTO `ps_orders` (`id_order`, `reference`, `id_shop_group`, `id_shop`, `id_carrier`, `id_lang`, `id_customer`, `id_cart`, `id_currency`, `id_address_delivery`, `id_address_invoice`, `current_state`, `secure_key`, `payment`, `conversion_rate`, `module`, `recyclable`, `gift`, `gift_message`, `mobile_theme`, `shipping_number`, `total_discounts`, `total_discounts_tax_incl`, `total_discounts_tax_excl`, `total_paid`, `total_paid_tax_incl`, `total_paid_tax_excl`, `total_paid_real`, `total_products`, `total_products_wt`, `total_shipping`, `total_shipping_tax_incl`, `total_shipping_tax_excl`, `carrier_tax_rate`, `total_wrapping`, `total_wrapping_tax_incl`, `total_wrapping_tax_excl`, `invoice_number`, `delivery_number`, `invoice_date`, `delivery_date`, `valid`, `date_add`, `date_upd`) VALUES (1,'XKBKNABJK',1,1,2,1,1,1,1,2,2,1,'47ce86627c1f3c792a80773c5d2deaf8','Chèque',1.000000,'cheque',0,0,'',0,'xz222716271',0.00,0.00,0.00,626.37,626.37,523.72,0.00,516.72,618.00,7.98,8.37,7.00,19.600,0.00,0.00,0.00,0,0,'0000-00-00 00:00:00','0000-00-00 00:00:00',0,'2014-01-24 18:57:58','2014-01-24 06:19:52'),(2,'YEYTZZZZN',1,1,2,1,2,2,1,5,5,1,'3b054aa240656435d9a04886658dc280','Payment by check',1.000000,'cheque',0,0,'',0,'sss3333555f',0.00,0.00,0.00,68.05,68.05,68.05,0.00,66.05,66.05,2.00,2.00,2.00,0.000,0.00,0.00,0.00,0,0,'0000-00-00 00:00:00','0000-00-00 00:00:00',0,'2014-01-24 06:20:15','2014-01-24 06:20:55');

--
-- Table structure for table `ps_pack`
--

CREATE TABLE `ps_pack` (
  `id_product_pack` int(10) unsigned NOT NULL,
  `id_product_item` int(10) unsigned NOT NULL,
  `quantity` int(10) unsigned NOT NULL DEFAULT '1',
  PRIMARY KEY (`id_product_pack`,`id_product_item`)
) ENGINE=InnoDB DEFAULT CHARSET=utf8;

--
-- Dumping data for table `ps_pack`
--


--
-- Table structure for table `ps_page`
--

CREATE TABLE `ps_page` (
  `id_page` int(10) unsigned NOT NULL AUTO_INCREMENT,
  `id_page_type` int(10) unsigned NOT NULL,
  `id_object` int(10) unsigned DEFAULT NULL,
  PRIMARY KEY (`id_page`),
  KEY `id_page_type` (`id_page_type`),
  KEY `id_object` (`id_object`)
) ENGINE=InnoDB AUTO_INCREMENT=2 DEFAULT CHARSET=utf8;

--
-- Dumping data for table `ps_page`
--

INSERT INTO `ps_page` (`id_page`, `id_page_type`, `id_object`) VALUES (1,1,NULL);

--
-- Table structure for table `ps_page_type`
--

CREATE TABLE `ps_page_type` (
  `id_page_type` int(10) unsigned NOT NULL AUTO_INCREMENT,
  `name` varchar(255) NOT NULL,
  PRIMARY KEY (`id_page_type`),
  KEY `name` (`name`)
) ENGINE=InnoDB AUTO_INCREMENT=2 DEFAULT CHARSET=utf8;

--
-- Dumping data for table `ps_page_type`
--

INSERT INTO `ps_page_type` (`id_page_type`, `name`) VALUES (1,'index');

--
-- Table structure for table `ps_page_viewed`
--

CREATE TABLE `ps_page_viewed` (
  `id_page` int(10) unsigned NOT NULL,
  `id_shop_group` int(10) unsigned NOT NULL DEFAULT '1',
  `id_shop` int(10) unsigned NOT NULL DEFAULT '1',
  `id_date_range` int(10) unsigned NOT NULL,
  `counter` int(10) unsigned NOT NULL,
  PRIMARY KEY (`id_page`,`id_date_range`,`id_shop`)
) ENGINE=InnoDB DEFAULT CHARSET=utf8;

--
-- Dumping data for table `ps_page_viewed`
--


--
-- Table structure for table `ps_pagenotfound`
--

CREATE TABLE `ps_pagenotfound` (
  `id_pagenotfound` int(10) unsigned NOT NULL AUTO_INCREMENT,
  `id_shop` int(10) unsigned NOT NULL DEFAULT '1',
  `id_shop_group` int(10) unsigned NOT NULL DEFAULT '1',
  `request_uri` varchar(256) NOT NULL,
  `http_referer` varchar(256) NOT NULL,
  `date_add` datetime NOT NULL,
  PRIMARY KEY (`id_pagenotfound`),
  KEY `date_add` (`date_add`)
) ENGINE=InnoDB DEFAULT CHARSET=utf8;

--
-- Dumping data for table `ps_pagenotfound`
--


--
-- Table structure for table `ps_product`
--

CREATE TABLE `ps_product` (
  `id_product` int(10) unsigned NOT NULL AUTO_INCREMENT,
  `id_supplier` int(10) unsigned DEFAULT NULL,
  `id_manufacturer` int(10) unsigned DEFAULT NULL,
  `id_category_default` int(10) unsigned DEFAULT NULL,
  `id_shop_default` int(10) unsigned NOT NULL DEFAULT '1',
  `id_tax_rules_group` int(11) unsigned NOT NULL,
  `on_sale` tinyint(1) unsigned NOT NULL DEFAULT '0',
  `online_only` tinyint(1) unsigned NOT NULL DEFAULT '0',
  `ean13` varchar(13) DEFAULT NULL,
  `upc` varchar(12) DEFAULT NULL,
  `ecotax` decimal(17,6) NOT NULL DEFAULT '0.000000',
  `quantity` int(10) NOT NULL DEFAULT '0',
  `minimal_quantity` int(10) unsigned NOT NULL DEFAULT '1',
  `price` decimal(20,6) NOT NULL DEFAULT '0.000000',
  `wholesale_price` decimal(20,6) NOT NULL DEFAULT '0.000000',
  `unity` varchar(255) DEFAULT NULL,
  `unit_price_ratio` decimal(20,6) NOT NULL DEFAULT '0.000000',
  `additional_shipping_cost` decimal(20,2) NOT NULL DEFAULT '0.00',
  `reference` varchar(32) DEFAULT NULL,
  `supplier_reference` varchar(32) DEFAULT NULL,
  `location` varchar(64) DEFAULT NULL,
  `width` decimal(20,6) NOT NULL DEFAULT '0.000000',
  `height` decimal(20,6) NOT NULL DEFAULT '0.000000',
  `depth` decimal(20,6) NOT NULL DEFAULT '0.000000',
  `weight` decimal(20,6) NOT NULL DEFAULT '0.000000',
  `out_of_stock` int(10) unsigned NOT NULL DEFAULT '2',
  `quantity_discount` tinyint(1) DEFAULT '0',
  `customizable` tinyint(2) NOT NULL DEFAULT '0',
  `uploadable_files` tinyint(4) NOT NULL DEFAULT '0',
  `text_fields` tinyint(4) NOT NULL DEFAULT '0',
  `active` tinyint(1) unsigned NOT NULL DEFAULT '0',
  `redirect_type` enum('','404','301','302') NOT NULL DEFAULT '',
  `id_product_redirected` int(10) unsigned NOT NULL DEFAULT '0',
  `available_for_order` tinyint(1) NOT NULL DEFAULT '1',
  `available_date` date NOT NULL,
  `condition` enum('new','used','refurbished') NOT NULL DEFAULT 'new',
  `show_price` tinyint(1) NOT NULL DEFAULT '1',
  `indexed` tinyint(1) NOT NULL DEFAULT '0',
  `visibility` enum('both','catalog','search','none') NOT NULL DEFAULT 'both',
  `cache_is_pack` tinyint(1) NOT NULL DEFAULT '0',
  `cache_has_attachments` tinyint(1) NOT NULL DEFAULT '0',
  `is_virtual` tinyint(1) NOT NULL DEFAULT '0',
  `cache_default_attribute` int(10) unsigned DEFAULT NULL,
  `date_add` datetime NOT NULL,
  `date_upd` datetime NOT NULL,
  `advanced_stock_management` tinyint(1) NOT NULL DEFAULT '0',
  PRIMARY KEY (`id_product`),
  KEY `product_supplier` (`id_supplier`),
  KEY `product_manufacturer` (`id_manufacturer`),
  KEY `id_category_default` (`id_category_default`),
  KEY `indexed` (`indexed`),
  KEY `date_add` (`date_add`)
) ENGINE=InnoDB AUTO_INCREMENT=8 DEFAULT CHARSET=utf8;

--
-- Dumping data for table `ps_product`
--

INSERT INTO `ps_product` (`id_product`, `id_supplier`, `id_manufacturer`, `id_category_default`, `id_shop_default`, `id_tax_rules_group`, `on_sale`, `online_only`, `ean13`, `upc`, `ecotax`, `quantity`, `minimal_quantity`, `price`, `wholesale_price`, `unity`, `unit_price_ratio`, `additional_shipping_cost`, `reference`, `supplier_reference`, `location`, `width`, `height`, `depth`, `weight`, `out_of_stock`, `quantity_discount`, `customizable`, `uploadable_files`, `text_fields`, `active`, `redirect_type`, `id_product_redirected`, `available_for_order`, `available_date`, `condition`, `show_price`, `indexed`, `visibility`, `cache_is_pack`, `cache_has_attachments`, `is_virtual`, `cache_default_attribute`, `date_add`, `date_upd`, `advanced_stock_management`) VALUES (1,1,1,3,1,1,0,0,'0','',0.000000,0,1,124.581940,70.000000,'',0.000000,0.00,'demo_1','','',0.000000,0.000000,0.000000,0.500000,2,0,0,0,0,1,'',0,1,'0000-00-00','new',1,1,'both',0,0,0,0,'2014-01-24 18:57:58','2014-01-24 18:57:58',0),(2,1,1,3,1,1,0,0,'0','',0.000000,0,1,66.053500,33.000000,'',0.000000,0.00,'demo_2','','',0.000000,0.000000,0.000000,0.000000,2,0,0,0,0,1,'',0,1,'0000-00-00','new',1,1,'both',0,0,0,2,'2014-01-24 18:57:58','2014-01-24 18:57:58',0),(3,1,1,5,1,1,0,0,'0','',0.000000,0,1,1504.180602,1000.000000,'',0.000000,0.00,'demo_3','','',0.000000,0.000000,0.000000,1.360000,2,0,0,0,0,1,'',0,1,'0000-00-00','new',1,1,'both',0,0,0,0,'2014-01-24 18:57:58','2014-01-24 18:57:58',0),(4,1,1,5,1,1,0,0,'0','',0.000000,0,1,1170.568561,0.000000,'',0.000000,0.00,'demo_4','','',0.000000,0.000000,0.000000,0.750000,2,0,0,0,0,1,'',0,1,'0000-00-00','new',1,1,'both',0,0,0,0,'2014-01-24 18:57:58','2014-01-24 18:57:58',0),(5,0,0,3,1,1,0,0,'0','',0.000000,0,1,241.638796,200.000000,'',0.000000,0.00,'demo_5','','',0.000000,0.000000,0.000000,0.000000,2,0,0,0,0,1,'',0,1,'0000-00-00','new',1,1,'both',0,0,0,0,'2014-01-24 18:57:58','2014-01-24 18:57:58',0),(6,0,0,4,1,1,0,1,'0','',0.000000,0,1,25.041806,0.000000,'',0.000000,0.00,'demo_6','','',0.000000,0.000000,0.000000,0.000000,2,0,0,0,0,1,'',0,1,'0000-00-00','new',1,1,'both',0,0,0,0,'2014-01-24 18:57:58','2014-01-24 18:57:58',0),(7,2,2,4,1,1,0,1,'0','',0.000000,0,1,124.581940,0.000000,'',0.000000,0.00,'demo_7','','',0.000000,0.000000,0.000000,0.000000,2,0,0,0,0,1,'',0,1,'0000-00-00','new',1,1,'both',0,0,0,0,'2014-01-24 18:57:58','2014-01-24 18:57:58',0);

--
-- Table structure for table `ps_product_attachment`
--

CREATE TABLE `ps_product_attachment` (
  `id_product` int(10) unsigned NOT NULL,
  `id_attachment` int(10) unsigned NOT NULL,
  PRIMARY KEY (`id_product`,`id_attachment`)
) ENGINE=InnoDB DEFAULT CHARSET=utf8;

--
-- Dumping data for table `ps_product_attachment`
--


--
-- Table structure for table `ps_product_attribute`
--

CREATE TABLE `ps_product_attribute` (
  `id_product_attribute` int(10) unsigned NOT NULL AUTO_INCREMENT,
  `id_product` int(10) unsigned NOT NULL,
  `reference` varchar(32) DEFAULT NULL,
  `supplier_reference` varchar(32) DEFAULT NULL,
  `location` varchar(64) DEFAULT NULL,
  `ean13` varchar(13) DEFAULT NULL,
  `upc` varchar(12) DEFAULT NULL,
  `wholesale_price` decimal(20,6) NOT NULL DEFAULT '0.000000',
  `price` decimal(20,6) NOT NULL DEFAULT '0.000000',
  `ecotax` decimal(17,6) NOT NULL DEFAULT '0.000000',
  `quantity` int(10) NOT NULL DEFAULT '0',
  `weight` decimal(20,6) NOT NULL DEFAULT '0.000000',
  `unit_price_impact` decimal(17,2) NOT NULL DEFAULT '0.00',
  `default_on` tinyint(1) unsigned NOT NULL DEFAULT '0',
  `minimal_quantity` int(10) unsigned NOT NULL DEFAULT '1',
  `available_date` date NOT NULL,
  PRIMARY KEY (`id_product_attribute`),
  KEY `product_attribute_product` (`id_product`),
  KEY `reference` (`reference`),
  KEY `supplier_reference` (`supplier_reference`),
  KEY `product_default` (`id_product`,`default_on`),
  KEY `id_product_id_product_attribute` (`id_product_attribute`,`id_product`)
) ENGINE=InnoDB AUTO_INCREMENT=28 DEFAULT CHARSET=utf8;

--
-- Dumping data for table `ps_product_attribute`
--

INSERT INTO `ps_product_attribute` (`id_product_attribute`, `id_product`, `reference`, `supplier_reference`, `location`, `ean13`, `upc`, `wholesale_price`, `price`, `ecotax`, `quantity`, `weight`, `unit_price_impact`, `default_on`, `minimal_quantity`, `available_date`) VALUES (1,2,'','','','','',0.000000,0.000000,0.000000,10,0.000000,0.00,0,1,'0000-00-00'),(2,2,'','','','','',0.000000,0.000000,0.000000,20,0.000000,0.00,1,1,'0000-00-00'),(3,2,'','','','','',0.000000,0.000000,0.000000,30,0.000000,0.00,0,1,'0000-00-00'),(4,2,'','','','','',0.000000,0.000000,0.000000,40,0.000000,0.00,0,1,'0000-00-00'),(5,3,'','','','','',0.000000,751.672241,0.000000,0,0.000000,0.00,0,1,'0000-00-00'),(6,3,'','','','','',0.000000,0.000000,0.000000,0,0.000000,0.00,1,1,'0000-00-00'),(7,3,'','','','','',0.000000,225.752508,0.000000,0,0.000000,0.00,0,1,'0000-00-00'),(8,3,'','','','','',0.000000,977.424749,0.000000,0,0.000000,0.00,0,1,'0000-00-00'),(9,5,'','','','','',0.000000,0.000000,0.000000,0,0.000000,0.00,1,1,'0000-00-00'),(10,5,'','','','','',0.000000,75.250836,0.000000,0,0.000000,0.00,0,1,'0000-00-00'),(11,5,'','','','','',0.000000,150.501672,0.000000,0,0.000000,0.00,0,1,'0000-00-00'),(12,1,'','','','','',0.000000,41.806020,0.000000,0,0.000000,0.00,0,4,'0000-00-00'),(13,1,'','','','','',0.000000,0.000000,0.000000,0,0.000000,0.00,0,1,'0000-00-00'),(14,1,'','','','','',0.000000,41.806020,0.000000,0,0.000000,0.00,0,1,'0000-00-00'),(15,1,'','','','','',0.000000,0.000000,0.000000,0,0.000000,0.00,0,1,'0000-00-00'),(16,1,'','','','','',0.000000,41.806020,0.000000,0,0.000000,0.00,0,1,'0000-00-00'),(17,1,'','','','','',0.000000,0.000000,0.000000,0,0.000000,0.00,0,1,'0000-00-00'),(18,1,'','','','','',0.000000,41.806020,0.000000,0,0.000000,0.00,1,1,'0000-00-00'),(19,1,'','','','','',0.000000,0.000000,0.000000,0,0.000000,0.00,0,1,'0000-00-00'),(20,1,'','','','','',0.000000,41.806020,0.000000,0,0.000000,0.00,0,1,'0000-00-00'),(21,1,'','','','','',0.000000,0.000000,0.000000,0,0.000000,0.00,0,1,'0000-00-00'),(22,1,'','','','','',0.000000,41.806020,0.000000,0,0.000000,0.00,0,1,'0000-00-00'),(23,1,'','','','','',0.000000,0.000000,0.000000,0,0.000000,0.00,0,1,'0000-00-00'),(24,1,'','','','','',0.000000,41.806020,0.000000,0,0.000000,0.00,0,1,'0000-00-00'),(25,1,'','','','','',0.000000,0.000000,0.000000,0,0.000000,0.00,0,1,'0000-00-00'),(26,1,'','','','','',0.000000,41.806020,0.000000,0,0.000000,0.00,0,1,'0000-00-00'),(27,1,'','','','','',0.000000,0.000000,0.000000,0,0.000000,0.00,0,1,'0000-00-00');

--
-- Table structure for table `ps_product_attribute_combination`
--

CREATE TABLE `ps_product_attribute_combination` (
  `id_attribute` int(10) unsigned NOT NULL,
  `id_product_attribute` int(10) unsigned NOT NULL,
  PRIMARY KEY (`id_attribute`,`id_product_attribute`),
  KEY `id_product_attribute` (`id_product_attribute`)
) ENGINE=InnoDB DEFAULT CHARSET=utf8;

--
-- Dumping data for table `ps_product_attribute_combination`
--

INSERT INTO `ps_product_attribute_combination` (`id_attribute`, `id_product_attribute`) VALUES (4,1),(6,2),(3,3),(5,4),(3,5),(9,5),(10,5),(3,6),(8,6),(10,6),(3,7),(9,7),(11,7),(3,8),(8,8),(11,8),(15,9),(16,10),(17,11),(4,12),(16,12),(4,13),(15,13),(16,14),(19,14),(15,15),(19,15),(3,16),(16,16),(3,17),(15,17),(14,18),(16,18),(14,19),(15,19),(7,20),(16,20),(7,21),(15,21),(5,22),(16,22),(5,23),(15,23),(6,24),(16,24),(6,25),(15,25),(16,26),(18,26),(15,27),(18,27);

--
-- Table structure for table `ps_product_attribute_image`
--

CREATE TABLE `ps_product_attribute_image` (
  `id_product_attribute` int(10) unsigned NOT NULL,
  `id_image` int(10) unsigned NOT NULL,
  PRIMARY KEY (`id_product_attribute`,`id_image`),
  KEY `id_image` (`id_image`)
) ENGINE=InnoDB DEFAULT CHARSET=utf8;

--
-- Dumping data for table `ps_product_attribute_image`
--

INSERT INTO `ps_product_attribute_image` (`id_product_attribute`, `id_image`) VALUES (5,0),(6,0),(7,0),(8,0),(9,0),(10,0),(11,0),(18,15),(19,15),(12,16),(13,16),(24,17),(25,17),(20,18),(21,18),(22,19),(23,19),(26,20),(27,20),(16,21),(17,21),(14,22),(15,22),(1,23),(2,24),(4,25),(3,26);

--
-- Table structure for table `ps_product_attribute_shop`
--

CREATE TABLE `ps_product_attribute_shop` (
  `id_product_attribute` int(10) unsigned NOT NULL,
  `id_shop` int(10) unsigned NOT NULL,
  `wholesale_price` decimal(20,6) NOT NULL DEFAULT '0.000000',
  `price` decimal(20,6) NOT NULL DEFAULT '0.000000',
  `ecotax` decimal(17,6) NOT NULL DEFAULT '0.000000',
  `weight` decimal(20,6) NOT NULL DEFAULT '0.000000',
  `unit_price_impact` decimal(17,2) NOT NULL DEFAULT '0.00',
  `default_on` tinyint(1) unsigned NOT NULL DEFAULT '0',
  `minimal_quantity` int(10) unsigned NOT NULL DEFAULT '1',
  `available_date` date NOT NULL,
  PRIMARY KEY (`id_product_attribute`,`id_shop`)
) ENGINE=InnoDB DEFAULT CHARSET=utf8;

--
-- Dumping data for table `ps_product_attribute_shop`
--

INSERT INTO `ps_product_attribute_shop` (`id_product_attribute`, `id_shop`, `wholesale_price`, `price`, `ecotax`, `weight`, `unit_price_impact`, `default_on`, `minimal_quantity`, `available_date`) VALUES (1,1,0.000000,0.000000,0.000000,0.000000,0.00,0,1,'0000-00-00'),(2,1,0.000000,0.000000,0.000000,0.000000,0.00,1,1,'0000-00-00'),(3,1,0.000000,0.000000,0.000000,0.000000,0.00,0,1,'0000-00-00'),(4,1,0.000000,0.000000,0.000000,0.000000,0.00,0,1,'0000-00-00'),(5,1,0.000000,751.672241,0.000000,0.000000,0.00,0,1,'0000-00-00'),(6,1,0.000000,0.000000,0.000000,0.000000,0.00,1,1,'0000-00-00'),(7,1,0.000000,225.752508,0.000000,0.000000,0.00,0,1,'0000-00-00'),(8,1,0.000000,977.424749,0.000000,0.000000,0.00,0,1,'0000-00-00'),(9,1,0.000000,0.000000,0.000000,0.000000,0.00,1,1,'0000-00-00'),(10,1,0.000000,75.250836,0.000000,0.000000,0.00,0,1,'0000-00-00'),(11,1,0.000000,150.501672,0.000000,0.000000,0.00,0,1,'0000-00-00'),(12,1,0.000000,41.806020,0.000000,0.000000,0.00,0,4,'0000-00-00'),(13,1,0.000000,0.000000,0.000000,0.000000,0.00,0,1,'0000-00-00'),(14,1,0.000000,41.806020,0.000000,0.000000,0.00,0,1,'0000-00-00'),(15,1,0.000000,0.000000,0.000000,0.000000,0.00,0,1,'0000-00-00'),(16,1,0.000000,41.806020,0.000000,0.000000,0.00,0,1,'0000-00-00'),(17,1,0.000000,0.000000,0.000000,0.000000,0.00,0,1,'0000-00-00'),(18,1,0.000000,41.806020,0.000000,0.000000,0.00,1,1,'0000-00-00'),(19,1,0.000000,0.000000,0.000000,0.000000,0.00,0,1,'0000-00-00'),(20,1,0.000000,41.806020,0.000000,0.000000,0.00,0,1,'0000-00-00'),(21,1,0.000000,0.000000,0.000000,0.000000,0.00,0,1,'0000-00-00'),(22,1,0.000000,41.806020,0.000000,0.000000,0.00,0,1,'0000-00-00'),(23,1,0.000000,0.000000,0.000000,0.000000,0.00,0,1,'0000-00-00'),(24,1,0.000000,41.806020,0.000000,0.000000,0.00,0,1,'0000-00-00'),(25,1,0.000000,0.000000,0.000000,0.000000,0.00,0,1,'0000-00-00'),(26,1,0.000000,41.806020,0.000000,0.000000,0.00,0,1,'0000-00-00'),(27,1,0.000000,0.000000,0.000000,0.000000,0.00,0,1,'0000-00-00');

--
-- Table structure for table `ps_product_carrier`
--

CREATE TABLE `ps_product_carrier` (
  `id_product` int(10) unsigned NOT NULL,
  `id_carrier_reference` int(10) unsigned NOT NULL,
  `id_shop` int(10) unsigned NOT NULL,
  PRIMARY KEY (`id_product`,`id_carrier_reference`,`id_shop`)
) ENGINE=InnoDB DEFAULT CHARSET=utf8;

--
-- Dumping data for table `ps_product_carrier`
--


--
-- Table structure for table `ps_product_country_tax`
--

CREATE TABLE `ps_product_country_tax` (
  `id_product` int(11) NOT NULL,
  `id_country` int(11) NOT NULL,
  `id_tax` int(11) NOT NULL,
  PRIMARY KEY (`id_product`,`id_country`)
) ENGINE=InnoDB DEFAULT CHARSET=utf8;

--
-- Dumping data for table `ps_product_country_tax`
--


--
-- Table structure for table `ps_product_download`
--

CREATE TABLE `ps_product_download` (
  `id_product_download` int(10) unsigned NOT NULL AUTO_INCREMENT,
  `id_product` int(10) unsigned NOT NULL,
  `display_filename` varchar(255) DEFAULT NULL,
  `filename` varchar(255) DEFAULT NULL,
  `date_add` datetime NOT NULL,
  `date_expiration` datetime DEFAULT NULL,
  `nb_days_accessible` int(10) unsigned DEFAULT NULL,
  `nb_downloadable` int(10) unsigned DEFAULT '1',
  `active` tinyint(1) unsigned NOT NULL DEFAULT '1',
  `is_shareable` tinyint(1) unsigned NOT NULL DEFAULT '0',
  PRIMARY KEY (`id_product_download`),
  KEY `product_active` (`id_product`,`active`)
) ENGINE=InnoDB DEFAULT CHARSET=utf8;

--
-- Dumping data for table `ps_product_download`
--


--
-- Table structure for table `ps_product_group_reduction_cache`
--

CREATE TABLE `ps_product_group_reduction_cache` (
  `id_product` int(10) unsigned NOT NULL,
  `id_group` int(10) unsigned NOT NULL,
  `reduction` decimal(4,3) NOT NULL,
  PRIMARY KEY (`id_product`,`id_group`)
) ENGINE=InnoDB DEFAULT CHARSET=utf8;

--
-- Dumping data for table `ps_product_group_reduction_cache`
--


--
-- Table structure for table `ps_product_lang`
--

CREATE TABLE `ps_product_lang` (
  `id_product` int(10) unsigned NOT NULL,
  `id_shop` int(11) unsigned NOT NULL DEFAULT '1',
  `id_lang` int(10) unsigned NOT NULL,
  `description` text,
  `description_short` text,
  `link_rewrite` varchar(128) NOT NULL,
  `meta_description` varchar(255) DEFAULT NULL,
  `meta_keywords` varchar(255) DEFAULT NULL,
  `meta_title` varchar(128) DEFAULT NULL,
  `name` varchar(128) NOT NULL,
  `available_now` varchar(255) DEFAULT NULL,
  `available_later` varchar(255) DEFAULT NULL,
  PRIMARY KEY (`id_product`,`id_shop`,`id_lang`),
  KEY `id_lang` (`id_lang`),
  KEY `name` (`name`)
) ENGINE=InnoDB DEFAULT CHARSET=utf8;

--
-- Dumping data for table `ps_product_lang`
--

INSERT INTO `ps_product_lang` (`id_product`, `id_shop`, `id_lang`, `description`, `description_short`, `link_rewrite`, `meta_description`, `meta_keywords`, `meta_title`, `name`, `available_now`, `available_later`) VALUES (1,1,1,'<p><strong><span style=\"font-size: small;\">Curved ahead of the curve.</span></strong></p>\r\n<p>For those about to rock, we give you nine amazing colors. But that\'s only part of the story. Feel the curved, all-aluminum and glass design and you won\'t want to put iPod nano down.</p>\r\n<p><strong><span style=\"font-size: small;\">Great looks. And brains, too.</span></strong></p>\r\n<p>The new Genius feature turns iPod nano into your own highly intelligent, personal DJ. It creates playlists by finding songs in your library that go great together.</p>\r\n<p><strong><span style=\"font-size: small;\">Made to move with your moves.</span></strong></p>\r\n<p>The accelerometer comes to iPod nano. Give it a shake to shuffle your music. Turn it sideways to view Cover Flow. And play games designed with your moves in mind.</p>','<p>New design. New features. Now in 8GB and 16GB. iPod nano rocks like never before.</p>','ipod-nano','','','','iPod Nano','In stock',''),(1,1,2,'<p><strong><span style=\"font-size: small;\">Curved ahead of the curve.</span></strong></p>\r\n<p>For those about to rock, we give you nine amazing colors. But that\'s only part of the story. Feel the curved, all-aluminum and glass design and you won\'t want to put iPod nano down.</p>\r\n<p><strong><span style=\"font-size: small;\">Great looks. And brains, too.</span></strong></p>\r\n<p>The new Genius feature turns iPod nano into your own highly intelligent, personal DJ. It creates playlists by finding songs in your library that go great together.</p>\r\n<p><strong><span style=\"font-size: small;\">Made to move with your moves.</span></strong></p>\r\n<p>The accelerometer comes to iPod nano. Give it a shake to shuffle your music. Turn it sideways to view Cover Flow. And play games designed with your moves in mind.</p>','<p>New design. New features. Now in 8GB and 16GB. iPod nano rocks like never before.</p>','ipod-nano','','','','iPod Nano','In stock',''),(1,1,3,'<p><strong><span style=\"font-size: small;\">Curved ahead of the curve.</span></strong></p>\r\n<p>For those about to rock, we give you nine amazing colors. But that\'s only part of the story. Feel the curved, all-aluminum and glass design and you won\'t want to put iPod nano down.</p>\r\n<p><strong><span style=\"font-size: small;\">Great looks. And brains, too.</span></strong></p>\r\n<p>The new Genius feature turns iPod nano into your own highly intelligent, personal DJ. It creates playlists by finding songs in your library that go great together.</p>\r\n<p><strong><span style=\"font-size: small;\">Made to move with your moves.</span></strong></p>\r\n<p>The accelerometer comes to iPod nano. Give it a shake to shuffle your music. Turn it sideways to view Cover Flow. And play games designed with your moves in mind.</p>','<p>New design. New features. Now in 8GB and 16GB. iPod nano rocks like never before.</p>','ipod-nano','','','','iPod Nano','In stock',''),(2,1,1,'<p><span style=\"font-size: small;\"><strong>Instant attachment.</strong></span></p>\r\n<p>Wear up to 500 songs on your sleeve. Or your belt. Or your gym shorts. iPod shuffle is a badge of musical devotion. Now in new, more brilliant colors.</p>\r\n<p><span style=\"font-size: small;\"><strong>Feed your iPod shuffle.</strong></span></p>\r\n<p>iTunes is your entertainment superstore. It’s your ultra-organized music collection and jukebox. And it’s how you load up your iPod shuffle in one click.</p>\r\n<p><span style=\"font-size: small;\"><strong>Beauty and the beat.</strong></span></p>\r\n<p>Intensely colorful anodized aluminum complements the simple design of iPod shuffle. Now in blue, green, pink, red, and original silver.</p>','<p>iPod shuffle, the world’s most wearable music player, now clips on in more vibrant blue, green, pink, and red.</p>','ipod-shuffle','','','','iPod shuffle','In stock',''),(2,1,2,'<p><span style=\"font-size: small;\"><strong>Instant attachment.</strong></span></p>\r\n<p>Wear up to 500 songs on your sleeve. Or your belt. Or your gym shorts. iPod shuffle is a badge of musical devotion. Now in new, more brilliant colors.</p>\r\n<p><span style=\"font-size: small;\"><strong>Feed your iPod shuffle.</strong></span></p>\r\n<p>iTunes is your entertainment superstore. It’s your ultra-organized music collection and jukebox. And it’s how you load up your iPod shuffle in one click.</p>\r\n<p><span style=\"font-size: small;\"><strong>Beauty and the beat.</strong></span></p>\r\n<p>Intensely colorful anodized aluminum complements the simple design of iPod shuffle. Now in blue, green, pink, red, and original silver.</p>','<p>iPod shuffle, the world’s most wearable music player, now clips on in more vibrant blue, green, pink, and red.</p>','ipod-shuffle','','','','iPod shuffle','In stock',''),(2,1,3,'<p><span style=\"font-size: small;\"><strong>Instant attachment.</strong></span></p>\r\n<p>Wear up to 500 songs on your sleeve. Or your belt. Or your gym shorts. iPod shuffle is a badge of musical devotion. Now in new, more brilliant colors.</p>\r\n<p><span style=\"font-size: small;\"><strong>Feed your iPod shuffle.</strong></span></p>\r\n<p>iTunes is your entertainment superstore. It’s your ultra-organized music collection and jukebox. And it’s how you load up your iPod shuffle in one click.</p>\r\n<p><span style=\"font-size: small;\"><strong>Beauty and the beat.</strong></span></p>\r\n<p>Intensely colorful anodized aluminum complements the simple design of iPod shuffle. Now in blue, green, pink, red, and original silver.</p>','<p>iPod shuffle, the world’s most wearable music player, now clips on in more vibrant blue, green, pink, and red.</p>','ipod-shuffle','','','','iPod shuffle','In stock',''),(3,1,1,'<p>MacBook Air is nearly as thin as your index finger. Practically every detail that could be streamlined has been. Yet it still has a 13.3-inch widescreen LED display, full-size keyboard, and large multi-touch trackpad. It’s incomparably portable without the usual ultraportable screen and keyboard compromises.</p><p>The incredible thinness of MacBook Air is the result of numerous size- and weight-shaving innovations. From a slimmer hard drive to strategically hidden I/O ports to a lower-profile battery, everything has been considered and reconsidered with thinness in mind.</p><p>MacBook Air is designed and engineered to take full advantage of the wireless world. A world in which 802.11n Wi-Fi is now so fast and so available, people are truly living untethered — buying and renting movies online, downloading software, and sharing and storing files on the web. </p>','MacBook Air is ultrathin, ultraportable, and ultra unlike anything else. But you don’t lose inches and pounds overnight. It’s the result of rethinking conventions. Of multiple wireless innovations. And of breakthrough design. With MacBook Air, mobile computing suddenly has a new standard.','macbook-air','','','','MacBook Air','',''),(3,1,2,'<p>MacBook Air is nearly as thin as your index finger. Practically every detail that could be streamlined has been. Yet it still has a 13.3-inch widescreen LED display, full-size keyboard, and large multi-touch trackpad. It’s incomparably portable without the usual ultraportable screen and keyboard compromises.</p><p>The incredible thinness of MacBook Air is the result of numerous size- and weight-shaving innovations. From a slimmer hard drive to strategically hidden I/O ports to a lower-profile battery, everything has been considered and reconsidered with thinness in mind.</p><p>MacBook Air is designed and engineered to take full advantage of the wireless world. A world in which 802.11n Wi-Fi is now so fast and so available, people are truly living untethered — buying and renting movies online, downloading software, and sharing and storing files on the web. </p>','MacBook Air is ultrathin, ultraportable, and ultra unlike anything else. But you don’t lose inches and pounds overnight. It’s the result of rethinking conventions. Of multiple wireless innovations. And of breakthrough design. With MacBook Air, mobile computing suddenly has a new standard.','macbook-air','','','','MacBook Air','',''),(3,1,3,'<p>MacBook Air is nearly as thin as your index finger. Practically every detail that could be streamlined has been. Yet it still has a 13.3-inch widescreen LED display, full-size keyboard, and large multi-touch trackpad. It’s incomparably portable without the usual ultraportable screen and keyboard compromises.</p><p>The incredible thinness of MacBook Air is the result of numerous size- and weight-shaving innovations. From a slimmer hard drive to strategically hidden I/O ports to a lower-profile battery, everything has been considered and reconsidered with thinness in mind.</p><p>MacBook Air is designed and engineered to take full advantage of the wireless world. A world in which 802.11n Wi-Fi is now so fast and so available, people are truly living untethered — buying and renting movies online, downloading software, and sharing and storing files on the web. </p>','MacBook Air is ultrathin, ultraportable, and ultra unlike anything else. But you don’t lose inches and pounds overnight. It’s the result of rethinking conventions. Of multiple wireless innovations. And of breakthrough design. With MacBook Air, mobile computing suddenly has a new standard.','macbook-air','','','','MacBook Air','',''),(4,1,1,'Every MacBook has a larger hard drive, up to 250GB, to store growing media collections and valuable data.<br /><br />The 2.4GHz MacBook models now include 2GB of memory standard — perfect for running more of your favorite applications smoothly.','MacBook makes it easy to hit the road thanks to its tough polycarbonate case, built-in wireless technologies, and innovative MagSafe Power Adapter that releases automatically if someone accidentally trips on the cord.','macbook','','','','MacBook','',''),(4,1,2,'Every MacBook has a larger hard drive, up to 250GB, to store growing media collections and valuable data.<br /><br />The 2.4GHz MacBook models now include 2GB of memory standard — perfect for running more of your favorite applications smoothly.','MacBook makes it easy to hit the road thanks to its tough polycarbonate case, built-in wireless technologies, and innovative MagSafe Power Adapter that releases automatically if someone accidentally trips on the cord.','macbook','','','','MacBook','',''),(4,1,3,'Every MacBook has a larger hard drive, up to 250GB, to store growing media collections and valuable data.<br /><br />The 2.4GHz MacBook models now include 2GB of memory standard — perfect for running more of your favorite applications smoothly.','MacBook makes it easy to hit the road thanks to its tough polycarbonate case, built-in wireless technologies, and innovative MagSafe Power Adapter that releases automatically if someone accidentally trips on the cord.','macbook','','','','MacBook','',''),(5,1,1,'<h3>Five new hands-on applications</h3>\r\n<p>View rich HTML email with photos as well as PDF, Word, and Excel attachments. Get maps, directions, and real-time traffic information. Take notes and read stock and weather reports.</p>\r\n<h3>Touch your music, movies, and more</h3>\r\n<p>The revolutionary Multi-Touch technology built into the gorgeous 3.5-inch display lets you pinch, zoom, scroll, and flick with your fingers.</p>\r\n<h3>Internet in your pocket</h3>\r\n<p>With the Safari web browser, see websites the way they were designed to be seen and zoom in and out with a tap.<sup>2</sup> And add Web Clips to your Home screen for quick access to favorite sites.</p>\r\n<h3>What\'s in the box</h3>\r\n<ul>\r\n<li><span></span>iPod touch</li>\r\n<li><span></span>Earphones</li>\r\n<li><span></span>USB 2.0 cable</li>\r\n<li><span></span>Dock adapter</li>\r\n<li><span></span>Polishing cloth</li>\r\n<li><span></span>Stand</li>\r\n<li><span></span>Quick Start guide</li>\r\n</ul>','<ul>\r\n<li>Revolutionary Multi-Touch interface</li>\r\n<li>3.5-inch widescreen color display</li>\r\n<li>Wi-Fi (802.11b/g)</li>\r\n<li>8 mm thin</li>\r\n<li>Safari, YouTube, Mail, Stocks, Weather, Notes, iTunes Wi-Fi Music Store, Maps</li>\r\n</ul>','ipod-touch','','','','iPod touch','',''),(5,1,2,'<h3>Five new hands-on applications</h3>\r\n<p>View rich HTML email with photos as well as PDF, Word, and Excel attachments. Get maps, directions, and real-time traffic information. Take notes and read stock and weather reports.</p>\r\n<h3>Touch your music, movies, and more</h3>\r\n<p>The revolutionary Multi-Touch technology built into the gorgeous 3.5-inch display lets you pinch, zoom, scroll, and flick with your fingers.</p>\r\n<h3>Internet in your pocket</h3>\r\n<p>With the Safari web browser, see websites the way they were designed to be seen and zoom in and out with a tap.<sup>2</sup> And add Web Clips to your Home screen for quick access to favorite sites.</p>\r\n<h3>What\'s in the box</h3>\r\n<ul>\r\n<li><span></span>iPod touch</li>\r\n<li><span></span>Earphones</li>\r\n<li><span></span>USB 2.0 cable</li>\r\n<li><span></span>Dock adapter</li>\r\n<li><span></span>Polishing cloth</li>\r\n<li><span></span>Stand</li>\r\n<li><span></span>Quick Start guide</li>\r\n</ul>','<ul>\r\n<li>Revolutionary Multi-Touch interface</li>\r\n<li>3.5-inch widescreen color display</li>\r\n<li>Wi-Fi (802.11b/g)</li>\r\n<li>8 mm thin</li>\r\n<li>Safari, YouTube, Mail, Stocks, Weather, Notes, iTunes Wi-Fi Music Store, Maps</li>\r\n</ul>','ipod-touch','','','','iPod touch','',''),(5,1,3,'<h3>Five new hands-on applications</h3>\r\n<p>View rich HTML email with photos as well as PDF, Word, and Excel attachments. Get maps, directions, and real-time traffic information. Take notes and read stock and weather reports.</p>\r\n<h3>Touch your music, movies, and more</h3>\r\n<p>The revolutionary Multi-Touch technology built into the gorgeous 3.5-inch display lets you pinch, zoom, scroll, and flick with your fingers.</p>\r\n<h3>Internet in your pocket</h3>\r\n<p>With the Safari web browser, see websites the way they were designed to be seen and zoom in and out with a tap.<sup>2</sup> And add Web Clips to your Home screen for quick access to favorite sites.</p>\r\n<h3>What\'s in the box</h3>\r\n<ul>\r\n<li><span></span>iPod touch</li>\r\n<li><span></span>Earphones</li>\r\n<li><span></span>USB 2.0 cable</li>\r\n<li><span></span>Dock adapter</li>\r\n<li><span></span>Polishing cloth</li>\r\n<li><span></span>Stand</li>\r\n<li><span></span>Quick Start guide</li>\r\n</ul>','<ul>\r\n<li>Revolutionary Multi-Touch interface</li>\r\n<li>3.5-inch widescreen color display</li>\r\n<li>Wi-Fi (802.11b/g)</li>\r\n<li>8 mm thin</li>\r\n<li>Safari, YouTube, Mail, Stocks, Weather, Notes, iTunes Wi-Fi Music Store, Maps</li>\r\n</ul>','ipod-touch','','','','iPod touch','',''),(6,1,1,'<p>Lorem ipsum</p>','<p>Lorem ipsum</p>','belkin-leather-folio-for-ipod-nano-black-chocolate','','','','Belkin Leather Folio for iPod nano - Black / Chocolate','',''),(6,1,2,'<p>Lorem ipsum</p>','<p>Lorem ipsum</p>','belkin-leather-folio-for-ipod-nano-black-chocolate','','','','Belkin Leather Folio for iPod nano - Black / Chocolate','',''),(6,1,3,'<p>Lorem ipsum</p>','<p>Lorem ipsum</p>','belkin-leather-folio-for-ipod-nano-black-chocolate','','','','Belkin Leather Folio for iPod nano - Black / Chocolate','',''),(7,1,1,'<div class=\"product-overview-full\">Using Hi-Definition MicroSpeakers to deliver full-range audio, the ergonomic and lightweight design of the SE210 earphones is ideal for premium on-the-go listening on your iPod or iPhone. They offer the most accurate audio reproduction from both portable and home stereo audio sources--for the ultimate in precision highs and rich low end. In addition, the flexible design allows you to choose the most comfortable fit from a variety of wearing positions. <br /> <br /> <strong>Features </strong> <br /> \r\n<ul>\r\n<li>Sound-isolating design </li>\r\n<li> Hi-Definition MicroSpeaker with a single balanced armature driver </li>\r\n<li> Detachable, modular cable so you can make the cable longer or shorter depending on your activity </li>\r\n<li> Connector compatible with earphone ports on both iPod and iPhone </li>\r\n</ul>\r\n<strong>Specifications </strong><br /> \r\n<ul>\r\n<li>Speaker type: Hi-Definition MicroSpeaker </li>\r\n<li> Frequency range: 25Hz-18.5kHz </li>\r\n<li> Impedance (1kHz): 26 Ohms </li>\r\n<li> Sensitivity (1mW): 114 dB SPL/mW </li>\r\n<li> Cable length (with extension): 18.0 in./45.0 cm (54.0 in./137.1 cm) </li>\r\n</ul>\r\n<strong>In the box</strong><br /> \r\n<ul>\r\n<li>Shure SE210 earphones </li>\r\n<li> Extension cable (36.0 in./91.4 cm) </li>\r\n<li> Three pairs foam earpiece sleeves (small, medium, large) </li>\r\n<li> Three pairs soft flex earpiece sleeves (small, medium, large) </li>\r\n<li> One pair triple-flange earpiece sleeves </li>\r\n<li> Carrying case </li>\r\n</ul>\r\nWarranty<br /> Two-year limited <br />(For details, please visit <br />www.shure.com/PersonalAudio/CustomerSupport/ProductReturnsAndWarranty/index.htm.) <br /><br /> Mfr. Part No.: SE210-A-EFS <br /><br />Note: Products sold through this website that do not bear the Apple Brand name are serviced and supported exclusively by their manufacturers in accordance with terms and conditions packaged with the products. Apple\'s Limited Warranty does not apply to products that are not Apple-branded, even if packaged or sold with Apple products. Please contact the manufacturer directly for technical support and customer service.</div>','<p>Evolved from personal monitor technology road-tested by pro musicians and perfected by Shure engineers, the lightweight and stylish SE210 delivers full-range audio that\'s free from outside noise.</p>','ecouteurs-a-isolation-sonore-shure-se210-blanc','','','','Shure SE210 Sound-Isolating Earphones for iPod and iPhone','',''),(7,1,2,'<div class=\"product-overview-full\">Using Hi-Definition MicroSpeakers to deliver full-range audio, the ergonomic and lightweight design of the SE210 earphones is ideal for premium on-the-go listening on your iPod or iPhone. They offer the most accurate audio reproduction from both portable and home stereo audio sources--for the ultimate in precision highs and rich low end. In addition, the flexible design allows you to choose the most comfortable fit from a variety of wearing positions. <br /> <br /> <strong>Features </strong> <br /> \r\n<ul>\r\n<li>Sound-isolating design </li>\r\n<li> Hi-Definition MicroSpeaker with a single balanced armature driver </li>\r\n<li> Detachable, modular cable so you can make the cable longer or shorter depending on your activity </li>\r\n<li> Connector compatible with earphone ports on both iPod and iPhone </li>\r\n</ul>\r\n<strong>Specifications </strong><br /> \r\n<ul>\r\n<li>Speaker type: Hi-Definition MicroSpeaker </li>\r\n<li> Frequency range: 25Hz-18.5kHz </li>\r\n<li> Impedance (1kHz): 26 Ohms </li>\r\n<li> Sensitivity (1mW): 114 dB SPL/mW </li>\r\n<li> Cable length (with extension): 18.0 in./45.0 cm (54.0 in./137.1 cm) </li>\r\n</ul>\r\n<strong>In the box</strong><br /> \r\n<ul>\r\n<li>Shure SE210 earphones </li>\r\n<li> Extension cable (36.0 in./91.4 cm) </li>\r\n<li> Three pairs foam earpiece sleeves (small, medium, large) </li>\r\n<li> Three pairs soft flex earpiece sleeves (small, medium, large) </li>\r\n<li> One pair triple-flange earpiece sleeves </li>\r\n<li> Carrying case </li>\r\n</ul>\r\nWarranty<br /> Two-year limited <br />(For details, please visit <br />www.shure.com/PersonalAudio/CustomerSupport/ProductReturnsAndWarranty/index.htm.) <br /><br /> Mfr. Part No.: SE210-A-EFS <br /><br />Note: Products sold through this website that do not bear the Apple Brand name are serviced and supported exclusively by their manufacturers in accordance with terms and conditions packaged with the products. Apple\'s Limited Warranty does not apply to products that are not Apple-branded, even if packaged or sold with Apple products. Please contact the manufacturer directly for technical support and customer service.</div>','<p>Evolved from personal monitor technology road-tested by pro musicians and perfected by Shure engineers, the lightweight and stylish SE210 delivers full-range audio that\'s free from outside noise.</p>','ecouteurs-a-isolation-sonore-shure-se210-blanc','','','','Shure SE210 Sound-Isolating Earphones for iPod and iPhone','',''),(7,1,3,'<div class=\"product-overview-full\">Using Hi-Definition MicroSpeakers to deliver full-range audio, the ergonomic and lightweight design of the SE210 earphones is ideal for premium on-the-go listening on your iPod or iPhone. They offer the most accurate audio reproduction from both portable and home stereo audio sources--for the ultimate in precision highs and rich low end. In addition, the flexible design allows you to choose the most comfortable fit from a variety of wearing positions. <br /> <br /> <strong>Features </strong> <br /> \r\n<ul>\r\n<li>Sound-isolating design </li>\r\n<li> Hi-Definition MicroSpeaker with a single balanced armature driver </li>\r\n<li> Detachable, modular cable so you can make the cable longer or shorter depending on your activity </li>\r\n<li> Connector compatible with earphone ports on both iPod and iPhone </li>\r\n</ul>\r\n<strong>Specifications </strong><br /> \r\n<ul>\r\n<li>Speaker type: Hi-Definition MicroSpeaker </li>\r\n<li> Frequency range: 25Hz-18.5kHz </li>\r\n<li> Impedance (1kHz): 26 Ohms </li>\r\n<li> Sensitivity (1mW): 114 dB SPL/mW </li>\r\n<li> Cable length (with extension): 18.0 in./45.0 cm (54.0 in./137.1 cm) </li>\r\n</ul>\r\n<strong>In the box</strong><br /> \r\n<ul>\r\n<li>Shure SE210 earphones </li>\r\n<li> Extension cable (36.0 in./91.4 cm) </li>\r\n<li> Three pairs foam earpiece sleeves (small, medium, large) </li>\r\n<li> Three pairs soft flex earpiece sleeves (small, medium, large) </li>\r\n<li> One pair triple-flange earpiece sleeves </li>\r\n<li> Carrying case </li>\r\n</ul>\r\nWarranty<br /> Two-year limited <br />(For details, please visit <br />www.shure.com/PersonalAudio/CustomerSupport/ProductReturnsAndWarranty/index.htm.) <br /><br /> Mfr. Part No.: SE210-A-EFS <br /><br />Note: Products sold through this website that do not bear the Apple Brand name are serviced and supported exclusively by their manufacturers in accordance with terms and conditions packaged with the products. Apple\'s Limited Warranty does not apply to products that are not Apple-branded, even if packaged or sold with Apple products. Please contact the manufacturer directly for technical support and customer service.</div>','<p>Evolved from personal monitor technology road-tested by pro musicians and perfected by Shure engineers, the lightweight and stylish SE210 delivers full-range audio that\'s free from outside noise.</p>','ecouteurs-a-isolation-sonore-shure-se210-blanc','','','','Shure SE210 Sound-Isolating Earphones for iPod and iPhone','','');

--
-- Table structure for table `ps_product_sale`
--

CREATE TABLE `ps_product_sale` (
  `id_product` int(10) unsigned NOT NULL,
  `quantity` int(10) unsigned NOT NULL DEFAULT '0',
  `sale_nbr` int(10) unsigned NOT NULL DEFAULT '0',
  `date_upd` date NOT NULL,
  PRIMARY KEY (`id_product`)
) ENGINE=InnoDB DEFAULT CHARSET=utf8;

--
-- Dumping data for table `ps_product_sale`
--


--
-- Table structure for table `ps_product_shop`
--

CREATE TABLE `ps_product_shop` (
  `id_product` int(10) unsigned NOT NULL,
  `id_shop` int(10) unsigned NOT NULL,
  `id_category_default` int(10) unsigned DEFAULT NULL,
  `id_tax_rules_group` int(11) unsigned NOT NULL,
  `on_sale` tinyint(1) unsigned NOT NULL DEFAULT '0',
  `online_only` tinyint(1) unsigned NOT NULL DEFAULT '0',
  `ecotax` decimal(17,6) NOT NULL DEFAULT '0.000000',
  `minimal_quantity` int(10) unsigned NOT NULL DEFAULT '1',
  `price` decimal(20,6) NOT NULL DEFAULT '0.000000',
  `wholesale_price` decimal(20,6) NOT NULL DEFAULT '0.000000',
  `unity` varchar(255) DEFAULT NULL,
  `unit_price_ratio` decimal(20,6) NOT NULL DEFAULT '0.000000',
  `additional_shipping_cost` decimal(20,2) NOT NULL DEFAULT '0.00',
  `customizable` tinyint(2) NOT NULL DEFAULT '0',
  `uploadable_files` tinyint(4) NOT NULL DEFAULT '0',
  `text_fields` tinyint(4) NOT NULL DEFAULT '0',
  `active` tinyint(1) unsigned NOT NULL DEFAULT '0',
  `redirect_type` enum('','404','301','302') NOT NULL DEFAULT '',
  `id_product_redirected` int(10) unsigned NOT NULL DEFAULT '0',
  `available_for_order` tinyint(1) NOT NULL DEFAULT '1',
  `available_date` date NOT NULL,
  `condition` enum('new','used','refurbished') NOT NULL DEFAULT 'new',
  `show_price` tinyint(1) NOT NULL DEFAULT '1',
  `indexed` tinyint(1) NOT NULL DEFAULT '0',
  `visibility` enum('both','catalog','search','none') NOT NULL DEFAULT 'both',
  `cache_default_attribute` int(10) unsigned DEFAULT NULL,
  `advanced_stock_management` tinyint(1) NOT NULL DEFAULT '0',
  `date_add` datetime NOT NULL,
  `date_upd` datetime NOT NULL,
  PRIMARY KEY (`id_product`,`id_shop`),
  KEY `id_category_default` (`id_category_default`),
  KEY `date_add` (`date_add`,`active`,`visibility`)
) ENGINE=InnoDB DEFAULT CHARSET=utf8;

--
-- Dumping data for table `ps_product_shop`
--

INSERT INTO `ps_product_shop` (`id_product`, `id_shop`, `id_category_default`, `id_tax_rules_group`, `on_sale`, `online_only`, `ecotax`, `minimal_quantity`, `price`, `wholesale_price`, `unity`, `unit_price_ratio`, `additional_shipping_cost`, `customizable`, `uploadable_files`, `text_fields`, `active`, `redirect_type`, `id_product_redirected`, `available_for_order`, `available_date`, `condition`, `show_price`, `indexed`, `visibility`, `cache_default_attribute`, `advanced_stock_management`, `date_add`, `date_upd`) VALUES (1,1,3,1,0,0,0.000000,1,124.581940,70.000000,'',0.000000,0.00,0,0,0,1,'',0,1,'0000-00-00','new',1,1,'both',0,0,'2014-01-24 18:57:58','2014-01-24 18:57:58'),(2,1,3,1,0,0,0.000000,1,66.053500,33.000000,'',0.000000,0.00,0,0,0,1,'',0,1,'0000-00-00','new',1,1,'both',2,0,'2014-01-24 18:57:58','2014-01-24 18:57:58'),(3,1,5,1,0,0,0.000000,1,1504.180602,1000.000000,'',0.000000,0.00,0,0,0,1,'',0,1,'0000-00-00','new',1,1,'both',0,0,'2014-01-24 18:57:58','2014-01-24 18:57:58'),(4,1,5,1,0,0,0.000000,1,1170.568561,0.000000,'',0.000000,0.00,0,0,0,1,'',0,1,'0000-00-00','new',1,1,'both',0,0,'2014-01-24 18:57:58','2014-01-24 18:57:58'),(5,1,3,1,0,0,0.000000,1,241.638796,200.000000,'',0.000000,0.00,0,0,0,1,'',0,1,'0000-00-00','new',1,1,'both',0,0,'2014-01-24 18:57:58','2014-01-24 18:57:58'),(6,1,4,1,0,1,0.000000,1,25.041806,0.000000,'',0.000000,0.00,0,0,0,1,'',0,1,'0000-00-00','new',1,1,'both',0,0,'2014-01-24 18:57:58','2014-01-24 18:57:58'),(7,1,4,1,0,1,0.000000,1,124.581940,0.000000,'',0.000000,0.00,0,0,0,1,'',0,1,'0000-00-00','new',1,1,'both',0,0,'2014-01-24 18:57:58','2014-01-24 18:57:58');

--
-- Table structure for table `ps_product_supplier`
--

CREATE TABLE `ps_product_supplier` (
  `id_product_supplier` int(11) unsigned NOT NULL AUTO_INCREMENT,
  `id_product` int(11) unsigned NOT NULL,
  `id_product_attribute` int(11) unsigned NOT NULL DEFAULT '0',
  `id_supplier` int(11) unsigned NOT NULL,
  `product_supplier_reference` varchar(32) DEFAULT NULL,
  `product_supplier_price_te` decimal(20,6) NOT NULL DEFAULT '0.000000',
  `id_currency` int(11) unsigned NOT NULL,
  PRIMARY KEY (`id_product_supplier`),
  UNIQUE KEY `id_product` (`id_product`,`id_product_attribute`,`id_supplier`)
) ENGINE=InnoDB AUTO_INCREMENT=35 DEFAULT CHARSET=utf8;

--
-- Dumping data for table `ps_product_supplier`
--

INSERT INTO `ps_product_supplier` (`id_product_supplier`, `id_product`, `id_product_attribute`, `id_supplier`, `product_supplier_reference`, `product_supplier_price_te`, `id_currency`) VALUES (1,1,0,1,'',0.000000,1),(2,1,12,1,'',0.000000,1),(3,1,13,1,'',0.000000,1),(4,1,14,1,'',0.000000,1),(5,1,15,1,'',0.000000,1),(6,1,16,1,'',0.000000,1),(7,1,17,1,'',0.000000,1),(8,1,18,1,'',0.000000,1),(9,1,19,1,'',0.000000,1),(10,1,20,1,'',0.000000,1),(11,1,21,1,'',0.000000,1),(12,1,22,1,'',0.000000,1),(13,1,23,1,'',0.000000,1),(14,1,24,1,'',0.000000,1),(15,1,25,1,'',0.000000,1),(16,1,26,1,'',0.000000,1),(17,1,27,1,'',0.000000,1),(18,3,0,1,'',0.000000,1),(19,3,5,1,'',0.000000,1),(20,3,6,1,'',0.000000,1),(21,3,7,1,'',0.000000,1),(22,3,8,1,'',0.000000,1),(23,6,0,1,'',0.000000,1),(24,2,0,1,'',0.000000,1),(25,2,1,1,'',0.000000,1),(26,2,2,1,'',0.000000,1),(27,2,3,1,'',0.000000,1),(28,2,4,1,'',0.000000,1),(29,4,0,1,'',0.000000,1),(30,5,0,1,'',0.000000,1),(31,5,9,1,'',0.000000,1),(32,5,10,1,'',0.000000,1),(33,5,11,1,'',0.000000,1),(34,7,0,2,'',0.000000,1);

--
-- Table structure for table `ps_product_tag`
--

CREATE TABLE `ps_product_tag` (
  `id_product` int(10) unsigned NOT NULL,
  `id_tag` int(10) unsigned NOT NULL,
  PRIMARY KEY (`id_product`,`id_tag`),
  KEY `id_tag` (`id_tag`)
) ENGINE=InnoDB DEFAULT CHARSET=utf8;

--
-- Dumping data for table `ps_product_tag`
--

INSERT INTO `ps_product_tag` (`id_product`, `id_tag`) VALUES (1,1),(4,1),(1,2),(2,2),(1,3),(4,4),(5,5),(2,6);

--
-- Table structure for table `ps_profile`
--

CREATE TABLE `ps_profile` (
  `id_profile` int(10) unsigned NOT NULL AUTO_INCREMENT,
  PRIMARY KEY (`id_profile`)
) ENGINE=InnoDB AUTO_INCREMENT=6 DEFAULT CHARSET=utf8;

--
-- Dumping data for table `ps_profile`
--

INSERT INTO `ps_profile` (`id_profile`) VALUES (1),(2),(3),(4),(5);

--
-- Table structure for table `ps_profile_lang`
--

CREATE TABLE `ps_profile_lang` (
  `id_lang` int(10) unsigned NOT NULL,
  `id_profile` int(10) unsigned NOT NULL,
  `name` varchar(128) NOT NULL,
  PRIMARY KEY (`id_profile`,`id_lang`)
) ENGINE=InnoDB DEFAULT CHARSET=utf8;

--
-- Dumping data for table `ps_profile_lang`
--

INSERT INTO `ps_profile_lang` (`id_lang`, `id_profile`, `name`) VALUES (1,1,'SuperAdmin'),(2,1,'SuperAdmin'),(3,1,'SuperAdmin'),(1,2,'Administrator'),(2,2,'Administrator'),(3,2,'Administrator'),(1,3,'Logistician'),(2,3,'Logistician'),(3,3,'Logistician'),(1,4,'Translator'),(2,4,'Translator'),(3,4,'Translator'),(1,5,'Salesman'),(2,5,'Salesman'),(3,5,'Salesman');

--
-- Table structure for table `ps_quick_access`
--

CREATE TABLE `ps_quick_access` (
  `id_quick_access` int(10) unsigned NOT NULL AUTO_INCREMENT,
  `new_window` tinyint(1) NOT NULL DEFAULT '0',
  `link` varchar(128) NOT NULL,
  PRIMARY KEY (`id_quick_access`)
) ENGINE=InnoDB AUTO_INCREMENT=6 DEFAULT CHARSET=utf8;

--
-- Dumping data for table `ps_quick_access`
--

INSERT INTO `ps_quick_access` (`id_quick_access`, `new_window`, `link`) VALUES (1,0,'index.php'),(2,1,'../'),(3,0,'index.php?controller=AdminCategories&addcategory'),(4,0,'index.php?controller=AdminProducts&addproduct'),(5,0,'index.php?controller=AdminCartRules&addcart_rule');

--
-- Table structure for table `ps_quick_access_lang`
--

CREATE TABLE `ps_quick_access_lang` (
  `id_quick_access` int(10) unsigned NOT NULL,
  `id_lang` int(10) unsigned NOT NULL,
  `name` varchar(32) NOT NULL,
  PRIMARY KEY (`id_quick_access`,`id_lang`)
) ENGINE=InnoDB DEFAULT CHARSET=utf8;

--
-- Dumping data for table `ps_quick_access_lang`
--

INSERT INTO `ps_quick_access_lang` (`id_quick_access`, `id_lang`, `name`) VALUES (1,1,'Home'),(1,2,'Home'),(1,3,'Home'),(2,1,'My Shop'),(2,2,'My Shop'),(2,3,'My Shop'),(3,1,'New category'),(3,2,'New category'),(3,3,'New category'),(4,1,'New product'),(4,2,'New product'),(4,3,'New product'),(5,1,'New voucher'),(5,2,'New voucher'),(5,3,'New voucher');

--
-- Table structure for table `ps_range_price`
--

CREATE TABLE `ps_range_price` (
  `id_range_price` int(10) unsigned NOT NULL AUTO_INCREMENT,
  `id_carrier` int(10) unsigned NOT NULL,
  `delimiter1` decimal(20,6) NOT NULL,
  `delimiter2` decimal(20,6) NOT NULL,
  PRIMARY KEY (`id_range_price`),
  UNIQUE KEY `id_carrier` (`id_carrier`,`delimiter1`,`delimiter2`)
) ENGINE=InnoDB AUTO_INCREMENT=2 DEFAULT CHARSET=utf8;

--
-- Dumping data for table `ps_range_price`
--

INSERT INTO `ps_range_price` (`id_range_price`, `id_carrier`, `delimiter1`, `delimiter2`) VALUES (1,2,0.000000,10000.000000);

--
-- Table structure for table `ps_range_weight`
--

CREATE TABLE `ps_range_weight` (
  `id_range_weight` int(10) unsigned NOT NULL AUTO_INCREMENT,
  `id_carrier` int(10) unsigned NOT NULL,
  `delimiter1` decimal(20,6) NOT NULL,
  `delimiter2` decimal(20,6) NOT NULL,
  PRIMARY KEY (`id_range_weight`),
  UNIQUE KEY `id_carrier` (`id_carrier`,`delimiter1`,`delimiter2`)
) ENGINE=InnoDB AUTO_INCREMENT=2 DEFAULT CHARSET=utf8;

--
-- Dumping data for table `ps_range_weight`
--

INSERT INTO `ps_range_weight` (`id_range_weight`, `id_carrier`, `delimiter1`, `delimiter2`) VALUES (1,2,0.000000,10000.000000);

--
-- Table structure for table `ps_referrer`
--

CREATE TABLE `ps_referrer` (
  `id_referrer` int(10) unsigned NOT NULL AUTO_INCREMENT,
  `name` varchar(64) NOT NULL,
  `passwd` varchar(32) DEFAULT NULL,
  `http_referer_regexp` varchar(64) DEFAULT NULL,
  `http_referer_like` varchar(64) DEFAULT NULL,
  `request_uri_regexp` varchar(64) DEFAULT NULL,
  `request_uri_like` varchar(64) DEFAULT NULL,
  `http_referer_regexp_not` varchar(64) DEFAULT NULL,
  `http_referer_like_not` varchar(64) DEFAULT NULL,
  `request_uri_regexp_not` varchar(64) DEFAULT NULL,
  `request_uri_like_not` varchar(64) DEFAULT NULL,
  `base_fee` decimal(5,2) NOT NULL DEFAULT '0.00',
  `percent_fee` decimal(5,2) NOT NULL DEFAULT '0.00',
  `click_fee` decimal(5,2) NOT NULL DEFAULT '0.00',
  `date_add` datetime NOT NULL,
  PRIMARY KEY (`id_referrer`)
) ENGINE=InnoDB DEFAULT CHARSET=utf8;

--
-- Dumping data for table `ps_referrer`
--


--
-- Table structure for table `ps_referrer_cache`
--

CREATE TABLE `ps_referrer_cache` (
  `id_connections_source` int(11) unsigned NOT NULL,
  `id_referrer` int(11) unsigned NOT NULL,
  PRIMARY KEY (`id_connections_source`,`id_referrer`)
) ENGINE=InnoDB DEFAULT CHARSET=utf8;

--
-- Dumping data for table `ps_referrer_cache`
--


--
-- Table structure for table `ps_referrer_shop`
--

CREATE TABLE `ps_referrer_shop` (
  `id_referrer` int(10) unsigned NOT NULL AUTO_INCREMENT,
  `id_shop` int(10) unsigned NOT NULL DEFAULT '1',
  `cache_visitors` int(11) DEFAULT NULL,
  `cache_visits` int(11) DEFAULT NULL,
  `cache_pages` int(11) DEFAULT NULL,
  `cache_registrations` int(11) DEFAULT NULL,
  `cache_orders` int(11) DEFAULT NULL,
  `cache_sales` decimal(17,2) DEFAULT NULL,
  `cache_reg_rate` decimal(5,4) DEFAULT NULL,
  `cache_order_rate` decimal(5,4) DEFAULT NULL,
  PRIMARY KEY (`id_referrer`,`id_shop`)
) ENGINE=InnoDB DEFAULT CHARSET=utf8;

--
-- Dumping data for table `ps_referrer_shop`
--


--
-- Table structure for table `ps_reinsurance`
--

CREATE TABLE `ps_reinsurance` (
  `id_reinsurance` int(10) unsigned NOT NULL AUTO_INCREMENT,
  `id_shop` int(10) unsigned NOT NULL,
  `file_name` varchar(100) NOT NULL,
  PRIMARY KEY (`id_reinsurance`)
) ENGINE=InnoDB AUTO_INCREMENT=6 DEFAULT CHARSET=utf8;

--
-- Dumping data for table `ps_reinsurance`
--

INSERT INTO `ps_reinsurance` (`id_reinsurance`, `id_shop`, `file_name`) VALUES (1,1,'reinsurance-1-1.jpg'),(2,1,'reinsurance-2-1.jpg'),(3,1,'reinsurance-3-1.jpg'),(4,1,'reinsurance-4-1.jpg'),(5,1,'reinsurance-5-1.jpg');

--
-- Table structure for table `ps_reinsurance_lang`
--

CREATE TABLE `ps_reinsurance_lang` (
  `id_reinsurance` int(10) unsigned NOT NULL AUTO_INCREMENT,
  `id_lang` int(10) unsigned NOT NULL,
  `text` varchar(300) NOT NULL,
  PRIMARY KEY (`id_reinsurance`,`id_lang`)
) ENGINE=InnoDB AUTO_INCREMENT=6 DEFAULT CHARSET=utf8;

--
-- Dumping data for table `ps_reinsurance_lang`
--

INSERT INTO `ps_reinsurance_lang` (`id_reinsurance`, `id_lang`, `text`) VALUES (1,1,'Money back guarantee.'),(1,2,'Money back guarantee.'),(1,3,'Money back guarantee.'),(2,1,'In-store exchange.'),(2,2,'In-store exchange.'),(2,3,'In-store exchange.'),(3,1,'Payment upon shipment.'),(3,2,'Payment upon shipment.'),(3,3,'Payment upon shipment.'),(4,1,'Free Shipping.'),(4,2,'Free Shipping.'),(4,3,'Free Shipping.'),(5,1,'100% secure payment processing.'),(5,2,'100% secure payment processing.'),(5,3,'100% secure payment processing.');

--
-- Table structure for table `ps_request_sql`
--

CREATE TABLE `ps_request_sql` (
  `id_request_sql` int(11) NOT NULL AUTO_INCREMENT,
  `name` varchar(200) NOT NULL,
  `sql` text NOT NULL,
  PRIMARY KEY (`id_request_sql`)
) ENGINE=InnoDB DEFAULT CHARSET=utf8;

--
-- Dumping data for table `ps_request_sql`
--


--
-- Table structure for table `ps_required_field`
--

CREATE TABLE `ps_required_field` (
  `id_required_field` int(11) NOT NULL AUTO_INCREMENT,
  `object_name` varchar(32) NOT NULL,
  `field_name` varchar(32) NOT NULL,
  PRIMARY KEY (`id_required_field`),
  KEY `object_name` (`object_name`)
) ENGINE=InnoDB DEFAULT CHARSET=utf8;

--
-- Dumping data for table `ps_required_field`
--


--
-- Table structure for table `ps_risk`
--

CREATE TABLE `ps_risk` (
  `id_risk` int(11) unsigned NOT NULL AUTO_INCREMENT,
  `percent` tinyint(3) NOT NULL,
  `color` varchar(32) DEFAULT NULL,
  PRIMARY KEY (`id_risk`)
) ENGINE=InnoDB AUTO_INCREMENT=5 DEFAULT CHARSET=utf8;

--
-- Dumping data for table `ps_risk`
--

INSERT INTO `ps_risk` (`id_risk`, `percent`, `color`) VALUES (1,0,'LimeGreen'),(2,35,'DarkOrange'),(3,75,'Crimson'),(4,100,'#ec2e15');

--
-- Table structure for table `ps_risk_lang`
--

CREATE TABLE `ps_risk_lang` (
  `id_risk` int(10) unsigned NOT NULL,
  `id_lang` int(10) unsigned NOT NULL,
  `name` varchar(20) NOT NULL,
  PRIMARY KEY (`id_risk`,`id_lang`),
  KEY `id_risk` (`id_risk`)
) ENGINE=InnoDB DEFAULT CHARSET=utf8;

--
-- Dumping data for table `ps_risk_lang`
--

INSERT INTO `ps_risk_lang` (`id_risk`, `id_lang`, `name`) VALUES (1,1,'None'),(1,2,'None'),(1,3,'None'),(2,1,'Low'),(2,2,'Low'),(2,3,'Low'),(3,1,'Medium'),(3,2,'Medium'),(3,3,'Medium'),(4,1,'High'),(4,2,'High'),(4,3,'High');

--
-- Table structure for table `ps_scene`
--

CREATE TABLE `ps_scene` (
  `id_scene` int(10) unsigned NOT NULL AUTO_INCREMENT,
  `active` tinyint(1) NOT NULL DEFAULT '1',
  PRIMARY KEY (`id_scene`)
) ENGINE=InnoDB AUTO_INCREMENT=4 DEFAULT CHARSET=utf8;

--
-- Dumping data for table `ps_scene`
--

INSERT INTO `ps_scene` (`id_scene`, `active`) VALUES (1,1),(2,1),(3,1);

--
-- Table structure for table `ps_scene_category`
--

CREATE TABLE `ps_scene_category` (
  `id_scene` int(10) unsigned NOT NULL,
  `id_category` int(10) unsigned NOT NULL,
  PRIMARY KEY (`id_scene`,`id_category`)
) ENGINE=InnoDB DEFAULT CHARSET=utf8;

--
-- Dumping data for table `ps_scene_category`
--


--
-- Table structure for table `ps_scene_lang`
--

CREATE TABLE `ps_scene_lang` (
  `id_scene` int(10) unsigned NOT NULL,
  `id_lang` int(10) unsigned NOT NULL,
  `name` varchar(100) NOT NULL,
  PRIMARY KEY (`id_scene`,`id_lang`)
) ENGINE=InnoDB DEFAULT CHARSET=utf8;

--
-- Dumping data for table `ps_scene_lang`
--

INSERT INTO `ps_scene_lang` (`id_scene`, `id_lang`, `name`) VALUES (1,1,'The iPods Nano'),(1,2,'The iPods Nano'),(1,3,'The iPods Nano'),(2,1,'The iPods'),(2,2,'The iPods'),(2,3,'The iPods'),(3,1,'The MacBooks'),(3,2,'The MacBooks'),(3,3,'The MacBooks');

--
-- Table structure for table `ps_scene_products`
--

CREATE TABLE `ps_scene_products` (
  `id_scene` int(10) unsigned NOT NULL,
  `id_product` int(10) unsigned NOT NULL,
  `x_axis` int(4) NOT NULL,
  `y_axis` int(4) NOT NULL,
  `zone_width` int(3) NOT NULL,
  `zone_height` int(3) NOT NULL,
  PRIMARY KEY (`id_scene`,`id_product`,`x_axis`,`y_axis`)
) ENGINE=InnoDB DEFAULT CHARSET=utf8;

--
-- Dumping data for table `ps_scene_products`
--


--
-- Table structure for table `ps_scene_shop`
--

CREATE TABLE `ps_scene_shop` (
  `id_scene` int(11) unsigned NOT NULL,
  `id_shop` int(11) unsigned NOT NULL,
  PRIMARY KEY (`id_scene`,`id_shop`),
  KEY `id_shop` (`id_shop`)
) ENGINE=InnoDB DEFAULT CHARSET=utf8;

--
-- Dumping data for table `ps_scene_shop`
--

INSERT INTO `ps_scene_shop` (`id_scene`, `id_shop`) VALUES (1,1),(2,1),(3,1);

--
-- Table structure for table `ps_search_engine`
--

CREATE TABLE `ps_search_engine` (
  `id_search_engine` int(10) unsigned NOT NULL AUTO_INCREMENT,
  `server` varchar(64) NOT NULL,
  `getvar` varchar(16) NOT NULL,
  PRIMARY KEY (`id_search_engine`)
) ENGINE=InnoDB AUTO_INCREMENT=39 DEFAULT CHARSET=utf8;

--
-- Dumping data for table `ps_search_engine`
--

INSERT INTO `ps_search_engine` (`id_search_engine`, `server`, `getvar`) VALUES (1,'google','q'),(2,'aol','q'),(3,'yandex','text'),(4,'ask.com','q'),(5,'nhl.com','q'),(6,'yahoo','p'),(7,'baidu','wd'),(8,'lycos','query'),(9,'exalead','q'),(10,'search.live','q'),(11,'voila','rdata'),(12,'altavista','q'),(13,'bing','q'),(14,'daum','q'),(15,'eniro','search_word'),(16,'naver','query'),(17,'msn','q'),(18,'netscape','query'),(19,'cnn','query'),(20,'about','terms'),(21,'mamma','query'),(22,'alltheweb','q'),(23,'virgilio','qs'),(24,'alice','qs'),(25,'najdi','q'),(26,'mama','query'),(27,'seznam','q'),(28,'onet','qt'),(29,'szukacz','q'),(30,'yam','k'),(31,'pchome','q'),(32,'kvasir','q'),(33,'sesam','q'),(34,'ozu','q'),(35,'terra','query'),(36,'mynet','q'),(37,'ekolay','q'),(38,'rambler','words');

--
-- Table structure for table `ps_search_index`
--

CREATE TABLE `ps_search_index` (
  `id_product` int(11) unsigned NOT NULL,
  `id_word` int(11) unsigned NOT NULL,
  `weight` smallint(4) unsigned NOT NULL DEFAULT '1',
  PRIMARY KEY (`id_word`,`id_product`)
) ENGINE=InnoDB DEFAULT CHARSET=utf8;

--
-- Dumping data for table `ps_search_index`
--

INSERT INTO `ps_search_index` (`id_product`, `id_word`, `weight`) VALUES (1,1,14),(2,1,15),(5,1,11),(6,1,6),(7,1,8),(1,2,14),(6,2,6),(1,3,10),(2,3,10),(3,3,10),(4,3,10),(5,3,10),(6,3,10),(7,3,10),(1,4,3),(2,4,1),(3,4,1),(5,4,1),(1,5,2),(2,5,1),(3,5,1),(7,5,3),(1,6,1),(7,6,1),(1,7,1),(2,7,3),(3,7,1),(4,7,1),(1,8,17),(5,8,2),(1,9,17),(5,9,2),(1,10,1),(1,11,1),(1,12,1),(1,13,1),(1,14,2),(1,15,1),(1,16,1),(1,17,1),(4,17,1),(5,17,1),(6,17,6),(7,17,10),(1,18,1),(1,19,1),(1,20,1),(1,21,2),(1,22,2),(2,22,1),(3,22,1),(5,22,1),(7,22,2),(1,23,1),(1,24,1),(1,25,1),(2,25,1),(1,26,1),(3,26,1),(1,27,2),(3,27,1),(4,27,1),(7,27,3),(1,28,1),(1,29,1),(7,29,1),(1,30,1),(1,31,1),(1,32,1),(1,33,1),(2,33,1),(1,34,1),(1,35,1),(1,36,1),(1,37,1),(1,38,1),(1,39,2),(1,40,1),(1,41,1),(1,42,1),(1,43,1),(1,44,1),(1,45,1),(1,46,1),(5,46,1),(1,47,5),(2,47,7),(3,47,1),(4,47,1),(5,47,4),(7,47,2),(1,48,1),(1,49,1),(1,50,1),(1,51,1),(7,51,1),(1,52,1),(1,53,1),(1,54,1),(1,55,1),(2,55,1),(1,56,1),(1,57,1),(1,58,1),(1,59,1),(1,60,2),(3,60,2),(5,60,4),(7,60,6),(1,61,2),(1,62,1),(1,63,1),(1,64,1),(1,65,1),(2,65,15),(1,66,1),(2,66,2),(5,66,2),(1,67,1),(1,68,1),(1,69,1),(5,69,1),(1,70,1),(1,71,1),(1,72,1),(1,73,1),(1,74,1),(3,74,1),(5,74,1),(1,75,1),(3,75,1),(1,76,3),(2,76,3),(5,76,3),(1,77,7),(2,77,3),(3,77,3),(4,77,7),(7,77,4),(1,78,3),(2,78,3),(3,78,3),(4,78,3),(1,79,3),(2,79,3),(3,79,3),(4,79,3),(1,80,4),(6,80,6),(1,81,4),(2,81,4),(1,82,4),(2,82,4),(1,83,4),(2,83,2),(3,83,8),(1,84,4),(1,85,4),(2,85,4),(1,86,4),(1,87,4),(2,88,1),(3,88,2),(2,89,1),(7,89,2),(2,90,1),(2,91,1),(2,92,1),(5,92,1),(2,93,2),(4,93,1),(5,93,1),(2,94,1),(2,95,2),(2,96,1),(2,97,1),(2,98,1),(2,99,1),(2,100,1),(2,101,1),(2,102,1),(2,103,1),(2,104,1),(2,105,1),(2,106,1),(2,107,1),(2,108,1),(2,109,1),(5,109,1),(2,110,1),(2,111,1),(2,112,1),(3,112,1),(2,113,1),(2,114,1),(2,115,1),(2,116,1),(2,117,1),(2,118,1),(7,118,1),(2,119,1),(2,120,1),(2,121,1),(2,122,1),(2,123,1),(2,124,1),(2,125,1),(2,126,1),(2,127,1),(2,128,1),(3,129,11),(4,129,9),(3,130,11),(3,131,1),(3,132,2),(3,133,1),(3,134,1),(3,135,1),(3,136,1),(3,137,1),(3,138,1),(3,139,1),(3,140,1),(3,141,2),(3,142,1),(3,143,1),(3,144,1),(3,145,2),(4,145,1),(3,146,2),(3,147,1),(3,148,1),(3,149,1),(3,150,1),(3,151,4),(4,151,1),(3,152,1),(4,152,1),(3,153,1),(3,154,1),(5,154,1),(3,155,1),(7,155,1),(3,156,1),(3,157,1),(3,158,1),(4,158,1),(3,159,1),(3,160,1),(3,161,1),(3,162,2),(3,163,1),(3,164,1),(3,165,1),(3,166,1),(5,166,2),(3,167,1),(5,167,1),(3,168,1),(3,169,1),(5,169,2),(3,170,2),(7,170,2),(3,171,2),(3,172,2),(3,173,1),(7,173,2),(3,174,1),(5,174,2),(3,175,1),(5,175,14),(3,176,1),(3,177,1),(3,178,1),(7,178,1),(3,179,1),(3,180,1),(3,181,1),(5,181,1),(3,182,1),(3,183,1),(3,184,2),(3,185,1),(3,186,1),(3,187,1),(3,188,1),(7,188,4),(3,189,1),(3,190,1),(4,190,1),(3,191,9),(4,191,1),(3,192,1),(3,193,1),(3,194,1),(7,194,1),(3,195,1),(3,196,1),(3,197,1),(3,198,1),(3,199,1),(3,200,1),(3,201,1),(3,202,1),(5,202,1),(3,203,1),(3,204,1),(3,205,1),(3,206,1),(3,207,1),(3,208,1),(3,209,1),(7,209,2),(3,210,1),(3,211,1),(3,212,1),(3,213,1),(3,214,1),(3,215,1),(5,215,1),(3,216,1),(3,217,1),(3,218,1),(3,219,1),(3,220,1),(3,221,1),(3,222,1),(5,222,2),(3,223,3),(4,223,3),(3,224,4),(3,225,4),(3,226,4),(3,227,4),(3,228,4),(3,229,4),(3,230,8),(3,231,8),(3,232,8),(3,233,4),(3,234,4),(3,235,4),(3,236,4),(3,237,4),(4,238,1),(4,239,1),(4,240,1),(4,241,1),(7,241,1),(4,242,1),(4,243,1),(4,244,1),(4,245,1),(4,246,1),(7,246,1),(4,247,1),(5,247,1),(4,248,1),(4,249,1),(4,250,1),(4,251,1),(4,252,1),(5,252,1),(4,253,1),(4,254,1),(4,255,1),(4,256,1),(4,257,1),(4,258,1),(4,259,1),(4,260,1),(4,261,1),(5,261,1),(4,262,1),(4,263,1),(4,264,1),(4,265,1),(4,266,1),(4,267,1),(4,268,1),(4,269,1),(4,270,1),(4,271,1),(4,272,1),(4,273,1),(4,274,1),(5,274,1),(4,275,1),(5,275,1),(4,276,1),(4,277,4),(5,278,2),(5,279,1),(5,280,1),(5,281,1),(5,282,2),(5,283,1),(5,284,1),(5,285,1),(5,286,2),(5,287,2),(5,288,2),(5,289,1),(5,290,1),(5,291,1),(7,291,1),(5,292,1),(5,293,1),(5,294,1),(5,295,1),(5,296,1),(5,297,1),(5,298,1),(5,299,1),(5,300,1),(5,301,1),(5,302,1),(5,303,1),(5,304,1),(5,305,1),(5,306,1),(5,307,1),(5,308,1),(5,309,1),(7,309,1),(5,310,1),(5,311,1),(5,312,1),(5,313,2),(5,314,1),(5,315,1),(5,316,1),(5,317,1),(5,318,1),(5,319,1),(5,320,1),(5,321,1),(5,322,1),(5,323,1),(7,323,1),(5,324,1),(5,325,1),(5,326,1),(5,327,1),(5,328,1),(5,329,1),(7,329,1),(5,330,2),(5,331,1),(5,332,1),(5,333,1),(5,334,1),(7,334,1),(5,335,1),(7,335,8),(5,336,1),(5,337,1),(7,337,4),(5,338,1),(5,339,1),(5,340,1),(5,341,1),(5,342,1),(5,343,1),(5,344,2),(6,345,6),(6,346,6),(6,347,6),(6,348,6),(6,349,2),(6,350,2),(6,351,3),(7,351,3),(7,352,12),(7,353,10),(7,354,7),(7,355,7),(7,356,8),(7,357,1),(7,358,1),(7,359,1),(7,360,1),(7,361,1),(7,362,1),(7,363,1),(7,364,2),(7,365,1),(7,366,1),(7,367,3),(7,368,4),(7,369,1),(7,370,1),(7,371,1),(7,372,1),(7,373,3),(7,374,1),(7,375,1),(7,376,1),(7,377,1),(7,378,1),(7,379,1),(7,380,1),(7,381,1),(7,382,1),(7,383,2),(7,384,1),(7,385,1),(7,386,1),(7,387,1),(7,388,1),(7,389,1),(7,390,1),(7,391,1),(7,392,1),(7,393,1),(7,394,1),(7,395,1),(7,396,1),(7,397,1),(7,398,1),(7,399,1),(7,400,2),(7,401,1),(7,402,1),(7,403,1),(7,404,1),(7,405,1),(7,406,1),(7,407,1),(7,408,1),(7,409,1),(7,410,1),(7,411,1),(7,412,1),(7,413,1),(7,414,1),(7,415,1),(7,416,1),(7,417,1),(7,418,1),(7,419,1),(7,420,1),(7,421,1),(7,422,1),(7,423,1),(7,424,1),(7,425,1),(7,426,1),(7,427,1),(7,428,1),(7,429,1),(7,430,2),(7,431,1),(7,432,1),(7,433,1),(7,434,1),(7,435,1),(7,436,1),(7,437,2),(7,438,2),(7,439,1),(7,440,3),(7,441,3),(7,442,2),(7,443,2),(7,444,1),(7,445,1),(7,446,1),(7,447,1),(7,448,1),(7,449,1),(7,450,2),(7,451,1),(7,452,1),(7,453,2),(7,454,1),(7,455,2),(7,456,1),(7,457,1),(7,458,1),(7,459,1),(7,460,1),(7,461,1),(7,462,1),(7,463,1),(7,464,1),(7,465,1),(7,466,4),(7,467,2),(7,468,1),(7,469,1),(7,470,1),(7,471,3),(7,472,1),(7,473,1),(7,474,1),(7,475,1),(7,476,1),(7,477,1),(7,478,1),(7,479,1),(7,480,1),(7,481,1),(7,482,1),(7,483,2),(7,484,1),(7,485,1),(7,486,1),(7,487,1),(7,488,1),(7,489,1),(7,490,1),(7,491,1),(7,492,1),(7,493,1),(7,494,1),(7,495,3);

--
-- Table structure for table `ps_search_word`
--

CREATE TABLE `ps_search_word` (
  `id_word` int(10) unsigned NOT NULL AUTO_INCREMENT,
  `id_shop` int(11) unsigned NOT NULL DEFAULT '1',
  `id_lang` int(10) unsigned NOT NULL,
  `word` varchar(15) NOT NULL,
  PRIMARY KEY (`id_word`),
  UNIQUE KEY `id_lang` (`id_lang`,`id_shop`,`word`)
) ENGINE=InnoDB AUTO_INCREMENT=496 DEFAULT CHARSET=utf8;

--
-- Dumping data for table `ps_search_word`
--

INSERT INTO `ps_search_word` (`id_word`, `id_shop`, `id_lang`, `word`) VALUES (427,1,1,'114'),(165,1,1,'133'),(434,1,1,'1371'),(229,1,1,'160ghz'),(9,1,1,'16gb'),(431,1,1,'180'),(237,1,1,'180ghz'),(421,1,1,'185khz'),(423,1,1,'1khz'),(426,1,1,'1mw'),(267,1,1,'24ghz'),(260,1,1,'250gb'),(420,1,1,'25hz'),(270,1,1,'2gb'),(344,1,1,'32gb'),(435,1,1,'360'),(227,1,1,'4200'),(432,1,1,'450'),(99,1,1,'500'),(433,1,1,'540'),(234,1,1,'64gb'),(281,1,1,'80211b'),(205,1,1,'80211n'),(224,1,1,'80gb'),(8,1,1,'8gb'),(436,1,1,'914'),(19,1,1,'about'),(62,1,1,'accelerometer'),(331,1,1,'access'),(351,1,1,'accessories'),(256,1,1,'accidentally'),(480,1,1,'accordance'),(381,1,1,'accurate'),(412,1,1,'activity'),(252,1,1,'adapter'),(328,1,1,'add'),(391,1,1,'addition'),(203,1,1,'advantage'),(15,1,1,'ahead'),(130,1,1,'air'),(32,1,1,'all'),(393,1,1,'allows'),(33,1,1,'aluminum'),(24,1,1,'amazing'),(124,1,1,'anodized'),(134,1,1,'anything'),(77,1,1,'apple'),(275,1,1,'applications'),(485,1,1,'apply'),(209,1,1,'are'),(403,1,1,'armature'),(226,1,1,'ata'),(97,1,1,'attachment'),(299,1,1,'attachments'),(368,1,1,'audio'),(254,1,1,'automatically'),(207,1,1,'available'),(104,1,1,'badge'),(402,1,1,'balanced'),(197,1,1,'battery'),(472,1,1,'bear'),(121,1,1,'beat'),(120,1,1,'beauty'),(162,1,1,'been'),(13,1,1,'before'),(345,1,1,'belkin'),(101,1,1,'belt'),(80,1,1,'black'),(81,1,1,'blue'),(383,1,1,'both'),(334,1,1,'box'),(41,1,1,'brains'),(473,1,1,'brand'),(486,1,1,'branded'),(147,1,1,'breakthrough'),(107,1,1,'brilliant'),(319,1,1,'browser'),(247,1,1,'built'),(26,1,1,'but'),(213,1,1,'buying'),(337,1,1,'cable'),(407,1,1,'can'),(449,1,1,'carrying'),(246,1,1,'case'),(348,1,1,'chocolate'),(394,1,1,'choose'),(119,1,1,'click'),(92,1,1,'clips'),(340,1,1,'cloth'),(114,1,1,'collection'),(264,1,1,'collections'),(280,1,1,'color'),(123,1,1,'colorful'),(25,1,1,'colors'),(458,1,1,'com'),(63,1,1,'comes'),(395,1,1,'comfortable'),(414,1,1,'compatible'),(125,1,1,'complements'),(182,1,1,'compromises'),(78,1,1,'computer'),(149,1,1,'computing'),(482,1,1,'conditions'),(413,1,1,'connector'),(199,1,1,'considered'),(488,1,1,'contact'),(143,1,1,'conventions'),(258,1,1,'cord'),(231,1,1,'core'),(160,1,1,'could'),(70,1,1,'cover'),(52,1,1,'creates'),(16,1,1,'curve'),(14,1,1,'curved'),(493,1,1,'customer'),(460,1,1,'customersupport'),(266,1,1,'data'),(373,1,1,'definition'),(375,1,1,'deliver'),(366,1,1,'delivers'),(3,1,1,'demo'),(411,1,1,'depending'),(5,1,1,'design'),(74,1,1,'designed'),(405,1,1,'detachable'),(159,1,1,'detail'),(454,1,1,'details'),(106,1,1,'devotion'),(301,1,1,'directions'),(490,1,1,'directly'),(169,1,1,'display'),(338,1,1,'dock'),(484,1,1,'does'),(136,1,1,'don'),(38,1,1,'down'),(217,1,1,'downloading'),(191,1,1,'drive'),(404,1,1,'driver'),(232,1,1,'duo'),(415,1,1,'earphone'),(335,1,1,'earphones'),(440,1,1,'earpiece'),(239,1,1,'easy'),(464,1,1,'efs'),(135,1,1,'else'),(293,1,1,'email'),(390,1,1,'end'),(201,1,1,'engineered'),(363,1,1,'engineers'),(110,1,1,'entertainment'),(376,1,1,'ergonomic'),(487,1,1,'even'),(158,1,1,'every'),(198,1,1,'everything'),(357,1,1,'evolved'),(298,1,1,'excel'),(477,1,1,'exclusively'),(430,1,1,'extension'),(206,1,1,'fast'),(274,1,1,'favorite'),(44,1,1,'feature'),(6,1,1,'features'),(108,1,1,'feed'),(31,1,1,'feel'),(221,1,1,'files'),(54,1,1,'finding'),(156,1,1,'finger'),(316,1,1,'fingers'),(396,1,1,'fit'),(289,1,1,'five'),(448,1,1,'flange'),(445,1,1,'flex'),(392,1,1,'flexible'),(315,1,1,'flick'),(71,1,1,'flow'),(439,1,1,'foam'),(347,1,1,'folio'),(17,1,1,'for'),(369,1,1,'free'),(419,1,1,'frequency'),(188,1,1,'from'),(170,1,1,'full'),(73,1,1,'games'),(43,1,1,'genius'),(300,1,1,'get'),(21,1,1,'give'),(34,1,1,'glass'),(310,1,1,'gorgeous'),(39,1,1,'great'),(82,1,1,'green'),(262,1,1,'growing'),(343,1,1,'guide'),(102,1,1,'gym'),(290,1,1,'hands'),(190,1,1,'hard'),(151,1,1,'has'),(193,1,1,'hidden'),(49,1,1,'highly'),(388,1,1,'highs'),(240,1,1,'hit'),(329,1,1,'home'),(116,1,1,'how'),(462,1,1,'htm'),(292,1,1,'html'),(377,1,1,'ideal'),(422,1,1,'impedance'),(79,1,1,'inc'),(166,1,1,'inch'),(138,1,1,'inches'),(269,1,1,'include'),(177,1,1,'incomparably'),(495,1,1,'incorporated'),(183,1,1,'incredible'),(155,1,1,'index'),(305,1,1,'information'),(146,1,1,'innovations'),(249,1,1,'innovative'),(96,1,1,'instant'),(230,1,1,'intel'),(50,1,1,'intelligent'),(122,1,1,'intensely'),(279,1,1,'interface'),(317,1,1,'internet'),(46,1,1,'into'),(356,1,1,'iphone'),(1,1,1,'ipod'),(76,1,1,'ipods'),(350,1,1,'ipsum'),(355,1,1,'isolating'),(243,1,1,'its'),(109,1,1,'itunes'),(115,1,1,'jukebox'),(172,1,1,'keyboard'),(223,1,1,'laptops'),(173,1,1,'large'),(259,1,1,'larger'),(346,1,1,'leather'),(168,1,1,'led'),(429,1,1,'length'),(311,1,1,'lets'),(56,1,1,'library'),(364,1,1,'lightweight'),(11,1,1,'like'),(453,1,1,'limited'),(379,1,1,'listening'),(211,1,1,'living'),(117,1,1,'load'),(409,1,1,'longer'),(40,1,1,'looks'),(349,1,1,'lorem'),(137,1,1,'lose'),(389,1,1,'low'),(195,1,1,'lower'),(129,1,1,'macbook'),(58,1,1,'made'),(250,1,1,'magsafe'),(284,1,1,'mail'),(408,1,1,'make'),(238,1,1,'makes'),(489,1,1,'manufacturer'),(479,1,1,'manufacturers'),(288,1,1,'maps'),(263,1,1,'media'),(443,1,1,'medium'),(271,1,1,'memory'),(83,1,1,'metal'),(463,1,1,'mfr'),(400,1,1,'microspeaker'),(374,1,1,'microspeakers'),(75,1,1,'mind'),(148,1,1,'mobile'),(268,1,1,'models'),(406,1,1,'modular'),(358,1,1,'monitor'),(93,1,1,'more'),(89,1,1,'most'),(59,1,1,'move'),(61,1,1,'moves'),(215,1,1,'movies'),(174,1,1,'multi'),(144,1,1,'multiple'),(66,1,1,'music'),(105,1,1,'musical'),(361,1,1,'musicians'),(474,1,1,'name'),(2,1,1,'nano'),(153,1,1,'nearly'),(12,1,1,'never'),(4,1,1,'new'),(23,1,1,'nine'),(371,1,1,'noise'),(471,1,1,'not'),(465,1,1,'note'),(287,1,1,'notes'),(7,1,1,'now'),(185,1,1,'numerous'),(380,1,1,'offer'),(424,1,1,'ohms'),(118,1,1,'one'),(216,1,1,'online'),(28,1,1,'only'),(233,1,1,'optional'),(84,1,1,'orange'),(113,1,1,'organized'),(127,1,1,'original'),(326,1,1,'out'),(370,1,1,'outside'),(140,1,1,'overnight'),(48,1,1,'own'),(483,1,1,'packaged'),(446,1,1,'pair'),(438,1,1,'pairs'),(225,1,1,'parallel'),(29,1,1,'part'),(296,1,1,'pdf'),(208,1,1,'people'),(272,1,1,'perfect'),(362,1,1,'perfected'),(51,1,1,'personal'),(459,1,1,'personalaudio'),(294,1,1,'photos'),(312,1,1,'pinch'),(85,1,1,'pink'),(72,1,1,'play'),(91,1,1,'player'),(53,1,1,'playlists'),(455,1,1,'please'),(318,1,1,'pocket'),(339,1,1,'polishing'),(245,1,1,'polycarbonate'),(178,1,1,'portable'),(194,1,1,'ports'),(399,1,1,'positions'),(139,1,1,'pounds'),(251,1,1,'power'),(157,1,1,'practically'),(387,1,1,'precision'),(378,1,1,'premium'),(360,1,1,'pro'),(461,1,1,'productreturnsa'),(466,1,1,'products'),(196,1,1,'profile'),(86,1,1,'purple'),(37,1,1,'put'),(330,1,1,'quick'),(367,1,1,'range'),(306,1,1,'read'),(302,1,1,'real'),(200,1,1,'reconsidered'),(95,1,1,'red'),(253,1,1,'releases'),(214,1,1,'renting'),(308,1,1,'reports'),(382,1,1,'reproduction'),(141,1,1,'result'),(142,1,1,'rethinking'),(278,1,1,'revolutionary'),(291,1,1,'rich'),(241,1,1,'road'),(20,1,1,'rock'),(10,1,1,'rocks'),(228,1,1,'rpm'),(273,1,1,'running'),(282,1,1,'safari'),(181,1,1,'screen'),(314,1,1,'scroll'),(353,1,1,'se210'),(320,1,1,'see'),(325,1,1,'seen'),(425,1,1,'sensitivity'),(494,1,1,'service'),(475,1,1,'serviced'),(64,1,1,'shake'),(219,1,1,'sharing'),(187,1,1,'shaving'),(410,1,1,'shorter'),(103,1,1,'shorts'),(65,1,1,'shuffle'),(352,1,1,'shure'),(68,1,1,'sideways'),(128,1,1,'silver'),(126,1,1,'simple'),(401,1,1,'single'),(332,1,1,'sites'),(171,1,1,'size'),(100,1,1,'sleeve'),(441,1,1,'sleeves'),(189,1,1,'slimmer'),(442,1,1,'small'),(276,1,1,'smoothly'),(444,1,1,'soft'),(218,1,1,'software'),(467,1,1,'sold'),(235,1,1,'solid'),(255,1,1,'someone'),(55,1,1,'songs'),(354,1,1,'sound'),(385,1,1,'sources'),(417,1,1,'speaker'),(416,1,1,'specifications'),(428,1,1,'spl'),(341,1,1,'stand'),(152,1,1,'standard'),(342,1,1,'start'),(236,1,1,'state'),(384,1,1,'stereo'),(164,1,1,'still'),(307,1,1,'stock'),(285,1,1,'stocks'),(261,1,1,'store'),(220,1,1,'storing'),(30,1,1,'story'),(192,1,1,'strategically'),(161,1,1,'streamlined'),(365,1,1,'stylish'),(150,1,1,'suddenly'),(277,1,1,'superdrive'),(111,1,1,'superstore'),(492,1,1,'support'),(476,1,1,'supported'),(202,1,1,'take'),(327,1,1,'tap'),(491,1,1,'technical'),(248,1,1,'technologies'),(309,1,1,'technology'),(481,1,1,'terms'),(359,1,1,'tested'),(242,1,1,'thanks'),(27,1,1,'that'),(478,1,1,'their'),(323,1,1,'they'),(154,1,1,'thin'),(184,1,1,'thinness'),(469,1,1,'this'),(18,1,1,'those'),(437,1,1,'three'),(468,1,1,'through'),(303,1,1,'time'),(57,1,1,'together'),(42,1,1,'too'),(175,1,1,'touch'),(244,1,1,'tough'),(176,1,1,'trackpad'),(304,1,1,'traffic'),(447,1,1,'triple'),(257,1,1,'trips'),(210,1,1,'truly'),(67,1,1,'turn'),(45,1,1,'turns'),(451,1,1,'two'),(418,1,1,'type'),(386,1,1,'ultimate'),(112,1,1,'ultra'),(132,1,1,'ultraportable'),(131,1,1,'ultrathin'),(133,1,1,'unlike'),(212,1,1,'untethered'),(336,1,1,'usb'),(372,1,1,'using'),(180,1,1,'usual'),(265,1,1,'valuable'),(397,1,1,'variety'),(94,1,1,'vibrant'),(69,1,1,'view'),(456,1,1,'visit'),(36,1,1,'want'),(450,1,1,'warranty'),(322,1,1,'way'),(98,1,1,'wear'),(90,1,1,'wearable'),(398,1,1,'wearing'),(286,1,1,'weather'),(222,1,1,'web'),(470,1,1,'website'),(321,1,1,'websites'),(186,1,1,'weight'),(295,1,1,'well'),(324,1,1,'were'),(333,1,1,'what'),(204,1,1,'which'),(167,1,1,'widescreen'),(145,1,1,'wireless'),(60,1,1,'with'),(179,1,1,'without'),(35,1,1,'won'),(297,1,1,'word'),(88,1,1,'world'),(457,1,1,'www'),(452,1,1,'year'),(87,1,1,'yellow'),(163,1,1,'yet'),(22,1,1,'you'),(47,1,1,'your'),(283,1,1,'youtube'),(313,1,1,'zoom');

--
-- Table structure for table `ps_sekeyword`
--

CREATE TABLE `ps_sekeyword` (
  `id_sekeyword` int(10) unsigned NOT NULL AUTO_INCREMENT,
  `id_shop` int(10) unsigned NOT NULL DEFAULT '1',
  `id_shop_group` int(10) unsigned NOT NULL DEFAULT '1',
  `keyword` varchar(256) NOT NULL,
  `date_add` datetime NOT NULL,
  PRIMARY KEY (`id_sekeyword`)
) ENGINE=InnoDB DEFAULT CHARSET=utf8;

--
-- Dumping data for table `ps_sekeyword`
--


--
-- Table structure for table `ps_shop`
--

CREATE TABLE `ps_shop` (
  `id_shop` int(11) unsigned NOT NULL AUTO_INCREMENT,
  `id_shop_group` int(11) unsigned NOT NULL,
  `name` varchar(64) NOT NULL,
  `id_category` int(11) unsigned NOT NULL DEFAULT '1',
  `id_theme` int(1) unsigned NOT NULL,
  `active` tinyint(1) NOT NULL DEFAULT '1',
  `deleted` tinyint(1) NOT NULL DEFAULT '0',
  PRIMARY KEY (`id_shop`),
  KEY `id_shop_group` (`id_shop_group`),
  KEY `id_category` (`id_category`),
  KEY `id_theme` (`id_theme`)
) ENGINE=InnoDB AUTO_INCREMENT=2 DEFAULT CHARSET=utf8;

--
-- Dumping data for table `ps_shop`
--

INSERT INTO `ps_shop` (`id_shop`, `id_shop_group`, `name`, `id_category`, `id_theme`, `active`, `deleted`) VALUES (1,1,'vincom electric',2,1,1,0);

--
-- Table structure for table `ps_shop_group`
--

CREATE TABLE `ps_shop_group` (
  `id_shop_group` int(11) unsigned NOT NULL AUTO_INCREMENT,
  `name` varchar(64) NOT NULL,
  `share_customer` tinyint(1) NOT NULL,
  `share_order` tinyint(1) NOT NULL,
  `share_stock` tinyint(1) NOT NULL,
  `active` tinyint(1) NOT NULL DEFAULT '1',
  `deleted` tinyint(1) NOT NULL DEFAULT '0',
  PRIMARY KEY (`id_shop_group`)
) ENGINE=InnoDB AUTO_INCREMENT=2 DEFAULT CHARSET=utf8;

--
-- Dumping data for table `ps_shop_group`
--

INSERT INTO `ps_shop_group` (`id_shop_group`, `name`, `share_customer`, `share_order`, `share_stock`, `active`, `deleted`) VALUES (1,'Default',0,0,0,1,0);

--
-- Table structure for table `ps_shop_url`
--

CREATE TABLE `ps_shop_url` (
  `id_shop_url` int(11) unsigned NOT NULL AUTO_INCREMENT,
  `id_shop` int(11) unsigned NOT NULL,
  `domain` varchar(150) NOT NULL,
  `domain_ssl` varchar(150) NOT NULL,
  `physical_uri` varchar(64) NOT NULL,
  `virtual_uri` varchar(64) NOT NULL,
  `main` tinyint(1) NOT NULL,
  `active` tinyint(1) NOT NULL,
  PRIMARY KEY (`id_shop_url`),
  UNIQUE KEY `full_shop_url` (`domain`,`physical_uri`,`virtual_uri`),
  UNIQUE KEY `full_shop_url_ssl` (`domain_ssl`,`physical_uri`,`virtual_uri`),
  KEY `id_shop` (`id_shop`)
) ENGINE=InnoDB AUTO_INCREMENT=2 DEFAULT CHARSET=utf8;

--
-- Dumping data for table `ps_shop_url`
--

INSERT INTO `ps_shop_url` (`id_shop_url`, `id_shop`, `domain`, `domain_ssl`, `physical_uri`, `virtual_uri`, `main`, `active`) VALUES (1,1,'vinhostmedia.com','vinhostmedia.com','/toko/','',1,1);

--
-- Table structure for table `ps_specific_price`
--

CREATE TABLE `ps_specific_price` (
  `id_specific_price` int(10) unsigned NOT NULL AUTO_INCREMENT,
  `id_specific_price_rule` int(11) unsigned NOT NULL,
  `id_cart` int(11) unsigned NOT NULL,
  `id_product` int(10) unsigned NOT NULL,
  `id_shop` int(11) unsigned NOT NULL DEFAULT '1',
  `id_shop_group` int(11) unsigned NOT NULL,
  `id_currency` int(10) unsigned NOT NULL,
  `id_country` int(10) unsigned NOT NULL,
  `id_group` int(10) unsigned NOT NULL,
  `id_customer` int(10) unsigned NOT NULL,
  `id_product_attribute` int(10) unsigned NOT NULL,
  `price` decimal(20,6) NOT NULL,
  `from_quantity` mediumint(8) unsigned NOT NULL,
  `reduction` decimal(20,6) NOT NULL,
  `reduction_type` enum('amount','percentage') NOT NULL,
  `from` datetime NOT NULL,
  `to` datetime NOT NULL,
  PRIMARY KEY (`id_specific_price`),
  KEY `id_product` (`id_product`,`id_shop`,`id_currency`,`id_country`,`id_group`,`id_customer`,`from_quantity`,`from`,`to`),
  KEY `from_quantity` (`from_quantity`),
  KEY `id_specific_price_rule` (`id_specific_price_rule`),
  KEY `id_cart` (`id_cart`)
) ENGINE=InnoDB AUTO_INCREMENT=2 DEFAULT CHARSET=utf8;

--
-- Dumping data for table `ps_specific_price`
--

INSERT INTO `ps_specific_price` (`id_specific_price`, `id_specific_price_rule`, `id_cart`, `id_product`, `id_shop`, `id_shop_group`, `id_currency`, `id_country`, `id_group`, `id_customer`, `id_product_attribute`, `price`, `from_quantity`, `reduction`, `reduction_type`, `from`, `to`) VALUES (1,0,0,1,0,0,0,0,0,0,0,-1.000000,1,0.050000,'percentage','0000-00-00 00:00:00','0000-00-00 00:00:00');

--
-- Table structure for table `ps_specific_price_priority`
--

CREATE TABLE `ps_specific_price_priority` (
  `id_specific_price_priority` int(11) NOT NULL AUTO_INCREMENT,
  `id_product` int(11) NOT NULL,
  `priority` varchar(80) NOT NULL,
  PRIMARY KEY (`id_specific_price_priority`,`id_product`),
  UNIQUE KEY `id_product` (`id_product`)
) ENGINE=InnoDB DEFAULT CHARSET=utf8;

--
-- Dumping data for table `ps_specific_price_priority`
--


--
-- Table structure for table `ps_specific_price_rule`
--

CREATE TABLE `ps_specific_price_rule` (
  `id_specific_price_rule` int(10) unsigned NOT NULL AUTO_INCREMENT,
  `name` varchar(255) NOT NULL,
  `id_shop` int(11) unsigned NOT NULL DEFAULT '1',
  `id_currency` int(10) unsigned NOT NULL,
  `id_country` int(10) unsigned NOT NULL,
  `id_group` int(10) unsigned NOT NULL,
  `from_quantity` mediumint(8) unsigned NOT NULL,
  `price` decimal(20,6) DEFAULT NULL,
  `reduction` decimal(20,6) NOT NULL,
  `reduction_type` enum('amount','percentage') NOT NULL,
  `from` datetime NOT NULL,
  `to` datetime NOT NULL,
  PRIMARY KEY (`id_specific_price_rule`),
  KEY `id_product` (`id_shop`,`id_currency`,`id_country`,`id_group`,`from_quantity`,`from`,`to`)
) ENGINE=InnoDB DEFAULT CHARSET=utf8;

--
-- Dumping data for table `ps_specific_price_rule`
--


--
-- Table structure for table `ps_specific_price_rule_condition`
--

CREATE TABLE `ps_specific_price_rule_condition` (
  `id_specific_price_rule_condition` int(11) unsigned NOT NULL AUTO_INCREMENT,
  `id_specific_price_rule_condition_group` int(11) unsigned NOT NULL,
  `type` varchar(255) NOT NULL,
  `value` varchar(255) NOT NULL,
  PRIMARY KEY (`id_specific_price_rule_condition`),
  KEY `id_specific_price_rule_condition_group` (`id_specific_price_rule_condition_group`)
) ENGINE=InnoDB DEFAULT CHARSET=utf8;

--
-- Dumping data for table `ps_specific_price_rule_condition`
--


--
-- Table structure for table `ps_specific_price_rule_condition_group`
--

CREATE TABLE `ps_specific_price_rule_condition_group` (
  `id_specific_price_rule_condition_group` int(11) unsigned NOT NULL AUTO_INCREMENT,
  `id_specific_price_rule` int(11) unsigned NOT NULL,
  PRIMARY KEY (`id_specific_price_rule_condition_group`,`id_specific_price_rule`)
) ENGINE=InnoDB DEFAULT CHARSET=utf8;

--
-- Dumping data for table `ps_specific_price_rule_condition_group`
--


--
-- Table structure for table `ps_state`
--

CREATE TABLE `ps_state` (
  `id_state` int(10) unsigned NOT NULL AUTO_INCREMENT,
  `id_country` int(11) unsigned NOT NULL,
  `id_zone` int(11) unsigned NOT NULL,
  `name` varchar(64) NOT NULL,
  `iso_code` varchar(7) NOT NULL,
  `tax_behavior` smallint(1) NOT NULL DEFAULT '0',
  `active` tinyint(1) NOT NULL DEFAULT '0',
  PRIMARY KEY (`id_state`),
  KEY `id_country` (`id_country`),
  KEY `name` (`name`),
  KEY `id_zone` (`id_zone`)
) ENGINE=InnoDB AUTO_INCREMENT=313 DEFAULT CHARSET=utf8;

--
-- Dumping data for table `ps_state`
--

INSERT INTO `ps_state` (`id_state`, `id_country`, `id_zone`, `name`, `iso_code`, `tax_behavior`, `active`) VALUES (1,21,2,'Alabama','AL',0,1),(2,21,2,'Alaska','AK',0,1),(3,21,2,'Arizona','AZ',0,1),(4,21,2,'Arkansas','AR',0,1),(5,21,2,'California','CA',0,1),(6,21,2,'Colorado','CO',0,1),(7,21,2,'Connecticut','CT',0,1),(8,21,2,'Delaware','DE',0,1),(9,21,2,'Florida','FL',0,1),(10,21,2,'Georgia','GA',0,1),(11,21,2,'Hawaii','HI',0,1),(12,21,2,'Idaho','ID',0,1),(13,21,2,'Illinois','IL',0,1),(14,21,2,'Indiana','IN',0,1),(15,21,2,'Iowa','IA',0,1),(16,21,2,'Kansas','KS',0,1),(17,21,2,'Kentucky','KY',0,1),(18,21,2,'Louisiana','LA',0,1),(19,21,2,'Maine','ME',0,1),(20,21,2,'Maryland','MD',0,1),(21,21,2,'Massachusetts','MA',0,1),(22,21,2,'Michigan','MI',0,1),(23,21,2,'Minnesota','MN',0,1),(24,21,2,'Mississippi','MS',0,1),(25,21,2,'Missouri','MO',0,1),(26,21,2,'Montana','MT',0,1),(27,21,2,'Nebraska','NE',0,1),(28,21,2,'Nevada','NV',0,1),(29,21,2,'New Hampshire','NH',0,1),(30,21,2,'New Jersey','NJ',0,1),(31,21,2,'New Mexico','NM',0,1),(32,21,2,'New York','NY',0,1),(33,21,2,'North Carolina','NC',0,1),(34,21,2,'North Dakota','ND',0,1),(35,21,2,'Ohio','OH',0,1),(36,21,2,'Oklahoma','OK',0,1),(37,21,2,'Oregon','OR',0,1),(38,21,2,'Pennsylvania','PA',0,1),(39,21,2,'Rhode Island','RI',0,1),(40,21,2,'South Carolina','SC',0,1),(41,21,2,'South Dakota','SD',0,1),(42,21,2,'Tennessee','TN',0,1),(43,21,2,'Texas','TX',0,1),(44,21,2,'Utah','UT',0,1),(45,21,2,'Vermont','VT',0,1),(46,21,2,'Virginia','VA',0,1),(47,21,2,'Washington','WA',0,1),(48,21,2,'West Virginia','WV',0,1),(49,21,2,'Wisconsin','WI',0,1),(50,21,2,'Wyoming','WY',0,1),(51,21,2,'Puerto Rico','PR',0,1),(52,21,2,'US Virgin Islands','VI',0,1),(53,21,2,'District of Columbia','DC',0,1),(54,145,2,'Aguascalientes','AGS',0,1),(55,145,2,'Baja California','BCN',0,1),(56,145,2,'Baja California Sur','BCS',0,1),(57,145,2,'Campeche','CAM',0,1),(58,145,2,'Chiapas','CHP',0,1),(59,145,2,'Chihuahua','CHH',0,1),(60,145,2,'Coahuila','COA',0,1),(61,145,2,'Colima','COL',0,1),(62,145,2,'Distrito Federal','DIF',0,1),(63,145,2,'Durango','DUR',0,1),(64,145,2,'Guanajuato','GUA',0,1),(65,145,2,'Guerrero','GRO',0,1),(66,145,2,'Hidalgo','HID',0,1),(67,145,2,'Jalisco','JAL',0,1),(68,145,2,'Estado de México','MEX',0,1),(69,145,2,'Michoacán','MIC',0,1),(70,145,2,'Morelos','MOR',0,1),(71,145,2,'Nayarit','NAY',0,1),(72,145,2,'Nuevo León','NLE',0,1),(73,145,2,'Oaxaca','OAX',0,1),(74,145,2,'Puebla','PUE',0,1),(75,145,2,'Querétaro','QUE',0,1),(76,145,2,'Quintana Roo','ROO',0,1),(77,145,2,'San Luis Potosí','SLP',0,1),(78,145,2,'Sinaloa','SIN',0,1),(79,145,2,'Sonora','SON',0,1),(80,145,2,'Tabasco','TAB',0,1),(81,145,2,'Tamaulipas','TAM',0,1),(82,145,2,'Tlaxcala','TLA',0,1),(83,145,2,'Veracruz','VER',0,1),(84,145,2,'Yucatán','YUC',0,1),(85,145,2,'Zacatecas','ZAC',0,1),(86,4,2,'Ontario','ON',0,1),(87,4,2,'Quebec','QC',0,1),(88,4,2,'British Columbia','BC',0,1),(89,4,2,'Alberta','AB',0,1),(90,4,2,'Manitoba','MB',0,1),(91,4,2,'Saskatchewan','SK',0,1),(92,4,2,'Nova Scotia','NS',0,1),(93,4,2,'New Brunswick','NB',0,1),(94,4,2,'Newfoundland and Labrador','NL',0,1),(95,4,2,'Prince Edward Island','PE',0,1),(96,4,2,'Northwest Territories','NT',0,1),(97,4,2,'Yukon','YT',0,1),(98,4,2,'Nunavut','NU',0,1),(99,44,6,'Buenos Aires','B',0,1),(100,44,6,'Catamarca','K',0,1),(101,44,6,'Chaco','H',0,1),(102,44,6,'Chubut','U',0,1),(103,44,6,'Ciudad de Buenos Aires','C',0,1),(104,44,6,'Córdoba','X',0,1),(105,44,6,'Corrientes','W',0,1),(106,44,6,'Entre Ríos','E',0,1),(107,44,6,'Formosa','P',0,1),(108,44,6,'Jujuy','Y',0,1),(109,44,6,'La Pampa','L',0,1),(110,44,6,'La Rioja','F',0,1),(111,44,6,'Mendoza','M',0,1),(112,44,6,'Misiones','N',0,1),(113,44,6,'Neuquén','Q',0,1),(114,44,6,'Río Negro','R',0,1),(115,44,6,'Salta','A',0,1),(116,44,6,'San Juan','J',0,1),(117,44,6,'San Luis','D',0,1),(118,44,6,'Santa Cruz','Z',0,1),(119,44,6,'Santa Fe','S',0,1),(120,44,6,'Santiago del Estero','G',0,1),(121,44,6,'Tierra del Fuego','V',0,1),(122,44,6,'Tucumán','T',0,1),(123,10,1,'Agrigento','AG',0,1),(124,10,1,'Alessandria','AL',0,1),(125,10,1,'Ancona','AN',0,1),(126,10,1,'Aosta','AO',0,1),(127,10,1,'Arezzo','AR',0,1),(128,10,1,'Ascoli Piceno','AP',0,1),(129,10,1,'Asti','AT',0,1),(130,10,1,'Avellino','AV',0,1),(131,10,1,'Bari','BA',0,1),(132,10,1,'Barletta-Andria-Trani','BT',0,1),(133,10,1,'Belluno','BL',0,1),(134,10,1,'Benevento','BN',0,1),(135,10,1,'Bergamo','BG',0,1),(136,10,1,'Biella','BI',0,1),(137,10,1,'Bologna','BO',0,1),(138,10,1,'Bolzano','BZ',0,1),(139,10,1,'Brescia','BS',0,1),(140,10,1,'Brindisi','BR',0,1),(141,10,1,'Cagliari','CA',0,1),(142,10,1,'Caltanissetta','CL',0,1),(143,10,1,'Campobasso','CB',0,1),(144,10,1,'Carbonia-Iglesias','CI',0,1),(145,10,1,'Caserta','CE',0,1),(146,10,1,'Catania','CT',0,1),(147,10,1,'Catanzaro','CZ',0,1),(148,10,1,'Chieti','CH',0,1),(149,10,1,'Como','CO',0,1),(150,10,1,'Cosenza','CS',0,1),(151,10,1,'Cremona','CR',0,1),(152,10,1,'Crotone','KR',0,1),(153,10,1,'Cuneo','CN',0,1),(154,10,1,'Enna','EN',0,1),(155,10,1,'Fermo','FM',0,1),(156,10,1,'Ferrara','FE',0,1),(157,10,1,'Firenze','FI',0,1),(158,10,1,'Foggia','FG',0,1),(159,10,1,'Forlì-Cesena','FC',0,1),(160,10,1,'Frosinone','FR',0,1),(161,10,1,'Genova','GE',0,1),(162,10,1,'Gorizia','GO',0,1),(163,10,1,'Grosseto','GR',0,1),(164,10,1,'Imperia','IM',0,1),(165,10,1,'Isernia','IS',0,1),(166,10,1,'L\'Aquila','AQ',0,1),(167,10,1,'La Spezia','SP',0,1),(168,10,1,'Latina','LT',0,1),(169,10,1,'Lecce','LE',0,1),(170,10,1,'Lecco','LC',0,1),(171,10,1,'Livorno','LI',0,1),(172,10,1,'Lodi','LO',0,1),(173,10,1,'Lucca','LU',0,1),(174,10,1,'Macerata','MC',0,1),(175,10,1,'Mantova','MN',0,1),(176,10,1,'Massa','MS',0,1),(177,10,1,'Matera','MT',0,1),(178,10,1,'Medio Campidano','VS',0,1),(179,10,1,'Messina','ME',0,1),(180,10,1,'Milano','MI',0,1),(181,10,1,'Modena','MO',0,1),(182,10,1,'Monza e della Brianza','MB',0,1),(183,10,1,'Napoli','NA',0,1),(184,10,1,'Novara','NO',0,1),(185,10,1,'Nuoro','NU',0,1),(186,10,1,'Ogliastra','OG',0,1),(187,10,1,'Olbia-Tempio','OT',0,1),(188,10,1,'Oristano','OR',0,1),(189,10,1,'Padova','PD',0,1),(190,10,1,'Palermo','PA',0,1),(191,10,1,'Parma','PR',0,1),(192,10,1,'Pavia','PV',0,1),(193,10,1,'Perugia','PG',0,1),(194,10,1,'Pesaro-Urbino','PU',0,1),(195,10,1,'Pescara','PE',0,1),(196,10,1,'Piacenza','PC',0,1),(197,10,1,'Pisa','PI',0,1),(198,10,1,'Pistoia','PT',0,1),(199,10,1,'Pordenone','PN',0,1),(200,10,1,'Potenza','PZ',0,1),(201,10,1,'Prato','PO',0,1),(202,10,1,'Ragusa','RG',0,1),(203,10,1,'Ravenna','RA',0,1),(204,10,1,'Reggio Calabria','RC',0,1),(205,10,1,'Reggio Emilia','RE',0,1),(206,10,1,'Rieti','RI',0,1),(207,10,1,'Rimini','RN',0,1),(208,10,1,'Roma','RM',0,1),(209,10,1,'Rovigo','RO',0,1),(210,10,1,'Salerno','SA',0,1),(211,10,1,'Sassari','SS',0,1),(212,10,1,'Savona','SV',0,1),(213,10,1,'Siena','SI',0,1),(214,10,1,'Siracusa','SR',0,1),(215,10,1,'Sondrio','SO',0,1),(216,10,1,'Taranto','TA',0,1),(217,10,1,'Teramo','TE',0,1),(218,10,1,'Terni','TR',0,1),(219,10,1,'Torino','TO',0,1),(220,10,1,'Trapani','TP',0,1),(221,10,1,'Trento','TN',0,1),(222,10,1,'Treviso','TV',0,1),(223,10,1,'Trieste','TS',0,1),(224,10,1,'Udine','UD',0,1),(225,10,1,'Varese','VA',0,1),(226,10,1,'Venezia','VE',0,1),(227,10,1,'Verbano-Cusio-Ossola','VB',0,1),(228,10,1,'Vercelli','VC',0,1),(229,10,1,'Verona','VR',0,1),(230,10,1,'Vibo Valentia','VV',0,1),(231,10,1,'Vicenza','VI',0,1),(232,10,1,'Viterbo','VT',0,1),(233,111,3,'Aceh','AC',0,1),(234,111,3,'Bali','BA',0,1),(235,111,3,'Bangka','BB',0,1),(236,111,3,'Banten','BT',0,1),(237,111,3,'Bengkulu','BE',0,1),(238,111,3,'Central Java','JT',0,1),(239,111,3,'Central Kalimantan','KT',0,1),(240,111,3,'Central Sulawesi','ST',0,1),(241,111,3,'Coat of arms of East Java','JI',0,1),(242,111,3,'East kalimantan','KI',0,1),(243,111,3,'East Nusa Tenggara','NT',0,1),(244,111,3,'Lambang propinsi','GO',0,1),(245,111,3,'Jakarta','JK',0,1),(246,111,3,'Jambi','JA',0,1),(247,111,3,'Lampung','LA',0,1),(248,111,3,'Maluku','MA',0,1),(249,111,3,'North Maluku','MU',0,1),(250,111,3,'North Sulawesi','SA',0,1),(251,111,3,'North Sumatra','SU',0,1),(252,111,3,'Papua','PA',0,1),(253,111,3,'Riau','RI',0,1),(254,111,3,'Lambang Riau','KR',0,1),(255,111,3,'Southeast Sulawesi','SG',0,1),(256,111,3,'South Kalimantan','KS',0,1),(257,111,3,'South Sulawesi','SN',0,1),(258,111,3,'South Sumatra','SS',0,1),(259,111,3,'West Java','JB',0,1),(260,111,3,'West Kalimantan','KB',0,1),(261,111,3,'West Nusa Tenggara','NB',0,1),(262,111,3,'Lambang Provinsi Papua Barat','PB',0,1),(263,111,3,'West Sulawesi','SR',0,1),(264,111,3,'West Sumatra','SB',0,1),(265,111,3,'Yogyakarta','YO',0,1),(266,11,3,'Aichi','23',0,1),(267,11,3,'Akita','05',0,1),(268,11,3,'Aomori','02',0,1),(269,11,3,'Chiba','12',0,1),(270,11,3,'Ehime','38',0,1),(271,11,3,'Fukui','18',0,1),(272,11,3,'Fukuoka','40',0,1),(273,11,3,'Fukushima','07',0,1),(274,11,3,'Gifu','21',0,1),(275,11,3,'Gunma','10',0,1),(276,11,3,'Hiroshima','34',0,1),(277,11,3,'Hokkaido','01',0,1),(278,11,3,'Hyogo','28',0,1),(279,11,3,'Ibaraki','08',0,1),(280,11,3,'Ishikawa','17',0,1),(281,11,3,'Iwate','03',0,1),(282,11,3,'Kagawa','37',0,1),(283,11,3,'Kagoshima','46',0,1),(284,11,3,'Kanagawa','14',0,1),(285,11,3,'Kochi','39',0,1),(286,11,3,'Kumamoto','43',0,1),(287,11,3,'Kyoto','26',0,1),(288,11,3,'Mie','24',0,1),(289,11,3,'Miyagi','04',0,1),(290,11,3,'Miyazaki','45',0,1),(291,11,3,'Nagano','20',0,1),(292,11,3,'Nagasaki','42',0,1),(293,11,3,'Nara','29',0,1),(294,11,3,'Niigata','15',0,1),(295,11,3,'Oita','44',0,1),(296,11,3,'Okayama','33',0,1),(297,11,3,'Okinawa','47',0,1),(298,11,3,'Osaka','27',0,1),(299,11,3,'Saga','41',0,1),(300,11,3,'Saitama','11',0,1),(301,11,3,'Shiga','25',0,1),(302,11,3,'Shimane','32',0,1),(303,11,3,'Shizuoka','22',0,1),(304,11,3,'Tochigi','09',0,1),(305,11,3,'Tokushima','36',0,1),(306,11,3,'Tokyo','13',0,1),(307,11,3,'Tottori','31',0,1),(308,11,3,'Toyama','16',0,1),(309,11,3,'Wakayama','30',0,1),(310,11,3,'Yamagata','06',0,1),(311,11,3,'Yamaguchi','35',0,1),(312,11,3,'Yamanashi','19',0,1);

--
-- Table structure for table `ps_statssearch`
--

CREATE TABLE `ps_statssearch` (
  `id_statssearch` int(10) unsigned NOT NULL AUTO_INCREMENT,
  `id_shop` int(10) unsigned NOT NULL DEFAULT '1',
  `id_shop_group` int(10) unsigned NOT NULL DEFAULT '1',
  `keywords` varchar(255) NOT NULL,
  `results` int(6) NOT NULL DEFAULT '0',
  `date_add` datetime NOT NULL,
  PRIMARY KEY (`id_statssearch`)
) ENGINE=InnoDB DEFAULT CHARSET=utf8;

--
-- Dumping data for table `ps_statssearch`
--


--
-- Table structure for table `ps_stock`
--

CREATE TABLE `ps_stock` (
  `id_stock` int(11) unsigned NOT NULL AUTO_INCREMENT,
  `id_warehouse` int(11) unsigned NOT NULL,
  `id_product` int(11) unsigned NOT NULL,
  `id_product_attribute` int(11) unsigned NOT NULL,
  `reference` varchar(32) NOT NULL,
  `ean13` varchar(13) DEFAULT NULL,
  `upc` varchar(12) DEFAULT NULL,
  `physical_quantity` int(11) unsigned NOT NULL,
  `usable_quantity` int(11) unsigned NOT NULL,
  `price_te` decimal(20,6) DEFAULT '0.000000',
  PRIMARY KEY (`id_stock`),
  KEY `id_warehouse` (`id_warehouse`),
  KEY `id_product` (`id_product`),
  KEY `id_product_attribute` (`id_product_attribute`)
) ENGINE=InnoDB DEFAULT CHARSET=utf8;

--
-- Dumping data for table `ps_stock`
--


--
-- Table structure for table `ps_stock_available`
--

CREATE TABLE `ps_stock_available` (
  `id_stock_available` int(11) unsigned NOT NULL AUTO_INCREMENT,
  `id_product` int(11) unsigned NOT NULL,
  `id_product_attribute` int(11) unsigned NOT NULL,
  `id_shop` int(11) unsigned NOT NULL,
  `id_shop_group` int(11) unsigned NOT NULL,
  `quantity` int(10) NOT NULL DEFAULT '0',
  `depends_on_stock` tinyint(1) unsigned NOT NULL DEFAULT '0',
  `out_of_stock` tinyint(1) unsigned NOT NULL DEFAULT '0',
  PRIMARY KEY (`id_stock_available`),
  UNIQUE KEY `product_sqlstock` (`id_product`,`id_product_attribute`,`id_shop`,`id_shop_group`),
  KEY `id_shop` (`id_shop`),
  KEY `id_shop_group` (`id_shop_group`),
  KEY `id_product` (`id_product`),
  KEY `id_product_attribute` (`id_product_attribute`)
) ENGINE=InnoDB AUTO_INCREMENT=35 DEFAULT CHARSET=utf8;

--
-- Dumping data for table `ps_stock_available`
--

INSERT INTO `ps_stock_available` (`id_stock_available`, `id_product`, `id_product_attribute`, `id_shop`, `id_shop_group`, `quantity`, `depends_on_stock`, `out_of_stock`) VALUES (1,1,0,1,0,160,0,2),(2,2,0,1,0,119,0,2),(3,3,0,1,0,400,0,2),(4,4,0,1,0,75,0,2),(5,5,0,1,0,120,0,2),(6,6,0,1,0,25,0,2),(7,7,0,1,0,15,0,2),(8,2,1,1,0,30,0,2),(9,2,2,1,0,29,0,2),(10,2,3,1,0,30,0,2),(11,2,4,1,0,30,0,2),(12,3,5,1,0,100,0,2),(13,3,6,1,0,100,0,2),(14,3,7,1,0,100,0,2),(15,3,8,1,0,100,0,2),(16,5,9,1,0,40,0,2),(17,5,10,1,0,40,0,2),(18,5,11,1,0,40,0,2),(19,1,12,1,0,10,0,2),(20,1,13,1,0,10,0,2),(21,1,14,1,0,10,0,2),(22,1,15,1,0,10,0,2),(23,1,16,1,0,10,0,2),(24,1,17,1,0,10,0,2),(25,1,18,1,0,10,0,2),(26,1,19,1,0,10,0,2),(27,1,20,1,0,10,0,2),(28,1,21,1,0,10,0,2),(29,1,22,1,0,10,0,2),(30,1,23,1,0,10,0,2),(31,1,24,1,0,10,0,2),(32,1,25,1,0,10,0,2),(33,1,26,1,0,10,0,2),(34,1,27,1,0,10,0,2);

--
-- Table structure for table `ps_stock_mvt`
--

CREATE TABLE `ps_stock_mvt` (
  `id_stock_mvt` bigint(20) unsigned NOT NULL AUTO_INCREMENT,
  `id_stock` int(11) unsigned NOT NULL,
  `id_order` int(11) unsigned DEFAULT NULL,
  `id_supply_order` int(11) unsigned DEFAULT NULL,
  `id_stock_mvt_reason` int(11) unsigned NOT NULL,
  `id_employee` int(11) unsigned NOT NULL,
  `employee_lastname` varchar(32) DEFAULT '',
  `employee_firstname` varchar(32) DEFAULT '',
  `physical_quantity` int(11) unsigned NOT NULL,
  `date_add` datetime NOT NULL,
  `sign` tinyint(1) NOT NULL DEFAULT '1',
  `price_te` decimal(20,6) DEFAULT '0.000000',
  `last_wa` decimal(20,6) DEFAULT '0.000000',
  `current_wa` decimal(20,6) DEFAULT '0.000000',
  `referer` bigint(20) unsigned DEFAULT NULL,
  PRIMARY KEY (`id_stock_mvt`),
  KEY `id_stock` (`id_stock`),
  KEY `id_stock_mvt_reason` (`id_stock_mvt_reason`)
) ENGINE=InnoDB DEFAULT CHARSET=utf8;

--
-- Dumping data for table `ps_stock_mvt`
--


--
-- Table structure for table `ps_stock_mvt_reason`
--

CREATE TABLE `ps_stock_mvt_reason` (
  `id_stock_mvt_reason` int(11) unsigned NOT NULL AUTO_INCREMENT,
  `sign` tinyint(1) NOT NULL DEFAULT '1',
  `date_add` datetime NOT NULL,
  `date_upd` datetime NOT NULL,
  `deleted` tinyint(1) unsigned NOT NULL DEFAULT '0',
  PRIMARY KEY (`id_stock_mvt_reason`)
) ENGINE=InnoDB AUTO_INCREMENT=9 DEFAULT CHARSET=utf8;

--
-- Dumping data for table `ps_stock_mvt_reason`
--

INSERT INTO `ps_stock_mvt_reason` (`id_stock_mvt_reason`, `sign`, `date_add`, `date_upd`, `deleted`) VALUES (1,1,'2014-01-24 18:57:58','2014-01-24 18:57:58',0),(2,-1,'2014-01-24 18:57:58','2014-01-24 18:57:58',0),(3,-1,'2014-01-24 18:57:58','2014-01-24 18:57:58',0),(4,-1,'2014-01-24 18:57:58','2014-01-24 18:57:58',0),(5,1,'2014-01-24 18:57:58','2014-01-24 18:57:58',0),(6,-1,'2014-01-24 18:57:58','2014-01-24 18:57:58',0),(7,1,'2014-01-24 18:57:58','2014-01-24 18:57:58',0),(8,1,'2014-01-24 18:57:58','2014-01-24 18:57:58',0);

--
-- Table structure for table `ps_stock_mvt_reason_lang`
--

CREATE TABLE `ps_stock_mvt_reason_lang` (
  `id_stock_mvt_reason` int(11) unsigned NOT NULL,
  `id_lang` int(11) unsigned NOT NULL,
  `name` varchar(255) NOT NULL,
  PRIMARY KEY (`id_stock_mvt_reason`,`id_lang`)
) ENGINE=InnoDB DEFAULT CHARSET=utf8;

--
-- Dumping data for table `ps_stock_mvt_reason_lang`
--

INSERT INTO `ps_stock_mvt_reason_lang` (`id_stock_mvt_reason`, `id_lang`, `name`) VALUES (1,1,'Increase'),(1,2,'Increase'),(1,3,'Increase'),(2,1,'Decrease'),(2,2,'Decrease'),(2,3,'Decrease'),(3,1,'Customer Order'),(3,2,'Customer Order'),(3,3,'Customer Order'),(4,1,'Regulation following an inventory of stock'),(4,2,'Regulation following an inventory of stock'),(4,3,'Regulation following an inventory of stock'),(5,1,'Regulation following an inventory of stock'),(5,2,'Regulation following an inventory of stock'),(5,3,'Regulation following an inventory of stock'),(6,1,'Transfer to another warehouse'),(6,2,'Transfer to another warehouse'),(6,3,'Transfer to another warehouse'),(7,1,'Transfer from another warehouse'),(7,2,'Transfer from another warehouse'),(7,3,'Transfer from another warehouse'),(8,1,'Supply Order'),(8,2,'Supply Order'),(8,3,'Supply Order');

--
-- Table structure for table `ps_store`
--

CREATE TABLE `ps_store` (
  `id_store` int(10) unsigned NOT NULL AUTO_INCREMENT,
  `id_country` int(10) unsigned NOT NULL,
  `id_state` int(10) unsigned DEFAULT NULL,
  `name` varchar(128) NOT NULL,
  `address1` varchar(128) NOT NULL,
  `address2` varchar(128) DEFAULT NULL,
  `city` varchar(64) NOT NULL,
  `postcode` varchar(12) NOT NULL,
  `latitude` decimal(13,8) DEFAULT NULL,
  `longitude` decimal(13,8) DEFAULT NULL,
  `hours` varchar(254) DEFAULT NULL,
  `phone` varchar(16) DEFAULT NULL,
  `fax` varchar(16) DEFAULT NULL,
  `email` varchar(128) DEFAULT NULL,
  `note` text,
  `active` tinyint(1) unsigned NOT NULL DEFAULT '0',
  `date_add` datetime NOT NULL,
  `date_upd` datetime NOT NULL,
  PRIMARY KEY (`id_store`)
) ENGINE=InnoDB AUTO_INCREMENT=6 DEFAULT CHARSET=utf8;

--
-- Dumping data for table `ps_store`
--

INSERT INTO `ps_store` (`id_store`, `id_country`, `id_state`, `name`, `address1`, `address2`, `city`, `postcode`, `latitude`, `longitude`, `hours`, `phone`, `fax`, `email`, `note`, `active`, `date_add`, `date_upd`) VALUES (1,21,9,'Dade County','3030 SW 8th St Miami','','Miami',' 33135',25.76500500,-80.24379700,'a:7:{i:0;s:13:\"09:00 - 19:00\";i:1;s:13:\"09:00 - 19:00\";i:2;s:13:\"09:00 - 19:00\";i:3;s:13:\"09:00 - 19:00\";i:4;s:13:\"09:00 - 19:00\";i:5;s:13:\"10:00 - 16:00\";i:6;s:13:\"10:00 - 16:00\";}','','','','',1,'2014-01-24 18:57:58','2014-01-24 18:57:58'),(2,21,9,'E Fort Lauderdale','1000 Northeast 4th Ave Fort Lauderdale','','Miami',' 33304',26.13793600,-80.13943500,'a:7:{i:0;s:13:\"09:00 - 19:00\";i:1;s:13:\"09:00 - 19:00\";i:2;s:13:\"09:00 - 19:00\";i:3;s:13:\"09:00 - 19:00\";i:4;s:13:\"09:00 - 19:00\";i:5;s:13:\"10:00 - 16:00\";i:6;s:13:\"10:00 - 16:00\";}','','','','',1,'2014-01-24 18:57:58','2014-01-24 18:57:58'),(3,21,9,'Pembroke Pines','11001 Pines Blvd Pembroke Pines','','Miami','33026',26.00998700,-80.29447200,'a:7:{i:0;s:13:\"09:00 - 19:00\";i:1;s:13:\"09:00 - 19:00\";i:2;s:13:\"09:00 - 19:00\";i:3;s:13:\"09:00 - 19:00\";i:4;s:13:\"09:00 - 19:00\";i:5;s:13:\"10:00 - 16:00\";i:6;s:13:\"10:00 - 16:00\";}','','','','',1,'2014-01-24 18:57:58','2014-01-24 18:57:58'),(4,21,9,'Coconut Grove','2999 SW 32nd Avenue','','Miami',' 33133',25.73629600,-80.24479700,'a:7:{i:0;s:13:\"09:00 - 19:00\";i:1;s:13:\"09:00 - 19:00\";i:2;s:13:\"09:00 - 19:00\";i:3;s:13:\"09:00 - 19:00\";i:4;s:13:\"09:00 - 19:00\";i:5;s:13:\"10:00 - 16:00\";i:6;s:13:\"10:00 - 16:00\";}','','','','',1,'2014-01-24 18:57:58','2014-01-24 18:57:58'),(5,21,9,'N Miami/Biscayne','12055 Biscayne Blvd','','Miami','33181',25.88674000,-80.16329200,'a:7:{i:0;s:13:\"09:00 - 19:00\";i:1;s:13:\"09:00 - 19:00\";i:2;s:13:\"09:00 - 19:00\";i:3;s:13:\"09:00 - 19:00\";i:4;s:13:\"09:00 - 19:00\";i:5;s:13:\"10:00 - 16:00\";i:6;s:13:\"10:00 - 16:00\";}','','','','',1,'2014-01-24 18:57:58','2014-01-24 18:57:58');

--
-- Table structure for table `ps_store_shop`
--

CREATE TABLE `ps_store_shop` (
  `id_store` int(11) unsigned NOT NULL,
  `id_shop` int(11) unsigned NOT NULL,
  PRIMARY KEY (`id_store`,`id_shop`),
  KEY `id_shop` (`id_shop`)
) ENGINE=InnoDB DEFAULT CHARSET=utf8;

--
-- Dumping data for table `ps_store_shop`
--

INSERT INTO `ps_store_shop` (`id_store`, `id_shop`) VALUES (1,1),(2,1),(3,1),(4,1),(5,1);

--
-- Table structure for table `ps_supplier`
--

CREATE TABLE `ps_supplier` (
  `id_supplier` int(10) unsigned NOT NULL AUTO_INCREMENT,
  `name` varchar(64) NOT NULL,
  `date_add` datetime NOT NULL,
  `date_upd` datetime NOT NULL,
  `active` tinyint(1) NOT NULL DEFAULT '0',
  PRIMARY KEY (`id_supplier`)
) ENGINE=InnoDB AUTO_INCREMENT=3 DEFAULT CHARSET=utf8;

--
-- Dumping data for table `ps_supplier`
--

INSERT INTO `ps_supplier` (`id_supplier`, `name`, `date_add`, `date_upd`, `active`) VALUES (1,'AppleStore','2014-01-24 18:57:58','2014-01-24 18:57:58',1),(2,'Shure Online Store','2014-01-24 18:57:58','2014-01-24 18:57:58',1);

--
-- Table structure for table `ps_supplier_lang`
--

CREATE TABLE `ps_supplier_lang` (
  `id_supplier` int(10) unsigned NOT NULL,
  `id_lang` int(10) unsigned NOT NULL,
  `description` text,
  `meta_title` varchar(128) DEFAULT NULL,
  `meta_keywords` varchar(255) DEFAULT NULL,
  `meta_description` varchar(255) DEFAULT NULL,
  PRIMARY KEY (`id_supplier`,`id_lang`)
) ENGINE=InnoDB DEFAULT CHARSET=utf8;

--
-- Dumping data for table `ps_supplier_lang`
--

INSERT INTO `ps_supplier_lang` (`id_supplier`, `id_lang`, `description`, `meta_title`, `meta_keywords`, `meta_description`) VALUES (1,1,'','','',''),(1,2,'','','',''),(1,3,'','','',''),(2,1,'','','',''),(2,2,'','','',''),(2,3,'','','','');

--
-- Table structure for table `ps_supplier_shop`
--

CREATE TABLE `ps_supplier_shop` (
  `id_supplier` int(11) unsigned NOT NULL,
  `id_shop` int(11) unsigned NOT NULL,
  PRIMARY KEY (`id_supplier`,`id_shop`),
  KEY `id_shop` (`id_shop`)
) ENGINE=InnoDB DEFAULT CHARSET=utf8;

--
-- Dumping data for table `ps_supplier_shop`
--

INSERT INTO `ps_supplier_shop` (`id_supplier`, `id_shop`) VALUES (1,1),(2,1);

--
-- Table structure for table `ps_supply_order`
--

CREATE TABLE `ps_supply_order` (
  `id_supply_order` int(11) unsigned NOT NULL AUTO_INCREMENT,
  `id_supplier` int(11) unsigned NOT NULL,
  `supplier_name` varchar(64) NOT NULL,
  `id_lang` int(11) unsigned NOT NULL,
  `id_warehouse` int(11) unsigned NOT NULL,
  `id_supply_order_state` int(11) unsigned NOT NULL,
  `id_currency` int(11) unsigned NOT NULL,
  `id_ref_currency` int(11) unsigned NOT NULL,
  `reference` varchar(64) NOT NULL,
  `date_add` datetime NOT NULL,
  `date_upd` datetime NOT NULL,
  `date_delivery_expected` datetime DEFAULT NULL,
  `total_te` decimal(20,6) DEFAULT '0.000000',
  `total_with_discount_te` decimal(20,6) DEFAULT '0.000000',
  `total_tax` decimal(20,6) DEFAULT '0.000000',
  `total_ti` decimal(20,6) DEFAULT '0.000000',
  `discount_rate` decimal(20,6) DEFAULT '0.000000',
  `discount_value_te` decimal(20,6) DEFAULT '0.000000',
  `is_template` tinyint(1) DEFAULT '0',
  PRIMARY KEY (`id_supply_order`),
  KEY `id_supplier` (`id_supplier`),
  KEY `id_warehouse` (`id_warehouse`),
  KEY `reference` (`reference`)
) ENGINE=InnoDB DEFAULT CHARSET=utf8;

--
-- Dumping data for table `ps_supply_order`
--


--
-- Table structure for table `ps_supply_order_detail`
--

CREATE TABLE `ps_supply_order_detail` (
  `id_supply_order_detail` int(11) unsigned NOT NULL AUTO_INCREMENT,
  `id_supply_order` int(11) unsigned NOT NULL,
  `id_currency` int(11) unsigned NOT NULL,
  `id_product` int(11) unsigned NOT NULL,
  `id_product_attribute` int(11) unsigned NOT NULL,
  `reference` varchar(32) NOT NULL,
  `supplier_reference` varchar(32) NOT NULL,
  `name` varchar(128) NOT NULL,
  `ean13` varchar(13) DEFAULT NULL,
  `upc` varchar(12) DEFAULT NULL,
  `exchange_rate` decimal(20,6) DEFAULT '0.000000',
  `unit_price_te` decimal(20,6) DEFAULT '0.000000',
  `quantity_expected` int(11) unsigned NOT NULL,
  `quantity_received` int(11) unsigned NOT NULL,
  `price_te` decimal(20,6) DEFAULT '0.000000',
  `discount_rate` decimal(20,6) DEFAULT '0.000000',
  `discount_value_te` decimal(20,6) DEFAULT '0.000000',
  `price_with_discount_te` decimal(20,6) DEFAULT '0.000000',
  `tax_rate` decimal(20,6) DEFAULT '0.000000',
  `tax_value` decimal(20,6) DEFAULT '0.000000',
  `price_ti` decimal(20,6) DEFAULT '0.000000',
  `tax_value_with_order_discount` decimal(20,6) DEFAULT '0.000000',
  `price_with_order_discount_te` decimal(20,6) DEFAULT '0.000000',
  PRIMARY KEY (`id_supply_order_detail`),
  KEY `id_supply_order` (`id_supply_order`),
  KEY `id_product` (`id_product`),
  KEY `id_product_attribute` (`id_product_attribute`),
  KEY `id_product_product_attribute` (`id_product`,`id_product_attribute`)
) ENGINE=InnoDB DEFAULT CHARSET=utf8;

--
-- Dumping data for table `ps_supply_order_detail`
--


--
-- Table structure for table `ps_supply_order_history`
--

CREATE TABLE `ps_supply_order_history` (
  `id_supply_order_history` int(11) unsigned NOT NULL AUTO_INCREMENT,
  `id_supply_order` int(11) unsigned NOT NULL,
  `id_employee` int(11) unsigned NOT NULL,
  `employee_lastname` varchar(32) DEFAULT '',
  `employee_firstname` varchar(32) DEFAULT '',
  `id_state` int(11) unsigned NOT NULL,
  `date_add` datetime NOT NULL,
  PRIMARY KEY (`id_supply_order_history`),
  KEY `id_supply_order` (`id_supply_order`),
  KEY `id_employee` (`id_employee`),
  KEY `id_state` (`id_state`)
) ENGINE=InnoDB DEFAULT CHARSET=utf8;

--
-- Dumping data for table `ps_supply_order_history`
--


--
-- Table structure for table `ps_supply_order_receipt_history`
--

CREATE TABLE `ps_supply_order_receipt_history` (
  `id_supply_order_receipt_history` int(11) unsigned NOT NULL AUTO_INCREMENT,
  `id_supply_order_detail` int(11) unsigned NOT NULL,
  `id_employee` int(11) unsigned NOT NULL,
  `employee_lastname` varchar(32) DEFAULT '',
  `employee_firstname` varchar(32) DEFAULT '',
  `id_supply_order_state` int(11) unsigned NOT NULL,
  `quantity` int(11) unsigned NOT NULL,
  `date_add` datetime NOT NULL,
  PRIMARY KEY (`id_supply_order_receipt_history`),
  KEY `id_supply_order_detail` (`id_supply_order_detail`),
  KEY `id_supply_order_state` (`id_supply_order_state`)
) ENGINE=InnoDB DEFAULT CHARSET=utf8;

--
-- Dumping data for table `ps_supply_order_receipt_history`
--


--
-- Table structure for table `ps_supply_order_state`
--

CREATE TABLE `ps_supply_order_state` (
  `id_supply_order_state` int(11) unsigned NOT NULL AUTO_INCREMENT,
  `delivery_note` tinyint(1) NOT NULL DEFAULT '0',
  `editable` tinyint(1) NOT NULL DEFAULT '0',
  `receipt_state` tinyint(1) NOT NULL DEFAULT '0',
  `pending_receipt` tinyint(1) NOT NULL DEFAULT '0',
  `enclosed` tinyint(1) NOT NULL DEFAULT '0',
  `color` varchar(32) DEFAULT NULL,
  PRIMARY KEY (`id_supply_order_state`)
) ENGINE=InnoDB AUTO_INCREMENT=7 DEFAULT CHARSET=utf8;

--
-- Dumping data for table `ps_supply_order_state`
--

INSERT INTO `ps_supply_order_state` (`id_supply_order_state`, `delivery_note`, `editable`, `receipt_state`, `pending_receipt`, `enclosed`, `color`) VALUES (1,0,1,0,0,0,'#faab00'),(2,1,0,0,0,0,'#273cff'),(3,0,0,0,1,0,'#ff37f5'),(4,0,0,1,1,0,'#ff3e33'),(5,0,0,1,0,1,'#00d60c'),(6,0,0,0,0,1,'#666666');

--
-- Table structure for table `ps_supply_order_state_lang`
--

CREATE TABLE `ps_supply_order_state_lang` (
  `id_supply_order_state` int(11) unsigned NOT NULL,
  `id_lang` int(11) unsigned NOT NULL,
  `name` varchar(128) DEFAULT NULL,
  PRIMARY KEY (`id_supply_order_state`,`id_lang`)
) ENGINE=InnoDB DEFAULT CHARSET=utf8;

--
-- Dumping data for table `ps_supply_order_state_lang`
--

INSERT INTO `ps_supply_order_state_lang` (`id_supply_order_state`, `id_lang`, `name`) VALUES (1,1,'1 - Creation in progress'),(1,2,'1 - Creation in progress'),(1,3,'1 - Creation in progress'),(2,1,'2 - Order validated'),(2,2,'2 - Order validated'),(2,3,'2 - Order validated'),(3,1,'3 - Pending receipt'),(3,2,'3 - Pending receipt'),(3,3,'3 - Pending receipt'),(4,1,'4 - Order received in part'),(4,2,'4 - Order received in part'),(4,3,'4 - Order received in part'),(5,1,'5 - Order received completely'),(5,2,'5 - Order received completely'),(5,3,'5 - Order received completely'),(6,1,'6 - Order canceled'),(6,2,'6 - Order canceled'),(6,3,'6 - Order canceled');

--
-- Table structure for table `ps_tab`
--

CREATE TABLE `ps_tab` (
  `id_tab` int(10) unsigned NOT NULL AUTO_INCREMENT,
  `id_parent` int(11) NOT NULL,
  `class_name` varchar(64) NOT NULL,
  `module` varchar(64) DEFAULT NULL,
  `position` int(10) unsigned NOT NULL,
  `active` tinyint(1) NOT NULL DEFAULT '1',
  PRIMARY KEY (`id_tab`),
  KEY `class_name` (`class_name`),
  KEY `id_parent` (`id_parent`)
) ENGINE=InnoDB AUTO_INCREMENT=103 DEFAULT CHARSET=utf8;

--
-- Dumping data for table `ps_tab`
--

INSERT INTO `ps_tab` (`id_tab`, `id_parent`, `class_name`, `module`, `position`, `active`) VALUES (1,-1,'AdminHome','',0,1),(2,-1,'AdminCms','',1,1),(3,-1,'AdminCmsCategories','',2,1),(4,-1,'AdminAttributeGenerator','',3,1),(5,-1,'AdminSearch','',4,1),(6,-1,'AdminLogin','',5,1),(7,-1,'AdminShop','',6,1),(8,-1,'AdminShopUrl','',7,1),(9,0,'AdminCatalog','',0,1),(10,0,'AdminParentOrders','',1,1),(11,0,'AdminParentCustomer','',2,1),(12,0,'AdminPriceRule','',3,1),(13,0,'AdminParentShipping','',4,1),(14,0,'AdminParentLocalization','',5,1),(15,0,'AdminParentModules','',6,1),(16,0,'AdminParentPreferences','',7,1),(17,0,'AdminTools','',8,1),(18,0,'AdminAdmin','',9,1),(19,0,'AdminParentStats','',10,1),(20,0,'AdminStock','',11,1),(21,9,'AdminProducts','',0,1),(22,9,'AdminCategories','',1,1),(23,9,'AdminTracking','',2,1),(24,9,'AdminAttributesGroups','',3,1),(25,9,'AdminFeatures','',4,1),(26,9,'AdminManufacturers','',5,1),(27,9,'AdminSuppliers','',6,1),(28,9,'AdminScenes','',7,1),(29,9,'AdminTags','',8,1),(30,9,'AdminAttachments','',9,1),(31,10,'AdminOrders','',0,1),(32,10,'AdminInvoices','',1,1),(33,10,'AdminReturn','',2,1),(34,10,'AdminDeliverySlip','',3,1),(35,10,'AdminSlip','',4,1),(36,10,'AdminStatuses','',5,1),(37,10,'AdminOrderMessage','',6,1),(38,11,'AdminCustomers','',0,1),(39,11,'AdminAddresses','',1,1),(40,11,'AdminGroups','',2,1),(41,11,'AdminCarts','',3,1),(42,11,'AdminCustomerThreads','',4,1),(43,11,'AdminContacts','',5,1),(44,11,'AdminGenders','',6,1),(45,11,'AdminOutstanding','',7,0),(46,12,'AdminCartRules','',0,1),(47,12,'AdminSpecificPriceRule','',1,1),(48,12,'AdminMarketing','',2,1),(49,13,'AdminShipping','',0,1),(50,13,'AdminCarriers','',1,1),(51,13,'AdminCarrierWizard',NULL,2,1),(52,14,'AdminLocalization','',0,1),(53,14,'AdminLanguages','',1,1),(54,14,'AdminZones','',2,1),(55,14,'AdminCountries','',3,1),(56,14,'AdminStates','',4,1),(57,14,'AdminCurrencies','',5,1),(58,14,'AdminTaxes','',6,1),(59,14,'AdminTaxRulesGroup','',7,1),(60,14,'AdminTranslations','',8,1),(61,15,'AdminModules','',0,1),(62,15,'AdminAddonsCatalog','',1,1),(63,15,'AdminModulesPositions','',2,1),(64,15,'AdminPayment','',3,1),(65,16,'AdminPreferences','',0,1),(66,16,'AdminOrderPreferences','',1,1),(67,16,'AdminPPreferences','',2,1),(68,16,'AdminCustomerPreferences','',3,1),(69,16,'AdminThemes','',4,1),(70,16,'AdminMeta','',5,1),(71,16,'AdminCmsContent','',6,1),(72,16,'AdminImages','',7,1),(73,16,'AdminStores','',8,1),(74,16,'AdminSearchConf','',9,1),(75,16,'AdminMaintenance','',10,1),(76,16,'AdminGeolocation','',11,1),(77,17,'AdminInformation','',0,1),(78,17,'AdminPerformance','',1,1),(79,17,'AdminEmails','',2,1),(80,17,'AdminShopGroup','',3,0),(81,17,'AdminImport','',4,1),(82,17,'AdminBackup','',5,1),(83,17,'AdminRequestSql','',6,1),(84,17,'AdminLogs','',7,1),(85,17,'AdminWebservice','',8,1),(86,18,'AdminAdminPreferences','',0,1),(87,18,'AdminQuickAccesses','',1,1),(88,18,'AdminEmployees','',2,1),(89,18,'AdminProfiles','',3,1),(90,18,'AdminAccess','',4,1),(91,18,'AdminTabs','',5,1),(92,19,'AdminStats','',0,1),(93,19,'AdminSearchEngines','',1,1),(94,19,'AdminReferrers','',2,1),(95,20,'AdminWarehouses','',0,1),(96,20,'AdminStockManagement','',1,1),(97,20,'AdminStockMvt','',2,1),(98,20,'AdminStockInstantState','',3,1),(99,20,'AdminStockCover','',4,1),(100,20,'AdminSupplyOrders','',5,1),(101,20,'AdminStockConfiguration','',6,1),(102,18,'AdminGamification','gamification',6,1);

--
-- Table structure for table `ps_tab_advice`
--

CREATE TABLE `ps_tab_advice` (
  `id_tab` int(11) NOT NULL,
  `id_advice` int(11) NOT NULL,
  PRIMARY KEY (`id_tab`,`id_advice`)
) ENGINE=InnoDB DEFAULT CHARSET=utf8;

--
-- Dumping data for table `ps_tab_advice`
--

INSERT INTO `ps_tab_advice` (`id_tab`, `id_advice`) VALUES (21,2),(21,3),(21,6),(21,7),(22,2),(22,6),(32,2),(32,6),(38,4),(38,8),(52,1),(52,5),(70,3),(70,7),(73,2),(73,6);

--
-- Table structure for table `ps_tab_lang`
--

CREATE TABLE `ps_tab_lang` (
  `id_tab` int(10) unsigned NOT NULL,
  `id_lang` int(10) unsigned NOT NULL,
  `name` varchar(32) DEFAULT NULL,
  PRIMARY KEY (`id_tab`,`id_lang`)
) ENGINE=InnoDB DEFAULT CHARSET=utf8;

--
-- Dumping data for table `ps_tab_lang`
--

INSERT INTO `ps_tab_lang` (`id_tab`, `id_lang`, `name`) VALUES (1,1,'Home'),(1,2,'Home'),(1,3,'Beranda'),(2,1,'CMS Pages'),(2,2,'CMS Pages'),(2,3,'Halaman CMS'),(3,1,'CMS Categories'),(3,2,'CMS Categories'),(3,3,'Kategori CMS'),(4,1,'Combinations Generator'),(4,2,'Combinations Generator'),(4,3,'Pembuat kombinasi'),(5,1,'Search'),(5,2,'Search'),(5,3,'Cari'),(6,1,'Login'),(6,2,'Login'),(6,3,'Login'),(7,1,'Shops'),(7,2,'Shops'),(7,3,'Toko'),(8,1,'Shop URLs'),(8,2,'Shop URLs'),(8,3,'URL toko'),(9,1,'Catalog'),(9,2,'Catalog'),(9,3,'Katalog'),(10,1,'Orders'),(10,2,'Orders'),(10,3,'Penjualan'),(11,1,'Customers'),(11,2,'Customers'),(11,3,'Pelanggan'),(12,1,'Price Rules'),(12,2,'Price Rules'),(12,3,'Aturan harga'),(13,1,'Shipping'),(13,2,'Shipping'),(13,3,'Pengiriman barang'),(14,1,'Localization'),(14,2,'Localization'),(14,3,'Lokalisasi'),(15,1,'Modules'),(15,2,'Modules'),(15,3,'Modul'),(16,1,'Preferences'),(16,2,'Preferences'),(16,3,'Preferences'),(17,1,'Advanced Parameters'),(17,2,'Advanced Parameters'),(17,3,'Advanced Parameters'),(18,1,'Administration'),(18,2,'Administration'),(18,3,'Administrasi'),(19,1,'Stats'),(19,2,'Stats'),(19,3,'Statistik'),(20,1,'Stock'),(20,2,'Stock'),(20,3,'Stok'),(21,1,'Products'),(21,2,'Products'),(21,3,'Produk'),(22,1,'Categories'),(22,2,'Categories'),(22,3,'Kategori'),(23,1,'Monitoring'),(23,2,'Monitoring'),(23,3,'Monitoring'),(24,1,'Attributes and Values'),(24,2,'Attributes and Values'),(24,3,'Atribut dan Nilai'),(25,1,'Features'),(25,2,'Features'),(25,3,'Fitur'),(26,1,'Manufacturers'),(26,2,'Manufacturers'),(26,3,'Produsen'),(27,1,'Suppliers'),(27,2,'Suppliers'),(27,3,'Supplier'),(28,1,'Image Mapping'),(28,2,'Image Mapping'),(28,3,'Image Mapping'),(29,1,'Tags'),(29,2,'Tags'),(29,3,'Tag'),(30,1,'Attachments'),(30,2,'Attachments'),(30,3,'Lampiran'),(31,1,'Orders'),(31,2,'Orders'),(31,3,'Penjualan'),(32,1,'Invoices'),(32,2,'Invoices'),(32,3,'Invoice'),(33,1,'Merchandise Returns'),(33,2,'Merchandise Returns'),(33,3,'Retur barang'),(34,1,'Delivery Slips'),(34,2,'Delivery Slips'),(34,3,'Slip pengiriman'),(35,1,'Credit Slips'),(35,2,'Credit Slips'),(35,3,'Nota kredit'),(36,1,'Statuses'),(36,2,'Statuses'),(36,3,'Status'),(37,1,'Order Messages'),(37,2,'Order Messages'),(37,3,'Pesan dari pelanggan'),(38,1,'Customers'),(38,2,'Customers'),(38,3,'Pelanggan'),(39,1,'Addresses'),(39,2,'Addresses'),(39,3,'Alamat'),(40,1,'Groups'),(40,2,'Groups'),(40,3,'Grup'),(41,1,'Shopping Carts'),(41,2,'Shopping Carts'),(41,3,'Keranjang belanja'),(42,1,'Customer Service'),(42,2,'Customer Service'),(42,3,'Layanan pelanggan'),(43,1,'Contacts'),(43,2,'Contacts'),(43,3,'Kontak'),(44,1,'Titles'),(44,2,'Titles'),(44,3,'Judul'),(45,1,'Outstanding'),(45,2,'Outstanding'),(45,3,'Outstanding'),(46,1,'Cart Rules'),(46,2,'Cart Rules'),(46,3,'Aturan harga'),(47,1,'Catalog Price Rules'),(47,2,'Catalog Price Rules'),(47,3,'Aturan harga produk'),(48,1,'Marketing'),(48,2,'Marketing'),(48,3,'Marketing'),(49,1,'Shipping'),(49,2,'Shipping'),(49,3,'Pengiriman barang'),(50,1,'Carriers'),(50,2,'Carriers'),(50,3,'Kurir'),(51,1,NULL),(51,2,NULL),(51,3,NULL),(52,1,'Localization'),(52,2,'Localization'),(52,3,'Lokalisasi'),(53,1,'Languages'),(53,2,'Languages'),(53,3,'Bahasa'),(54,1,'Zones'),(54,2,'Zones'),(54,3,'Zona'),(55,1,'Countries'),(55,2,'Countries'),(55,3,'Negara'),(56,1,'States'),(56,2,'States'),(56,3,'Propinsi'),(57,1,'Currencies'),(57,2,'Currencies'),(57,3,'Mata uang'),(58,1,'Taxes'),(58,2,'Taxes'),(58,3,'Pajak'),(59,1,'Tax Rules'),(59,2,'Tax Rules'),(59,3,'Aturan pajak'),(60,1,'Translations'),(60,2,'Translations'),(60,3,'Alih bahasa'),(61,1,'Modules'),(61,2,'Modules'),(61,3,'Modul'),(62,1,'Modules & Themes Catalog'),(62,2,'Modules & Themes Catalog'),(62,3,'Katalog modul & theme'),(63,1,'Positions'),(63,2,'Positions'),(63,3,'Posisi'),(64,1,'Payment'),(64,2,'Payment'),(64,3,'Pembayaran'),(65,1,'General'),(65,2,'General'),(65,3,'Umum'),(66,1,'Orders'),(66,2,'Orders'),(66,3,'Penjualan'),(67,1,'Products'),(67,2,'Products'),(67,3,'Produk'),(68,1,'Customers'),(68,2,'Customers'),(68,3,'Customers'),(69,1,'Themes'),(69,2,'Themes'),(69,3,'Theme'),(70,1,'SEO & URLs'),(70,2,'SEO & URLs'),(70,3,'SEO & URL'),(71,1,'CMS'),(71,2,'CMS'),(71,3,'CMS'),(72,1,'Images'),(72,2,'Images'),(72,3,'Gambar'),(73,1,'Store Contacts'),(73,2,'Store Contacts'),(73,3,'Kontak toko'),(74,1,'Search'),(74,2,'Search'),(74,3,'Cari'),(75,1,'Maintenance'),(75,2,'Maintenance'),(75,3,'Pemeliharaan'),(76,1,'Geolocation'),(76,2,'Geolocation'),(76,3,'Geolocation'),(77,1,'Configuration Information'),(77,2,'Configuration Information'),(77,3,'Informasi konfigurasi'),(78,1,'Performance'),(78,2,'Performance'),(78,3,'Performance'),(79,1,'E-mail'),(79,2,'E-mail'),(79,3,'E-mail'),(80,1,'Multistore'),(80,2,'Multistore'),(80,3,'Multistore'),(81,1,'CSV Import'),(81,2,'CSV Import'),(81,3,'Impor CSV'),(82,1,'DB Backup'),(82,2,'DB Backup'),(82,3,'Backup Database'),(83,1,'SQL Manager'),(83,2,'SQL Manager'),(83,3,'SQL Manager'),(84,1,'Logs'),(84,2,'Logs'),(84,3,'Log'),(85,1,'Webservice'),(85,2,'Webservice'),(85,3,'Webservice'),(86,1,'Preferences'),(86,2,'Preferences'),(86,3,'Preferensi'),(87,1,'Quick Access'),(87,2,'Quick Access'),(87,3,'Akses cepat'),(88,1,'Employees'),(88,2,'Employees'),(88,3,'Staf'),(89,1,'Profiles'),(89,2,'Profiles'),(89,3,'Profil'),(90,1,'Permissions'),(90,2,'Permissions'),(90,3,'Hak akses'),(91,1,'Menus'),(91,2,'Menus'),(91,3,'Menu'),(92,1,'Stats'),(92,2,'Stats'),(92,3,'Statistik'),(93,1,'Search Engines'),(93,2,'Search Engines'),(93,3,'Mesin pencari'),(94,1,'Referrers'),(94,2,'Referrers'),(94,3,'Referrer'),(95,1,'Warehouses'),(95,2,'Warehouses'),(95,3,'Gudang'),(96,1,'Stock Management'),(96,2,'Stock Management'),(96,3,'Manajemen stok'),(97,1,'Stock Movement'),(97,2,'Stock Movement'),(97,3,'Pergerakan stok'),(98,1,'Instant Stock Status'),(98,2,'Instant Stock Status'),(98,3,'Status Instant stock'),(99,1,'Stock Coverage'),(99,2,'Stock Coverage'),(99,3,'Lingkup stok'),(100,1,'Supply orders'),(100,2,'Supply orders'),(100,3,'Supply order'),(101,1,'Configuration'),(101,2,'Configuration'),(101,3,'Konfigurasi'),(102,1,'Merchant Expertise'),(102,2,'Merchant Expertise'),(102,3,'Merchant Expertise');

--
-- Table structure for table `ps_tab_module_preference`
--

CREATE TABLE `ps_tab_module_preference` (
  `id_tab_module_preference` int(11) NOT NULL AUTO_INCREMENT,
  `id_employee` int(11) NOT NULL,
  `id_tab` int(11) NOT NULL,
  `module` varchar(255) NOT NULL,
  PRIMARY KEY (`id_tab_module_preference`),
  UNIQUE KEY `employee_module` (`id_employee`,`id_tab`,`module`)
) ENGINE=InnoDB DEFAULT CHARSET=utf8;

--
-- Dumping data for table `ps_tab_module_preference`
--


--
-- Table structure for table `ps_tag`
--

CREATE TABLE `ps_tag` (
  `id_tag` int(10) unsigned NOT NULL AUTO_INCREMENT,
  `id_lang` int(10) unsigned NOT NULL,
  `name` varchar(32) NOT NULL,
  PRIMARY KEY (`id_tag`),
  KEY `tag_name` (`name`),
  KEY `id_lang` (`id_lang`)
) ENGINE=InnoDB AUTO_INCREMENT=7 DEFAULT CHARSET=utf8;

--
-- Dumping data for table `ps_tag`
--

INSERT INTO `ps_tag` (`id_tag`, `id_lang`, `name`) VALUES (1,1,'apple'),(2,1,'ipod'),(3,1,'nano'),(4,1,'superdrive'),(5,1,'Ipod touch'),(6,1,'shuffle');

--
-- Table structure for table `ps_tax`
--

CREATE TABLE `ps_tax` (
  `id_tax` int(10) unsigned NOT NULL AUTO_INCREMENT,
  `rate` decimal(10,3) NOT NULL,
  `active` tinyint(1) unsigned NOT NULL DEFAULT '1',
  `deleted` tinyint(1) unsigned NOT NULL DEFAULT '0',
  PRIMARY KEY (`id_tax`)
) ENGINE=InnoDB AUTO_INCREMENT=55 DEFAULT CHARSET=utf8;

--
-- Dumping data for table `ps_tax`
--

INSERT INTO `ps_tax` (`id_tax`, `rate`, `active`, `deleted`) VALUES (1,4.000,1,0),(2,0.000,1,0),(3,6.600,1,0),(4,6.000,1,0),(5,8.250,1,0),(6,2.900,1,0),(7,0.000,1,0),(8,0.000,1,0),(9,6.000,1,0),(10,4.000,1,0),(11,4.000,1,0),(12,6.000,1,0),(13,6.250,1,0),(14,7.000,1,0),(15,6.000,1,0),(16,5.300,1,0),(17,6.000,1,0),(18,4.000,1,0),(19,5.000,1,0),(20,6.000,1,0),(21,6.250,1,0),(22,6.000,1,0),(23,6.875,1,0),(24,7.000,1,0),(25,4.225,1,0),(26,0.000,1,0),(27,5.500,1,0),(28,6.850,1,0),(29,0.000,1,0),(30,7.000,1,0),(31,5.125,1,0),(32,4.000,1,0),(33,5.500,1,0),(34,5.000,1,0),(35,5.500,1,0),(36,4.500,1,0),(37,0.000,1,0),(38,6.000,1,0),(39,7.000,1,0),(40,6.000,1,0),(41,4.000,1,0),(42,7.000,1,0),(43,6.250,1,0),(44,4.750,1,0),(45,6.000,1,0),(46,4.000,1,0),(47,6.500,1,0),(48,6.000,1,0),(49,5.000,1,0),(50,4.000,1,0),(51,5.500,1,0),(52,6.000,1,0),(53,10.000,1,0),(54,5.000,1,0);

--
-- Table structure for table `ps_tax_lang`
--

CREATE TABLE `ps_tax_lang` (
  `id_tax` int(10) unsigned NOT NULL,
  `id_lang` int(10) unsigned NOT NULL,
  `name` varchar(32) NOT NULL,
  PRIMARY KEY (`id_tax`,`id_lang`)
) ENGINE=InnoDB DEFAULT CHARSET=utf8;

--
-- Dumping data for table `ps_tax_lang`
--

INSERT INTO `ps_tax_lang` (`id_tax`, `id_lang`, `name`) VALUES (1,1,'Sales-taxes US-AL 4%'),(1,2,'Sales-taxes US-AL 4%'),(1,3,'Sales-taxes US-AL 4%'),(2,1,'Sales-taxes US-AK 0%'),(2,2,'Sales-taxes US-AK 0%'),(2,3,'Sales-taxes US-AK 0%'),(3,1,'Sales-taxes US-AZ 6.6%'),(3,2,'Sales-taxes US-AZ 6.6%'),(3,3,'Sales-taxes US-AZ 6.6%'),(4,1,'Sales-taxes US-AR 6%'),(4,2,'Sales-taxes US-AR 6%'),(4,3,'Sales-taxes US-AR 6%'),(5,1,'Sales-taxes US-CA 8.25%'),(5,2,'Sales-taxes US-CA 8.25%'),(5,3,'Sales-taxes US-CA 8.25%'),(6,1,'Sales-taxes US-CO 2.9%'),(6,2,'Sales-taxes US-CO 2.9%'),(6,3,'Sales-taxes US-CO 2.9%'),(7,1,'Sales-taxes US-CT 0%'),(7,2,'Sales-taxes US-CT 0%'),(7,3,'Sales-taxes US-CT 0%'),(8,1,'Sales-taxes US-DE 0%'),(8,2,'Sales-taxes US-DE 0%'),(8,3,'Sales-taxes US-DE 0%'),(9,1,'Sales-taxes US-FL 6%'),(9,2,'Sales-taxes US-FL 6%'),(9,3,'Sales-taxes US-FL 6%'),(10,1,'Sales-taxes US-GA 4%'),(10,2,'Sales-taxes US-GA 4%'),(10,3,'Sales-taxes US-GA 4%'),(11,1,'Sales-taxes US-HI 4%'),(11,2,'Sales-taxes US-HI 4%'),(11,3,'Sales-taxes US-HI 4%'),(12,1,'Sales-taxes US-ID 6%'),(12,2,'Sales-taxes US-ID 6%'),(12,3,'Sales-taxes US-ID 6%'),(13,1,'Sales-taxes US-IL 6.25%'),(13,2,'Sales-taxes US-IL 6.25%'),(13,3,'Sales-taxes US-IL 6.25%'),(14,1,'Sales-taxes US-IN 7%'),(14,2,'Sales-taxes US-IN 7%'),(14,3,'Sales-taxes US-IN 7%'),(15,1,'Sales-taxes US-IA 6%'),(15,2,'Sales-taxes US-IA 6%'),(15,3,'Sales-taxes US-IA 6%'),(16,1,'Sales-taxes US-KS 5.3%'),(16,2,'Sales-taxes US-KS 5.3%'),(16,3,'Sales-taxes US-KS 5.3%'),(17,1,'Sales-taxes US-KY 6%'),(17,2,'Sales-taxes US-KY 6%'),(17,3,'Sales-taxes US-KY 6%'),(18,1,'Sales-taxes US-LA 4%'),(18,2,'Sales-taxes US-LA 4%'),(18,3,'Sales-taxes US-LA 4%'),(19,1,'Sales-taxes US-ME 5%'),(19,2,'Sales-taxes US-ME 5%'),(19,3,'Sales-taxes US-ME 5%'),(20,1,'Sales-taxes US-MD 6%'),(20,2,'Sales-taxes US-MD 6%'),(20,3,'Sales-taxes US-MD 6%'),(21,1,'Sales-taxes US-MA 6.25%'),(21,2,'Sales-taxes US-MA 6.25%'),(21,3,'Sales-taxes US-MA 6.25%'),(22,1,'Sales-taxes US-MI 6%'),(22,2,'Sales-taxes US-MI 6%'),(22,3,'Sales-taxes US-MI 6%'),(23,1,'Sales-taxes US-MN 6.875%'),(23,2,'Sales-taxes US-MN 6.875%'),(23,3,'Sales-taxes US-MN 6.875%'),(24,1,'Sales-taxes US-MS 7%'),(24,2,'Sales-taxes US-MS 7%'),(24,3,'Sales-taxes US-MS 7%'),(25,1,'Sales-taxes US-MO 4.225%'),(25,2,'Sales-taxes US-MO 4.225%'),(25,3,'Sales-taxes US-MO 4.225%'),(26,1,'Sales-taxes US-MT 0.0%'),(26,2,'Sales-taxes US-MT 0.0%'),(26,3,'Sales-taxes US-MT 0.0%'),(27,1,'Sales-taxes US-NE 5.5%'),(27,2,'Sales-taxes US-NE 5.5%'),(27,3,'Sales-taxes US-NE 5.5%'),(28,1,'Sales-taxes US-NV 6.85%'),(28,2,'Sales-taxes US-NV 6.85%'),(28,3,'Sales-taxes US-NV 6.85%'),(29,1,'Sales-taxes US-NH 0%'),(29,2,'Sales-taxes US-NH 0%'),(29,3,'Sales-taxes US-NH 0%'),(30,1,'Sales-taxes US-NJ 7%'),(30,2,'Sales-taxes US-NJ 7%'),(30,3,'Sales-taxes US-NJ 7%'),(31,1,'Sales-taxes US-NM 5.125%'),(31,2,'Sales-taxes US-NM 5.125%'),(31,3,'Sales-taxes US-NM 5.125%'),(32,1,'Sales-taxes US-NY 4%'),(32,2,'Sales-taxes US-NY 4%'),(32,3,'Sales-taxes US-NY 4%'),(33,1,'Sales-taxes US-NC 5.5%'),(33,2,'Sales-taxes US-NC 5.5%'),(33,3,'Sales-taxes US-NC 5.5%'),(34,1,'Sales-taxes US-ND 5%'),(34,2,'Sales-taxes US-ND 5%'),(34,3,'Sales-taxes US-ND 5%'),(35,1,'Sales-taxes US-OH 5.5%'),(35,2,'Sales-taxes US-OH 5.5%'),(35,3,'Sales-taxes US-OH 5.5%'),(36,1,'Sales-taxes US-OK 4.5%'),(36,2,'Sales-taxes US-OK 4.5%'),(36,3,'Sales-taxes US-OK 4.5%'),(37,1,'Sales-taxes US-OR 0%'),(37,2,'Sales-taxes US-OR 0%'),(37,3,'Sales-taxes US-OR 0%'),(38,1,'Sales-taxes US-PA 6%'),(38,2,'Sales-taxes US-PA 6%'),(38,3,'Sales-taxes US-PA 6%'),(39,1,'Sales-taxes US-RI 7%'),(39,2,'Sales-taxes US-RI 7%'),(39,3,'Sales-taxes US-RI 7%'),(40,1,'Sales-taxes US-SC 6%'),(40,2,'Sales-taxes US-SC 6%'),(40,3,'Sales-taxes US-SC 6%'),(41,1,'Sales-taxes US-SD 4%'),(41,2,'Sales-taxes US-SD 4%'),(41,3,'Sales-taxes US-SD 4%'),(42,1,'Sales-taxes US-TN 7%'),(42,2,'Sales-taxes US-TN 7%'),(42,3,'Sales-taxes US-TN 7%'),(43,1,'Sales-taxes US-TX 6.25%'),(43,2,'Sales-taxes US-TX 6.25%'),(43,3,'Sales-taxes US-TX 6.25%'),(44,1,'Sales-taxes US-UT 4.75%'),(44,2,'Sales-taxes US-UT 4.75%'),(44,3,'Sales-taxes US-UT 4.75%'),(45,1,'Sales-taxes US-VT 6%'),(45,2,'Sales-taxes US-VT 6%'),(45,3,'Sales-taxes US-VT 6%'),(46,1,'Sales-taxes US-VA 4%'),(46,2,'Sales-taxes US-VA 4%'),(46,3,'Sales-taxes US-VA 4%'),(47,1,'Sales-taxes US-WA 6.5%'),(47,2,'Sales-taxes US-WA 6.5%'),(47,3,'Sales-taxes US-WA 6.5%'),(48,1,'Sales-taxes US-WV 6%'),(48,2,'Sales-taxes US-WV 6%'),(48,3,'Sales-taxes US-WV 6%'),(49,1,'Sales-taxes US-WI 5%'),(49,2,'Sales-taxes US-WI 5%'),(49,3,'Sales-taxes US-WI 5%'),(50,1,'Sales-taxes US-WY 4%'),(50,2,'Sales-taxes US-WY 4%'),(50,3,'Sales-taxes US-WY 4%'),(51,1,'Sales-taxes US-PR 5.5%'),(51,2,'Sales-taxes US-PR 5.5%'),(51,3,'Sales-taxes US-PR 5.5%'),(52,1,'Sales-taxes US-DC 6%'),(52,2,'Sales-taxes US-DC 6%'),(52,3,'Sales-taxes US-DC 6%'),(53,1,'PPN ID 10%'),(53,3,'PPN ID 10%'),(54,1,'PPN ID 5%'),(54,3,'PPN ID 5%');

--
-- Table structure for table `ps_tax_rule`
--

CREATE TABLE `ps_tax_rule` (
  `id_tax_rule` int(11) NOT NULL AUTO_INCREMENT,
  `id_tax_rules_group` int(11) NOT NULL,
  `id_country` int(11) NOT NULL,
  `id_state` int(11) NOT NULL,
  `zipcode_from` varchar(12) NOT NULL,
  `zipcode_to` varchar(12) NOT NULL,
  `id_tax` int(11) NOT NULL,
  `behavior` int(11) NOT NULL,
  `description` varchar(100) NOT NULL,
  PRIMARY KEY (`id_tax_rule`),
  KEY `id_tax_rules_group` (`id_tax_rules_group`),
  KEY `id_tax` (`id_tax`),
  KEY `category_getproducts` (`id_tax_rules_group`,`id_country`,`id_state`,`zipcode_from`)
) ENGINE=InnoDB AUTO_INCREMENT=55 DEFAULT CHARSET=utf8;

--
-- Dumping data for table `ps_tax_rule`
--

INSERT INTO `ps_tax_rule` (`id_tax_rule`, `id_tax_rules_group`, `id_country`, `id_state`, `zipcode_from`, `zipcode_to`, `id_tax`, `behavior`, `description`) VALUES (1,1,21,1,'0','0',1,1,''),(2,2,21,2,'0','0',2,1,''),(3,3,21,3,'0','0',3,1,''),(4,4,21,4,'0','0',4,1,''),(5,5,21,5,'0','0',5,1,''),(6,6,21,6,'0','0',6,1,''),(7,7,21,7,'0','0',7,1,''),(8,8,21,8,'0','0',8,1,''),(9,9,21,9,'0','0',9,1,''),(10,10,21,10,'0','0',10,1,''),(11,11,21,11,'0','0',11,1,''),(12,12,21,12,'0','0',12,1,''),(13,13,21,13,'0','0',13,1,''),(14,14,21,14,'0','0',14,1,''),(15,15,21,15,'0','0',15,1,''),(16,16,21,16,'0','0',16,1,''),(17,17,21,17,'0','0',17,1,''),(18,18,21,18,'0','0',18,1,''),(19,19,21,19,'0','0',19,1,''),(20,20,21,20,'0','0',20,1,''),(21,21,21,21,'0','0',21,1,''),(22,22,21,22,'0','0',22,1,''),(23,23,21,23,'0','0',23,1,''),(24,24,21,24,'0','0',24,1,''),(25,25,21,25,'0','0',25,1,''),(26,26,21,26,'0','0',26,1,''),(27,27,21,27,'0','0',27,1,''),(28,28,21,28,'0','0',28,1,''),(29,29,21,29,'0','0',29,1,''),(30,30,21,30,'0','0',30,1,''),(31,31,21,31,'0','0',31,1,''),(32,32,21,32,'0','0',32,1,''),(33,33,21,33,'0','0',33,1,''),(34,34,21,34,'0','0',34,1,''),(35,35,21,35,'0','0',35,1,''),(36,36,21,36,'0','0',36,1,''),(37,37,21,37,'0','0',37,1,''),(38,38,21,38,'0','0',38,1,''),(39,39,21,39,'0','0',39,1,''),(40,40,21,40,'0','0',40,1,''),(41,41,21,41,'0','0',41,1,''),(42,42,21,42,'0','0',42,1,''),(43,43,21,43,'0','0',43,1,''),(44,44,21,44,'0','0',44,1,''),(45,45,21,45,'0','0',45,1,''),(46,46,21,46,'0','0',46,1,''),(47,47,21,47,'0','0',47,1,''),(48,48,21,48,'0','0',48,1,''),(49,49,21,49,'0','0',49,1,''),(50,50,21,50,'0','0',50,1,''),(51,51,21,51,'0','0',51,1,''),(52,52,21,53,'0','0',52,1,''),(53,53,111,0,'0','0',53,0,''),(54,54,111,0,'0','0',54,0,'');

--
-- Table structure for table `ps_tax_rules_group`
--

CREATE TABLE `ps_tax_rules_group` (
  `id_tax_rules_group` int(11) NOT NULL AUTO_INCREMENT,
  `name` varchar(50) NOT NULL,
  `active` int(11) NOT NULL,
  PRIMARY KEY (`id_tax_rules_group`)
) ENGINE=InnoDB AUTO_INCREMENT=55 DEFAULT CHARSET=utf8;

--
-- Dumping data for table `ps_tax_rules_group`
--

INSERT INTO `ps_tax_rules_group` (`id_tax_rules_group`, `name`, `active`) VALUES (1,'US-AL Rate (4%)',1),(2,'US-AK Rate (0%)',1),(3,'US-AZ Rate (6.6%)',1),(4,'US-AR Rate (6%)',1),(5,'US-CA Rate (8.25%)',1),(6,'US-CO Rate (2.9%)',1),(7,'US-CT Rate (0%)',1),(8,'US-DE Rate (0%)',1),(9,'US-FL Rate (6%)',1),(10,'US-GA Rate (4%)',1),(11,'US-HI Rate (4%)',1),(12,'US-ID Rate (6%)',1),(13,'US-IL Rate (6.25%)',1),(14,'US-IN Rate (7%)',1),(15,'US-IA Rate (6%)',1),(16,'US-KS Rate (5.3%)',1),(17,'US-KY Rate (6%)',1),(18,'US-LA Rate (4%)',1),(19,'US-ME Rate (5%)',1),(20,'US-MD Rate (6%)',1),(21,'US-MA Rate (6.25%)',1),(22,'US-MI Rate (6%)',1),(23,'US-MN Rate (6.875%)',1),(24,'US-MS Rate (7%)',1),(25,'US-MO Rate (4.225%)',1),(26,'US-MT Rate (0%)',1),(27,'US-NE Rate (5.5%)',1),(28,'US-NV Rate (6.85%)',1),(29,'US-NH Rate (0%)',1),(30,'US-NJ Rate (7%)',1),(31,'US-NM Rate (5.125%)',1),(32,'US-NY Rate (4%)',1),(33,'US-NC Rate (5.5%)',1),(34,'US-ND Rate (5%)',1),(35,'US-OH Rate (5.5%)',1),(36,'US-OK Rate (4.5%)',1),(37,'US-OR Rate (0%)',1),(38,'US-PA Rate (6%)',1),(39,'US-RI Rate (7%)',1),(40,'US-SC Rate (6%)',1),(41,'US-SD Rate (4%)',1),(42,'US-TN Rate (7%)',1),(43,'US-TX Rate (6.25%)',1),(44,'US-UT Rate (4.75%)',1),(45,'US-VT Rate (6%)',1),(46,'US-VA Rate (4%)',1),(47,'US-WA Rate (6.5%)',1),(48,'US-WV Rate (6%)',1),(49,'US-WI Rate (5%)',1),(50,'US-WY Rate (4%)',1),(51,'US-PR Rate (5.5%)',1),(52,'US-DC Rate (6%)',1),(53,'ID Standard Rate (10%)',1),(54,'ID Reduced Rate (5%)',1);

--
-- Table structure for table `ps_tax_rules_group_shop`
--

CREATE TABLE `ps_tax_rules_group_shop` (
  `id_tax_rules_group` int(11) unsigned NOT NULL,
  `id_shop` int(11) unsigned NOT NULL,
  PRIMARY KEY (`id_tax_rules_group`,`id_shop`),
  KEY `id_shop` (`id_shop`)
) ENGINE=InnoDB DEFAULT CHARSET=utf8;

--
-- Dumping data for table `ps_tax_rules_group_shop`
--

INSERT INTO `ps_tax_rules_group_shop` (`id_tax_rules_group`, `id_shop`) VALUES (1,1),(2,1),(3,1),(4,1),(5,1),(6,1),(7,1),(8,1),(9,1),(10,1),(11,1),(12,1),(13,1),(14,1),(15,1),(16,1),(17,1),(18,1),(19,1),(20,1),(21,1),(22,1),(23,1),(24,1),(25,1),(26,1),(27,1),(28,1),(29,1),(30,1),(31,1),(32,1),(33,1),(34,1),(35,1),(36,1),(37,1),(38,1),(39,1),(40,1),(41,1),(42,1),(43,1),(44,1),(45,1),(46,1),(47,1),(48,1),(49,1),(50,1),(51,1),(52,1),(53,1),(54,1);

--
-- Table structure for table `ps_theme`
--

CREATE TABLE `ps_theme` (
  `id_theme` int(11) NOT NULL AUTO_INCREMENT,
  `name` varchar(64) NOT NULL,
  `directory` varchar(64) NOT NULL,
  PRIMARY KEY (`id_theme`)
) ENGINE=InnoDB AUTO_INCREMENT=2 DEFAULT CHARSET=utf8;

--
-- Dumping data for table `ps_theme`
--

INSERT INTO `ps_theme` (`id_theme`, `name`, `directory`) VALUES (1,'default','default');

--
-- Table structure for table `ps_theme_specific`
--

CREATE TABLE `ps_theme_specific` (
  `id_theme` int(11) unsigned NOT NULL,
  `id_shop` int(11) unsigned NOT NULL,
  `entity` int(11) unsigned NOT NULL,
  `id_object` int(11) unsigned NOT NULL,
  PRIMARY KEY (`id_theme`,`id_shop`,`entity`,`id_object`)
) ENGINE=InnoDB DEFAULT CHARSET=utf8;

--
-- Dumping data for table `ps_theme_specific`
--


--
-- Table structure for table `ps_timezone`
--

CREATE TABLE `ps_timezone` (
  `id_timezone` int(10) unsigned NOT NULL AUTO_INCREMENT,
  `name` varchar(32) NOT NULL,
  PRIMARY KEY (`id_timezone`)
) ENGINE=InnoDB AUTO_INCREMENT=561 DEFAULT CHARSET=utf8;

--
-- Dumping data for table `ps_timezone`
--

INSERT INTO `ps_timezone` (`id_timezone`, `name`) VALUES (1,'Africa/Abidjan'),(2,'Africa/Accra'),(3,'Africa/Addis_Ababa'),(4,'Africa/Algiers'),(5,'Africa/Asmara'),(6,'Africa/Asmera'),(7,'Africa/Bamako'),(8,'Africa/Bangui'),(9,'Africa/Banjul'),(10,'Africa/Bissau'),(11,'Africa/Blantyre'),(12,'Africa/Brazzaville'),(13,'Africa/Bujumbura'),(14,'Africa/Cairo'),(15,'Africa/Casablanca'),(16,'Africa/Ceuta'),(17,'Africa/Conakry'),(18,'Africa/Dakar'),(19,'Africa/Dar_es_Salaam'),(20,'Africa/Djibouti'),(21,'Africa/Douala'),(22,'Africa/El_Aaiun'),(23,'Africa/Freetown'),(24,'Africa/Gaborone'),(25,'Africa/Harare'),(26,'Africa/Johannesburg'),(27,'Africa/Kampala'),(28,'Africa/Khartoum'),(29,'Africa/Kigali'),(30,'Africa/Kinshasa'),(31,'Africa/Lagos'),(32,'Africa/Libreville'),(33,'Africa/Lome'),(34,'Africa/Luanda'),(35,'Africa/Lubumbashi'),(36,'Africa/Lusaka'),(37,'Africa/Malabo'),(38,'Africa/Maputo'),(39,'Africa/Maseru'),(40,'Africa/Mbabane'),(41,'Africa/Mogadishu'),(42,'Africa/Monrovia'),(43,'Africa/Nairobi'),(44,'Africa/Ndjamena'),(45,'Africa/Niamey'),(46,'Africa/Nouakchott'),(47,'Africa/Ouagadougou'),(48,'Africa/Porto-Novo'),(49,'Africa/Sao_Tome'),(50,'Africa/Timbuktu'),(51,'Africa/Tripoli'),(52,'Africa/Tunis'),(53,'Africa/Windhoek'),(54,'America/Adak'),(55,'America/Anchorage '),(56,'America/Anguilla'),(57,'America/Antigua'),(58,'America/Araguaina'),(59,'America/Argentina/Buenos_Aires'),(60,'America/Argentina/Catamarca'),(61,'America/Argentina/ComodRivadavia'),(62,'America/Argentina/Cordoba'),(63,'America/Argentina/Jujuy'),(64,'America/Argentina/La_Rioja'),(65,'America/Argentina/Mendoza'),(66,'America/Argentina/Rio_Gallegos'),(67,'America/Argentina/Salta'),(68,'America/Argentina/San_Juan'),(69,'America/Argentina/San_Luis'),(70,'America/Argentina/Tucuman'),(71,'America/Argentina/Ushuaia'),(72,'America/Aruba'),(73,'America/Asuncion'),(74,'America/Atikokan'),(75,'America/Atka'),(76,'America/Bahia'),(77,'America/Barbados'),(78,'America/Belem'),(79,'America/Belize'),(80,'America/Blanc-Sablon'),(81,'America/Boa_Vista'),(82,'America/Bogota'),(83,'America/Boise'),(84,'America/Buenos_Aires'),(85,'America/Cambridge_Bay'),(86,'America/Campo_Grande'),(87,'America/Cancun'),(88,'America/Caracas'),(89,'America/Catamarca'),(90,'America/Cayenne'),(91,'America/Cayman'),(92,'America/Chicago'),(93,'America/Chihuahua'),(94,'America/Coral_Harbour'),(95,'America/Cordoba'),(96,'America/Costa_Rica'),(97,'America/Cuiaba'),(98,'America/Curacao'),(99,'America/Danmarkshavn'),(100,'America/Dawson'),(101,'America/Dawson_Creek'),(102,'America/Denver'),(103,'America/Detroit'),(104,'America/Dominica'),(105,'America/Edmonton'),(106,'America/Eirunepe'),(107,'America/El_Salvador'),(108,'America/Ensenada'),(109,'America/Fort_Wayne'),(110,'America/Fortaleza'),(111,'America/Glace_Bay'),(112,'America/Godthab'),(113,'America/Goose_Bay'),(114,'America/Grand_Turk'),(115,'America/Grenada'),(116,'America/Guadeloupe'),(117,'America/Guatemala'),(118,'America/Guayaquil'),(119,'America/Guyana'),(120,'America/Halifax'),(121,'America/Havana'),(122,'America/Hermosillo'),(123,'America/Indiana/Indianapolis'),(124,'America/Indiana/Knox'),(125,'America/Indiana/Marengo'),(126,'America/Indiana/Petersburg'),(127,'America/Indiana/Tell_City'),(128,'America/Indiana/Vevay'),(129,'America/Indiana/Vincennes'),(130,'America/Indiana/Winamac'),(131,'America/Indianapolis'),(132,'America/Inuvik'),(133,'America/Iqaluit'),(134,'America/Jamaica'),(135,'America/Jujuy'),(136,'America/Juneau'),(137,'America/Kentucky/Louisville'),(138,'America/Kentucky/Monticello'),(139,'America/Knox_IN'),(140,'America/La_Paz'),(141,'America/Lima'),(142,'America/Los_Angeles'),(143,'America/Louisville'),(144,'America/Maceio'),(145,'America/Managua'),(146,'America/Manaus'),(147,'America/Marigot'),(148,'America/Martinique'),(149,'America/Mazatlan'),(150,'America/Mendoza'),(151,'America/Menominee'),(152,'America/Merida'),(153,'America/Mexico_City'),(154,'America/Miquelon'),(155,'America/Moncton'),(156,'America/Monterrey'),(157,'America/Montevideo'),(158,'America/Montreal'),(159,'America/Montserrat'),(160,'America/Nassau'),(161,'America/New_York'),(162,'America/Nipigon'),(163,'America/Nome'),(164,'America/Noronha'),(165,'America/North_Dakota/Center'),(166,'America/North_Dakota/New_Salem'),(167,'America/Panama'),(168,'America/Pangnirtung'),(169,'America/Paramaribo'),(170,'America/Phoenix'),(171,'America/Port-au-Prince'),(172,'America/Port_of_Spain'),(173,'America/Porto_Acre'),(174,'America/Porto_Velho'),(175,'America/Puerto_Rico'),(176,'America/Rainy_River'),(177,'America/Rankin_Inlet'),(178,'America/Recife'),(179,'America/Regina'),(180,'America/Resolute'),(181,'America/Rio_Branco'),(182,'America/Rosario'),(183,'America/Santarem'),(184,'America/Santiago'),(185,'America/Santo_Domingo'),(186,'America/Sao_Paulo'),(187,'America/Scoresbysund'),(188,'America/Shiprock'),(189,'America/St_Barthelemy'),(190,'America/St_Johns'),(191,'America/St_Kitts'),(192,'America/St_Lucia'),(193,'America/St_Thomas'),(194,'America/St_Vincent'),(195,'America/Swift_Current'),(196,'America/Tegucigalpa'),(197,'America/Thule'),(198,'America/Thunder_Bay'),(199,'America/Tijuana'),(200,'America/Toronto'),(201,'America/Tortola'),(202,'America/Vancouver'),(203,'America/Virgin'),(204,'America/Whitehorse'),(205,'America/Winnipeg'),(206,'America/Yakutat'),(207,'America/Yellowknife'),(208,'Antarctica/Casey'),(209,'Antarctica/Davis'),(210,'Antarctica/DumontDUrville'),(211,'Antarctica/Mawson'),(212,'Antarctica/McMurdo'),(213,'Antarctica/Palmer'),(214,'Antarctica/Rothera'),(215,'Antarctica/South_Pole'),(216,'Antarctica/Syowa'),(217,'Antarctica/Vostok'),(218,'Arctic/Longyearbyen'),(219,'Asia/Aden'),(220,'Asia/Almaty'),(221,'Asia/Amman'),(222,'Asia/Anadyr'),(223,'Asia/Aqtau'),(224,'Asia/Aqtobe'),(225,'Asia/Ashgabat'),(226,'Asia/Ashkhabad'),(227,'Asia/Baghdad'),(228,'Asia/Bahrain'),(229,'Asia/Baku'),(230,'Asia/Bangkok'),(231,'Asia/Beirut'),(232,'Asia/Bishkek'),(233,'Asia/Brunei'),(234,'Asia/Calcutta'),(235,'Asia/Choibalsan'),(236,'Asia/Chongqing'),(237,'Asia/Chungking'),(238,'Asia/Colombo'),(239,'Asia/Dacca'),(240,'Asia/Damascus'),(241,'Asia/Dhaka'),(242,'Asia/Dili'),(243,'Asia/Dubai'),(244,'Asia/Dushanbe'),(245,'Asia/Gaza'),(246,'Asia/Harbin'),(247,'Asia/Ho_Chi_Minh'),(248,'Asia/Hong_Kong'),(249,'Asia/Hovd'),(250,'Asia/Irkutsk'),(251,'Asia/Istanbul'),(252,'Asia/Jakarta'),(253,'Asia/Jayapura'),(254,'Asia/Jerusalem'),(255,'Asia/Kabul'),(256,'Asia/Kamchatka'),(257,'Asia/Karachi'),(258,'Asia/Kashgar'),(259,'Asia/Kathmandu'),(260,'Asia/Katmandu'),(261,'Asia/Kolkata'),(262,'Asia/Krasnoyarsk'),(263,'Asia/Kuala_Lumpur'),(264,'Asia/Kuching'),(265,'Asia/Kuwait'),(266,'Asia/Macao'),(267,'Asia/Macau'),(268,'Asia/Magadan'),(269,'Asia/Makassar'),(270,'Asia/Manila'),(271,'Asia/Muscat'),(272,'Asia/Nicosia'),(273,'Asia/Novosibirsk'),(274,'Asia/Omsk'),(275,'Asia/Oral'),(276,'Asia/Phnom_Penh'),(277,'Asia/Pontianak'),(278,'Asia/Pyongyang'),(279,'Asia/Qatar'),(280,'Asia/Qyzylorda'),(281,'Asia/Rangoon'),(282,'Asia/Riyadh'),(283,'Asia/Saigon'),(284,'Asia/Sakhalin'),(285,'Asia/Samarkand'),(286,'Asia/Seoul'),(287,'Asia/Shanghai'),(288,'Asia/Singapore'),(289,'Asia/Taipei'),(290,'Asia/Tashkent'),(291,'Asia/Tbilisi'),(292,'Asia/Tehran'),(293,'Asia/Tel_Aviv'),(294,'Asia/Thimbu'),(295,'Asia/Thimphu'),(296,'Asia/Tokyo'),(297,'Asia/Ujung_Pandang'),(298,'Asia/Ulaanbaatar'),(299,'Asia/Ulan_Bator'),(300,'Asia/Urumqi'),(301,'Asia/Vientiane'),(302,'Asia/Vladivostok'),(303,'Asia/Yakutsk'),(304,'Asia/Yekaterinburg'),(305,'Asia/Yerevan'),(306,'Atlantic/Azores'),(307,'Atlantic/Bermuda'),(308,'Atlantic/Canary'),(309,'Atlantic/Cape_Verde'),(310,'Atlantic/Faeroe'),(311,'Atlantic/Faroe'),(312,'Atlantic/Jan_Mayen'),(313,'Atlantic/Madeira'),(314,'Atlantic/Reykjavik'),(315,'Atlantic/South_Georgia'),(316,'Atlantic/St_Helena'),(317,'Atlantic/Stanley'),(318,'Australia/ACT'),(319,'Australia/Adelaide'),(320,'Australia/Brisbane'),(321,'Australia/Broken_Hill'),(322,'Australia/Canberra'),(323,'Australia/Currie'),(324,'Australia/Darwin'),(325,'Australia/Eucla'),(326,'Australia/Hobart'),(327,'Australia/LHI'),(328,'Australia/Lindeman'),(329,'Australia/Lord_Howe'),(330,'Australia/Melbourne'),(331,'Australia/North'),(332,'Australia/NSW'),(333,'Australia/Perth'),(334,'Australia/Queensland'),(335,'Australia/South'),(336,'Australia/Sydney'),(337,'Australia/Tasmania'),(338,'Australia/Victoria'),(339,'Australia/West'),(340,'Australia/Yancowinna'),(341,'Europe/Amsterdam'),(342,'Europe/Andorra'),(343,'Europe/Athens'),(344,'Europe/Belfast'),(345,'Europe/Belgrade'),(346,'Europe/Berlin'),(347,'Europe/Bratislava'),(348,'Europe/Brussels'),(349,'Europe/Bucharest'),(350,'Europe/Budapest'),(351,'Europe/Chisinau'),(352,'Europe/Copenhagen'),(353,'Europe/Dublin'),(354,'Europe/Gibraltar'),(355,'Europe/Guernsey'),(356,'Europe/Helsinki'),(357,'Europe/Isle_of_Man'),(358,'Europe/Istanbul'),(359,'Europe/Jersey'),(360,'Europe/Kaliningrad'),(361,'Europe/Kiev'),(362,'Europe/Lisbon'),(363,'Europe/Ljubljana'),(364,'Europe/London'),(365,'Europe/Luxembourg'),(366,'Europe/Madrid'),(367,'Europe/Malta'),(368,'Europe/Mariehamn'),(369,'Europe/Minsk'),(370,'Europe/Monaco'),(371,'Europe/Moscow'),(372,'Europe/Nicosia'),(373,'Europe/Oslo'),(374,'Europe/Paris'),(375,'Europe/Podgorica'),(376,'Europe/Prague'),(377,'Europe/Riga'),(378,'Europe/Rome'),(379,'Europe/Samara'),(380,'Europe/San_Marino'),(381,'Europe/Sarajevo'),(382,'Europe/Simferopol'),(383,'Europe/Skopje'),(384,'Europe/Sofia'),(385,'Europe/Stockholm'),(386,'Europe/Tallinn'),(387,'Europe/Tirane'),(388,'Europe/Tiraspol'),(389,'Europe/Uzhgorod'),(390,'Europe/Vaduz'),(391,'Europe/Vatican'),(392,'Europe/Vienna'),(393,'Europe/Vilnius'),(394,'Europe/Volgograd'),(395,'Europe/Warsaw'),(396,'Europe/Zagreb'),(397,'Europe/Zaporozhye'),(398,'Europe/Zurich'),(399,'Indian/Antananarivo'),(400,'Indian/Chagos'),(401,'Indian/Christmas'),(402,'Indian/Cocos'),(403,'Indian/Comoro'),(404,'Indian/Kerguelen'),(405,'Indian/Mahe'),(406,'Indian/Maldives'),(407,'Indian/Mauritius'),(408,'Indian/Mayotte'),(409,'Indian/Reunion'),(410,'Pacific/Apia'),(411,'Pacific/Auckland'),(412,'Pacific/Chatham'),(413,'Pacific/Easter'),(414,'Pacific/Efate'),(415,'Pacific/Enderbury'),(416,'Pacific/Fakaofo'),(417,'Pacific/Fiji'),(418,'Pacific/Funafuti'),(419,'Pacific/Galapagos'),(420,'Pacific/Gambier'),(421,'Pacific/Guadalcanal'),(422,'Pacific/Guam'),(423,'Pacific/Honolulu'),(424,'Pacific/Johnston'),(425,'Pacific/Kiritimati'),(426,'Pacific/Kosrae'),(427,'Pacific/Kwajalein'),(428,'Pacific/Majuro'),(429,'Pacific/Marquesas'),(430,'Pacific/Midway'),(431,'Pacific/Nauru'),(432,'Pacific/Niue'),(433,'Pacific/Norfolk'),(434,'Pacific/Noumea'),(435,'Pacific/Pago_Pago'),(436,'Pacific/Palau'),(437,'Pacific/Pitcairn'),(438,'Pacific/Ponape'),(439,'Pacific/Port_Moresby'),(440,'Pacific/Rarotonga'),(441,'Pacific/Saipan'),(442,'Pacific/Samoa'),(443,'Pacific/Tahiti'),(444,'Pacific/Tarawa'),(445,'Pacific/Tongatapu'),(446,'Pacific/Truk'),(447,'Pacific/Wake'),(448,'Pacific/Wallis'),(449,'Pacific/Yap'),(450,'Brazil/Acre'),(451,'Brazil/DeNoronha'),(452,'Brazil/East'),(453,'Brazil/West'),(454,'Canada/Atlantic'),(455,'Canada/Central'),(456,'Canada/East-Saskatchewan'),(457,'Canada/Eastern'),(458,'Canada/Mountain'),(459,'Canada/Newfoundland'),(460,'Canada/Pacific'),(461,'Canada/Saskatchewan'),(462,'Canada/Yukon'),(463,'CET'),(464,'Chile/Continental'),(465,'Chile/EasterIsland'),(466,'CST6CDT'),(467,'Cuba'),(468,'EET'),(469,'Egypt'),(470,'Eire'),(471,'EST'),(472,'EST5EDT'),(473,'Etc/GMT'),(474,'Etc/GMT+0'),(475,'Etc/GMT+1'),(476,'Etc/GMT+10'),(477,'Etc/GMT+11'),(478,'Etc/GMT+12'),(479,'Etc/GMT+2'),(480,'Etc/GMT+3'),(481,'Etc/GMT+4'),(482,'Etc/GMT+5'),(483,'Etc/GMT+6'),(484,'Etc/GMT+7'),(485,'Etc/GMT+8'),(486,'Etc/GMT+9'),(487,'Etc/GMT-0'),(488,'Etc/GMT-1'),(489,'Etc/GMT-10'),(490,'Etc/GMT-11'),(491,'Etc/GMT-12'),(492,'Etc/GMT-13'),(493,'Etc/GMT-14'),(494,'Etc/GMT-2'),(495,'Etc/GMT-3'),(496,'Etc/GMT-4'),(497,'Etc/GMT-5'),(498,'Etc/GMT-6'),(499,'Etc/GMT-7'),(500,'Etc/GMT-8'),(501,'Etc/GMT-9'),(502,'Etc/GMT0'),(503,'Etc/Greenwich'),(504,'Etc/UCT'),(505,'Etc/Universal'),(506,'Etc/UTC'),(507,'Etc/Zulu'),(508,'Factory'),(509,'GB'),(510,'GB-Eire'),(511,'GMT'),(512,'GMT+0'),(513,'GMT-0'),(514,'GMT0'),(515,'Greenwich'),(516,'Hongkong'),(517,'HST'),(518,'Iceland'),(519,'Iran'),(520,'Israel'),(521,'Jamaica'),(522,'Japan'),(523,'Kwajalein'),(524,'Libya'),(525,'MET'),(526,'Mexico/BajaNorte'),(527,'Mexico/BajaSur'),(528,'Mexico/General'),(529,'MST'),(530,'MST7MDT'),(531,'Navajo'),(532,'NZ'),(533,'NZ-CHAT'),(534,'Poland'),(535,'Portugal'),(536,'PRC'),(537,'PST8PDT'),(538,'ROC'),(539,'ROK'),(540,'Singapore'),(541,'Turkey'),(542,'UCT'),(543,'Universal'),(544,'US/Alaska'),(545,'US/Aleutian'),(546,'US/Arizona'),(547,'US/Central'),(548,'US/East-Indiana'),(549,'US/Eastern'),(550,'US/Hawaii'),(551,'US/Indiana-Starke'),(552,'US/Michigan'),(553,'US/Mountain'),(554,'US/Pacific'),(555,'US/Pacific-New'),(556,'US/Samoa'),(557,'UTC'),(558,'W-SU'),(559,'WET'),(560,'Zulu');

--
-- Table structure for table `ps_warehouse`
--

CREATE TABLE `ps_warehouse` (
  `id_warehouse` int(11) unsigned NOT NULL AUTO_INCREMENT,
  `id_currency` int(11) unsigned NOT NULL,
  `id_address` int(11) unsigned NOT NULL,
  `id_employee` int(11) unsigned NOT NULL,
  `reference` varchar(32) DEFAULT NULL,
  `name` varchar(45) NOT NULL,
  `management_type` enum('WA','FIFO','LIFO') NOT NULL DEFAULT 'WA',
  `deleted` tinyint(1) unsigned NOT NULL DEFAULT '0',
  PRIMARY KEY (`id_warehouse`)
) ENGINE=InnoDB DEFAULT CHARSET=utf8;

--
-- Dumping data for table `ps_warehouse`
--


--
-- Table structure for table `ps_warehouse_carrier`
--

CREATE TABLE `ps_warehouse_carrier` (
  `id_carrier` int(11) unsigned NOT NULL,
  `id_warehouse` int(11) unsigned NOT NULL,
  PRIMARY KEY (`id_warehouse`,`id_carrier`),
  KEY `id_warehouse` (`id_warehouse`),
  KEY `id_carrier` (`id_carrier`)
) ENGINE=InnoDB DEFAULT CHARSET=utf8;

--
-- Dumping data for table `ps_warehouse_carrier`
--


--
-- Table structure for table `ps_warehouse_product_location`
--

CREATE TABLE `ps_warehouse_product_location` (
  `id_warehouse_product_location` int(11) unsigned NOT NULL AUTO_INCREMENT,
  `id_product` int(11) unsigned NOT NULL,
  `id_product_attribute` int(11) unsigned NOT NULL,
  `id_warehouse` int(11) unsigned NOT NULL,
  `location` varchar(64) DEFAULT NULL,
  PRIMARY KEY (`id_warehouse_product_location`),
  UNIQUE KEY `id_product` (`id_product`,`id_product_attribute`,`id_warehouse`)
) ENGINE=InnoDB DEFAULT CHARSET=utf8;

--
-- Dumping data for table `ps_warehouse_product_location`
--


--
-- Table structure for table `ps_warehouse_shop`
--

CREATE TABLE `ps_warehouse_shop` (
  `id_shop` int(11) unsigned NOT NULL,
  `id_warehouse` int(11) unsigned NOT NULL,
  PRIMARY KEY (`id_warehouse`,`id_shop`),
  KEY `id_warehouse` (`id_warehouse`),
  KEY `id_shop` (`id_shop`)
) ENGINE=InnoDB DEFAULT CHARSET=utf8;

--
-- Dumping data for table `ps_warehouse_shop`
--


--
-- Table structure for table `ps_web_browser`
--

CREATE TABLE `ps_web_browser` (
  `id_web_browser` int(10) unsigned NOT NULL AUTO_INCREMENT,
  `name` varchar(64) DEFAULT NULL,
  PRIMARY KEY (`id_web_browser`)
) ENGINE=InnoDB AUTO_INCREMENT=11 DEFAULT CHARSET=utf8;

--
-- Dumping data for table `ps_web_browser`
--

INSERT INTO `ps_web_browser` (`id_web_browser`, `name`) VALUES (1,'Safari'),(2,'Safari iPad'),(3,'Firefox'),(4,'Opera'),(5,'IE 6'),(6,'IE 7'),(7,'IE 8'),(8,'IE 9'),(9,'IE 10'),(10,'Chrome');

--
-- Table structure for table `ps_webservice_account`
--

CREATE TABLE `ps_webservice_account` (
  `id_webservice_account` int(11) NOT NULL AUTO_INCREMENT,
  `key` varchar(32) NOT NULL,
  `description` text,
  `class_name` varchar(50) NOT NULL DEFAULT 'WebserviceRequest',
  `is_module` tinyint(2) NOT NULL DEFAULT '0',
  `module_name` varchar(50) DEFAULT NULL,
  `active` tinyint(2) NOT NULL,
  PRIMARY KEY (`id_webservice_account`),
  KEY `key` (`key`)
) ENGINE=InnoDB DEFAULT CHARSET=utf8;

--
-- Dumping data for table `ps_webservice_account`
--


--
-- Table structure for table `ps_webservice_account_shop`
--

CREATE TABLE `ps_webservice_account_shop` (
  `id_webservice_account` int(11) unsigned NOT NULL,
  `id_shop` int(11) unsigned NOT NULL,
  PRIMARY KEY (`id_webservice_account`,`id_shop`),
  KEY `id_shop` (`id_shop`)
) ENGINE=InnoDB DEFAULT CHARSET=utf8;

--
-- Dumping data for table `ps_webservice_account_shop`
--


--
-- Table structure for table `ps_webservice_permission`
--

CREATE TABLE `ps_webservice_permission` (
  `id_webservice_permission` int(11) NOT NULL AUTO_INCREMENT,
  `resource` varchar(50) NOT NULL,
  `method` enum('GET','POST','PUT','DELETE','HEAD') NOT NULL,
  `id_webservice_account` int(11) NOT NULL,
  PRIMARY KEY (`id_webservice_permission`),
  UNIQUE KEY `resource_2` (`resource`,`method`,`id_webservice_account`),
  KEY `resource` (`resource`),
  KEY `method` (`method`),
  KEY `id_webservice_account` (`id_webservice_account`)
) ENGINE=InnoDB DEFAULT CHARSET=utf8;

--
-- Dumping data for table `ps_webservice_permission`
--


--
-- Table structure for table `ps_zone`
--

CREATE TABLE `ps_zone` (
  `id_zone` int(10) unsigned NOT NULL AUTO_INCREMENT,
  `name` varchar(64) NOT NULL,
  `active` tinyint(1) unsigned NOT NULL DEFAULT '0',
  PRIMARY KEY (`id_zone`)
) ENGINE=InnoDB AUTO_INCREMENT=9 DEFAULT CHARSET=utf8;

--
-- Dumping data for table `ps_zone`
--

INSERT INTO `ps_zone` (`id_zone`, `name`, `active`) VALUES (1,'Europe',1),(2,'North America',1),(3,'Asia',1),(4,'Africa',1),(5,'Oceania',1),(6,'South America',1),(7,'Europe (out E.U)',1),(8,'Central America/Antilla',1);

--
-- Table structure for table `ps_zone_shop`
--

CREATE TABLE `ps_zone_shop` (
  `id_zone` int(11) unsigned NOT NULL,
  `id_shop` int(11) unsigned NOT NULL,
  PRIMARY KEY (`id_zone`,`id_shop`),
  KEY `id_shop` (`id_shop`)
) ENGINE=InnoDB DEFAULT CHARSET=utf8;

--
-- Dumping data for table `ps_zone_shop`
--

INSERT INTO `ps_zone_shop` (`id_zone`, `id_shop`) VALUES (1,1),(2,1),(3,1),(4,1),(5,1),(6,1),(7,1),(8,1);

--
-- Dumping events for database 'vinhostm_pres898'
--

--
-- Dumping routines for database 'vinhostm_pres898'
--


